Jan 26 03:24:52 wsfd-netdev34-vm-7.ntdv.lab.eng.bos.redhat.com NetworkManager[18644]: [1706257492.4602] platform-linux: delayed-action: complete wait-for-response-rtnl (seq 50301, timeout in 0.199961746, response-type 0, success)
Jan 26 03:24:52 wsfd-netdev34-vm-7.ntdv.lab.eng.bos.redhat.com pluto[284486]: "cf362a1a-d5df-467c-a748-184e5fb91dcd" #12: prepare-client output: nm-libreswan-helper[285019,285061]: environment: PLUTO_PEER_DOMAIN_INFO=
Jan 26 03:24:52 wsfd-netdev34-vm-7.ntdv.lab.eng.bos.redhat.com NetworkManager[18644]: [1706257492.4602] platform-linux: delayed-action: schedule wait-for-response-rtnl (seq 50302, timeout in 0.199998652, response-type 0)
Jan 26 03:24:52 wsfd-netdev34-vm-7.ntdv.lab.eng.bos.redhat.com pluto[284486]: "cf362a1a-d5df-467c-a748-184e5fb91dcd" #12: prepare-client output: nm-libreswan-helper[285019,285061]: environment: VTI_ROUTING=no
Jan 26 03:24:52 wsfd-netdev34-vm-7.ntdv.lab.eng.bos.redhat.com NetworkManager[18644]: [1706257492.4602] platform-linux: delayed-action: handle wait-for-response-rtnl (any)
Jan 26 03:24:52 wsfd-netdev34-vm-7.ntdv.lab.eng.bos.redhat.com pluto[284486]: "cf362a1a-d5df-467c-a748-184e5fb91dcd" #12: prepare-client output: nm-libreswan-helper[285019,285061]: environment: PLUTO_XFRMI_FWMARK=9/0xffffffff
Jan 26 03:24:52 wsfd-netdev34-vm-7.ntdv.lab.eng.bos.redhat.com NetworkManager[18644]: [1706257492.4602] platform-linux: rtnl: recvmsg: new message RTM_NEWLINK, flags 0, seq 50302
Jan 26 03:24:52 wsfd-netdev34-vm-7.ntdv.lab.eng.bos.redhat.com pluto[284486]: "cf362a1a-d5df-467c-a748-184e5fb91dcd" #12: prepare-client output: nm-libreswan-helper[285019,285061]: environment: PLUTO_PEER_CA=
Jan 26 03:24:52 wsfd-netdev34-vm-7.ntdv.lab.eng.bos.redhat.com NetworkManager[18644]: [1706257492.4602] platform-linux: event-notification: RTM_NEWLINK, flags 0, seq 50302: 983: hosta_nic@other-netns mtu 1500 arp 1 veth* not-init addrgenmode none addr C2:33:06:24:71:17 brd FF:FF:FF:FF:FF:FF tx-queue-len 1000 gso-max-size 65536 gso-max-segs 65535 gro-max-size 65536 rx:97,52314 tx:129,19397
Jan 26 03:24:52 wsfd-netdev34-vm-7.ntdv.lab.eng.bos.redhat.com pluto[284486]: "cf362a1a-d5df-467c-a748-184e5fb91dcd" #12: prepare-client output: nm-libreswan-helper[285019,285061]: environment: PLUTO_CONN_POLICY=IKEv2+PSK+ENCRYPT+TUNNEL+PFS+UP+MODECFG_PULL+IKE_FRAG_ALLOW+ESN_NO+ESN_YES
Jan 26 03:24:52 wsfd-netdev34-vm-7.ntdv.lab.eng.bos.redhat.com NetworkManager[18644]: [1706257492.4603] platform-linux: update-cache-link: UPDATE: [link,000055940b35c370,3,+alive,+visible,+in-nl,000055940b4ed1c0; 983: hosta_nic@other-netns mtu 1500 arp 1 veth* init addrgenmode none addr C2:33:06:24:71:17 brd FF:FF:FF:FF:FF:FF driver veth tx-queue-len 1000 gso-max-size 65536 gso-max-segs 65535 gro-max-size 65536 rx:91,49579 tx:123,17685] -> [link,000055940b3613c0,4,+alive,+visible,+in-nl,000055940b4ed1c0; 983: hosta_nic@other-netns mtu 1500 arp 1 veth* init addrgenmode none addr C2:33:06:24:71:17 brd FF:FF:FF:FF:FF:FF driver veth tx-queue-len 1000 gso-max-size 65536 gso-max-segs 65535 gro-max-size 65536 rx:97,52314 tx:129,19397]
Jan 26 03:24:52 wsfd-netdev34-vm-7.ntdv.lab.eng.bos.redhat.com pluto[284486]: "cf362a1a-d5df-467c-a748-184e5fb91dcd" #12: prepare-client output: nm-libreswan-helper[285019,285061]: environment: PLUTO_CONNECTION=cf362a1a-d5df-467c-a748-184e5fb91dcd
Jan 26 03:24:52 wsfd-netdev34-vm-7.ntdv.lab.eng.bos.redhat.com NetworkManager[18644]: [1706257492.4603] platform: (hosta_nic) emit signal link-changed changed: 983: hosta_nic@other-netns mtu 1500 arp 1 veth* init addrgenmode none addr C2:33:06:24:71:17 brd FF:FF:FF:FF:FF:FF driver veth tx-queue-len 1000 gso-max-size 65536 gso-max-segs 65535 gro-max-size 65536 rx:97,52314 tx:129,19397
Jan 26 03:24:52 wsfd-netdev34-vm-7.ntdv.lab.eng.bos.redhat.com pluto[284486]: "cf362a1a-d5df-467c-a748-184e5fb91dcd" #12: prepare-client output: nm-libreswan-helper[285019,285061]: environment: PLUTO_STACK=xfrm
Jan 26 03:24:52 wsfd-netdev34-vm-7.ntdv.lab.eng.bos.redhat.com NetworkManager[18644]: [1706257492.4603] platform: (hosta_nic) signal: link changed: 983: hosta_nic@other-netns mtu 1500 arp 1 veth* init addrgenmode none addr C2:33:06:24:71:17 brd FF:FF:FF:FF:FF:FF driver veth tx-queue-len 1000 gso-max-size 65536 gso-max-segs 65535 gro-max-size 65536 rx:97,52314 tx:129,19397
Jan 26 03:24:52 wsfd-netdev34-vm-7.ntdv.lab.eng.bos.redhat.com pluto[284486]: "cf362a1a-d5df-467c-a748-184e5fb91dcd" #12: prepare-client output: nm-libreswan-helper[285019,285061]: environment: PLUTO_MY_PROTOCOL=0
Jan 26 03:24:52 wsfd-netdev34-vm-7.ntdv.lab.eng.bos.redhat.com NetworkManager[18644]: [1706257492.4603] l3cfg[000055940b446e10,ifindex=983]: emit signal (platform-change, obj-type=link, change=changed, obj=983: hosta_nic@other-netns mtu 1500 arp 1 veth* init addrgenmode none addr C2:33:06:24:71:17 brd FF:FF:FF:FF:FF:FF driver veth tx-queue-len 1000 gso-max-size 65536 gso-max-segs 65535 gro-max-size 65536 rx:97,52314 tx:129,19397)
Jan 26 03:24:52 wsfd-netdev34-vm-7.ntdv.lab.eng.bos.redhat.com pluto[284486]: "cf362a1a-d5df-467c-a748-184e5fb91dcd" #12: prepare-client output: nm-libreswan-helper[285019,285061]: environment: PLUTO_SA_REQID=16408
Jan 26 03:24:52 wsfd-netdev34-vm-7.ntdv.lab.eng.bos.redhat.com NetworkManager[18644]: [1706257492.4603] device[000055940b6b6650] (hosta_nic): queued link change for ifindex 983
Jan 26 03:24:52 wsfd-netdev34-vm-7.ntdv.lab.eng.bos.redhat.com pluto[284486]: "cf362a1a-d5df-467c-a748-184e5fb91dcd" #12: prepare-client output: nm-libreswan-helper[285019,285061]: environment: PLUTO_NEXT_HOP=192.0.2.153
Jan 26 03:24:52 wsfd-netdev34-vm-7.ntdv.lab.eng.bos.redhat.com NetworkManager[18644]: [1706257492.4603] platform-linux: rtnl: recvmsg: new message NLMSG_ERROR, flags 0x0100, seq 50302
Jan 26 03:24:52 wsfd-netdev34-vm-7.ntdv.lab.eng.bos.redhat.com pluto[284486]: "cf362a1a-d5df-467c-a748-184e5fb91dcd" #12: prepare-client output: nm-libreswan-helper[285019,285061]: environment: PLUTO_PEER_ID=@hostb-psk.example.org
Jan 26 03:24:52 wsfd-netdev34-vm-7.ntdv.lab.eng.bos.redhat.com NetworkManager[18644]: [1706257492.4603] platform-linux: delayed-action: complete wait-for-response-rtnl (seq 50302, timeout in 0.199842012, response-type 0, success)
Jan 26 03:24:52 wsfd-netdev34-vm-7.ntdv.lab.eng.bos.redhat.com pluto[284486]: "cf362a1a-d5df-467c-a748-184e5fb91dcd" #12: prepare-client output: nm-libreswan-helper[285019,285061]: environment: PLUTO_CONN_ADDRFAMILY=ipv4
Jan 26 03:24:52 wsfd-netdev34-vm-7.ntdv.lab.eng.bos.redhat.com NetworkManager[18644]: [1706257492.4604] platform-linux: do-change-link[983]: success
Jan 26 03:24:52 wsfd-netdev34-vm-7.ntdv.lab.eng.bos.redhat.com pluto[284486]: "cf362a1a-d5df-467c-a748-184e5fb91dcd" #12: prepare-client output: nm-libreswan-helper[285019,285061]: environment: PLUTO_INBYTES=0
Jan 26 03:24:52 wsfd-netdev34-vm-7.ntdv.lab.eng.bos.redhat.com NetworkManager[18644]: [1706257492.4604] l3cfg[000055940b446a70,ifindex=985]: IP configuration changed (mark dirty): configuration added
Jan 26 03:24:52 wsfd-netdev34-vm-7.ntdv.lab.eng.bos.redhat.com pluto[284486]: "cf362a1a-d5df-467c-a748-184e5fb91dcd" #12: prepare-client output: nm-libreswan-helper[285019,285061]: environment: PLUTO_ADDTIME=1706257492
Jan 26 03:24:52 wsfd-netdev34-vm-7.ntdv.lab.eng.bos.redhat.com NetworkManager[18644]: [1706257492.4604] l3cfg[000055940b446a70,ifindex=985]: schedule commit on idle (auto)
Jan 26 03:24:52 wsfd-netdev34-vm-7.ntdv.lab.eng.bos.redhat.com pluto[284486]: "cf362a1a-d5df-467c-a748-184e5fb91dcd" #12: prepare-client output: nm-libreswan-helper[285019,285061]: environment: PLUTO_SA_TYPE=ESP
Jan 26 03:24:52 wsfd-netdev34-vm-7.ntdv.lab.eng.bos.redhat.com NetworkManager[18644]: [1706257492.4604] vpn[0x55940b522940,cf362a1a-d5df-467c-a748-184e5fb91dcd,"hosta_conn",if:985,dev:983:(ipsec9)]: l3cd[static]: add-config 000055940b687e20
Jan 26 03:24:52 wsfd-netdev34-vm-7.ntdv.lab.eng.bos.redhat.com pluto[284486]: "cf362a1a-d5df-467c-a748-184e5fb91dcd" #12: prepare-client output: nm-libreswan-helper[285019,285061]: environment: PLUTO_MY_CLIENT=203.0.113.102/32
Jan 26 03:24:52 wsfd-netdev34-vm-7.ntdv.lab.eng.bos.redhat.com NetworkManager[18644]: [1706257492.4604] l3cfg[000055940b446a70,ifindex=985]: IP configuration changed (mark dirty): configuration added
Jan 26 03:24:52 wsfd-netdev34-vm-7.ntdv.lab.eng.bos.redhat.com pluto[284486]: "cf362a1a-d5df-467c-a748-184e5fb91dcd" #12: prepare-client output: nm-libreswan-helper[285019,285061]: environment: PLUTO_PEER_BANNER=
Jan 26 03:24:52 wsfd-netdev34-vm-7.ntdv.lab.eng.bos.redhat.com NetworkManager[18644]: [1706257492.4604] vpn[0x55940b522940,cf362a1a-d5df-467c-a748-184e5fb91dcd,"hosta_conn",if:985,dev:983:(ipsec9)]: l3cd[generic]: add-config 000055940b687b00
Jan 26 03:24:52 wsfd-netdev34-vm-7.ntdv.lab.eng.bos.redhat.com pluto[284486]: "cf362a1a-d5df-467c-a748-184e5fb91dcd" #12: prepare-client output: nm-libreswan-helper[285019,285061]: environment: PLUTO_PEER_PROTOCOL=0
Jan 26 03:24:52 wsfd-netdev34-vm-7.ntdv.lab.eng.bos.redhat.com NetworkManager[18644]: [1706257492.4604] l3cfg[000055940b446a70,ifindex=985]: IP configuration changed (mark dirty): configuration added
Jan 26 03:24:52 wsfd-netdev34-vm-7.ntdv.lab.eng.bos.redhat.com pluto[284486]: "cf362a1a-d5df-467c-a748-184e5fb91dcd" #12: prepare-client output: nm-libreswan-helper[285019,285061]: environment: PLUTO_MOBIKE_EVENT=
Jan 26 03:24:52 wsfd-netdev34-vm-7.ntdv.lab.eng.bos.redhat.com NetworkManager[18644]: [1706257492.4604] vpn[0x55940b522940,cf362a1a-d5df-467c-a748-184e5fb91dcd,"hosta_conn",if:985,dev:983:(ipsec9)]: l3cd[ip-4]: add-config 000055940b687970
Jan 26 03:24:52 wsfd-netdev34-vm-7.ntdv.lab.eng.bos.redhat.com pluto[284486]: "cf362a1a-d5df-467c-a748-184e5fb91dcd" #12: prepare-client output: nm-libreswan-helper[285019,285061]: environment: PLUTO_MY_PORT=0
Jan 26 03:24:52 wsfd-netdev34-vm-7.ntdv.lab.eng.bos.redhat.com NetworkManager[18644]: [1706257492.4604] device[000055940b6b6650] (hosta_nic): ip4: check-state: state done => done, is_failed=0, is_pending=0, is_started=1 temp_na=0, may-fail-4=1, may-fail-6=1;; manualip4=done; manualip6=done ll6=done
Jan 26 03:24:52 wsfd-netdev34-vm-7.ntdv.lab.eng.bos.redhat.com pluto[284486]: "cf362a1a-d5df-467c-a748-184e5fb91dcd" #12: prepare-client output: nm-libreswan-helper[285019,285061]: environment: PLUTO_PEER_CLIENT_MASK=0.0.0.0
Jan 26 03:24:52 wsfd-netdev34-vm-7.ntdv.lab.eng.bos.redhat.com NetworkManager[18644]: [1706257492.4605] device[000055940b6b6650] (hosta_nic): ip: check-state: (combined) state done => done
Jan 26 03:24:52 wsfd-netdev34-vm-7.ntdv.lab.eng.bos.redhat.com pluto[284486]: "cf362a1a-d5df-467c-a748-184e5fb91dcd" #12: prepare-client output: nm-libreswan-helper[285019,285061]: environment: VTI_SHARED=no
Jan 26 03:24:52 wsfd-netdev34-vm-7.ntdv.lab.eng.bos.redhat.com NetworkManager[18644]: [1706257492.4605] device[000055940b6b6650] (hosta_nic): ip6: check-state: state done => done, is_failed=0, is_pending=0, is_started=1 temp_na=0, may-fail-4=1, may-fail-6=1;; manualip4=done; manualip6=done ll6=done
Jan 26 03:24:52 wsfd-netdev34-vm-7.ntdv.lab.eng.bos.redhat.com pluto[284486]: "cf362a1a-d5df-467c-a748-184e5fb91dcd" #12: prepare-client output: nm-libreswan-helper[285019,285061]: environment: PLUTO_ME=192.0.2.250
Jan 26 03:24:52 wsfd-netdev34-vm-7.ntdv.lab.eng.bos.redhat.com NetworkManager[18644]: [1706257492.4605] device[000055940b6b6650] (hosta_nic): ip: check-state: (combined) state done => done
Jan 26 03:24:52 wsfd-netdev34-vm-7.ntdv.lab.eng.bos.redhat.com pluto[284486]: "cf362a1a-d5df-467c-a748-184e5fb91dcd" #12: prepare-client output: nm-libreswan-helper[285019,285061]: environment: PLUTO_CONN_KIND=CK_PERMANENT
Jan 26 03:24:52 wsfd-netdev34-vm-7.ntdv.lab.eng.bos.redhat.com NetworkManager[18644]: [1706257492.4605] l3cfg[000055940b446a70,ifindex=985]: emit signal (platform-change-on-idle, obj-type-flags=0x2)
Jan 26 03:24:52 wsfd-netdev34-vm-7.ntdv.lab.eng.bos.redhat.com pluto[284486]: "cf362a1a-d5df-467c-a748-184e5fb91dcd" #12: prepare-client output: nm-libreswan-helper[285019,285061]: environment: PLUTO_XFRMI_ROUTE=yes
Jan 26 03:24:52 wsfd-netdev34-vm-7.ntdv.lab.eng.bos.redhat.com NetworkManager[18644]: [1706257492.4605] l3cfg[000055940b446e10,ifindex=983]: emit signal (platform-change-on-idle, obj-type-flags=0x2)
Jan 26 03:24:52 wsfd-netdev34-vm-7.ntdv.lab.eng.bos.redhat.com pluto[284486]: "cf362a1a-d5df-467c-a748-184e5fb91dcd" #12: prepare-client output: nm-libreswan-helper[285019,285061]: environment: PLUTO_MY_ID=@hosta-psk.example.org
Jan 26 03:24:52 wsfd-netdev34-vm-7.ntdv.lab.eng.bos.redhat.com NetworkManager[285019]: nm-libreswan[285019] Configuration from the helper received.
Jan 26 03:24:52 wsfd-netdev34-vm-7.ntdv.lab.eng.bos.redhat.com NetworkManager[18644]: [1706257492.4606] l3cfg[000055940b446a70,ifindex=985]: commit update (auto) (idle handler)
Jan 26 03:24:52 wsfd-netdev34-vm-7.ntdv.lab.eng.bos.redhat.com pluto[284486]: "cf362a1a-d5df-467c-a748-184e5fb91dcd" #12: prepare-client output: nm-libreswan-helper[285019,285061]: environment: PLUTO_PEER_CLIENT_NET=0.0.0.0
Jan 26 03:24:52 wsfd-netdev34-vm-7.ntdv.lab.eng.bos.redhat.com NetworkManager[18644]: [1706257492.4606] l3cfg[000055940b446a70,ifindex=985]: acd[203.0.113.102, init]: track [l3cd=000055940b687970,obj=000055940b5f8f00,tag=000055940b522a68] with timeout 0 msec, defend=once (new)
Jan 26 03:24:52 wsfd-netdev34-vm-7.ntdv.lab.eng.bos.redhat.com pluto[284486]: "cf362a1a-d5df-467c-a748-184e5fb91dcd" #12: prepare-client output: nm-libreswan-helper[285019,285061]: environment: PLUTO_PEER_PORT=0
Jan 26 03:24:52 wsfd-netdev34-vm-7.ntdv.lab.eng.bos.redhat.com NetworkManager[18644]: [1706257492.4606] l3cfg[000055940b446a70,ifindex=985]: acd[203.0.113.102, init]: skip probing (acd disabled by configuration, during pre-check)
Jan 26 03:24:52 wsfd-netdev34-vm-7.ntdv.lab.eng.bos.redhat.com pluto[284486]: "cf362a1a-d5df-467c-a748-184e5fb91dcd" #12: prepare-client output: nm-libreswan-helper[285019,285061]: environment: PLUTO_VIRT_INTERFACE=ipsec9
Jan 26 03:24:52 wsfd-netdev34-vm-7.ntdv.lab.eng.bos.redhat.com NetworkManager[18644]: [1706257492.4606] l3cfg[000055940b446a70,ifindex=985]: acd[203.0.113.102, ready]: set state to ready
Jan 26 03:24:52 wsfd-netdev34-vm-7.ntdv.lab.eng.bos.redhat.com pluto[284486]: "cf362a1a-d5df-467c-a748-184e5fb91dcd" #12: prepare-client output: nm-libreswan-helper[285019,285061]: environment: PLUTO_MY_SOURCEIP=203.0.113.102
Jan 26 03:24:52 wsfd-netdev34-vm-7.ntdv.lab.eng.bos.redhat.com NetworkManager[18644]: [1706257492.4607] l3cfg[000055940b446a70,ifindex=985]: emit signal (l3cd-changed, l3cd-old=(null), l3cd-new=[000055940b7091a0], commited=0)
Jan 26 03:24:52 wsfd-netdev34-vm-7.ntdv.lab.eng.bos.redhat.com pluto[284486]: "cf362a1a-d5df-467c-a748-184e5fb91dcd" #12: prepare-client output: nm-libreswan-helper[285019,285061]: environment: PLUTO_CFG_CLIENT=1
Jan 26 03:24:52 wsfd-netdev34-vm-7.ntdv.lab.eng.bos.redhat.com NetworkManager[18644]: [1706257492.4607] l3cfg[000055940b446a70,ifindex=985]: obj-state: track: [000055940b705ec0, ip4-address, 203.0.113.102/32 lft forever pref forever lifetime 44110-0[0,0] dev 985 src vpn]
Jan 26 03:24:52 wsfd-netdev34-vm-7.ntdv.lab.eng.bos.redhat.com pluto[284486]: "cf362a1a-d5df-467c-a748-184e5fb91dcd" #12: prepare-client output: nm-libreswan-helper[285019,285061]: environment: PLUTO_PEER=192.0.2.153
Jan 26 03:24:52 wsfd-netdev34-vm-7.ntdv.lab.eng.bos.redhat.com NetworkManager[18644]: [1706257492.4607] l3cfg[000055940b446a70,ifindex=985]: obj-state: track: [000055940b6b3780, ip4-route, type unicast 0.0.0.0/1 dev 985 metric 50 mss 0 rt-src vpn pref-src 203.0.113.102]
Jan 26 03:24:52 wsfd-netdev34-vm-7.ntdv.lab.eng.bos.redhat.com pluto[284486]: "cf362a1a-d5df-467c-a748-184e5fb91dcd" #12: prepare-client output: nm-libreswan-helper[285019,285061]: environment: SPI_IN=0x7d0dbdce
Jan 26 03:24:52 wsfd-netdev34-vm-7.ntdv.lab.eng.bos.redhat.com NetworkManager[18644]: [1706257492.4607] l3cfg[000055940b446a70,ifindex=985]: obj-state: track: [000055940b705040, ip4-route, type unicast 128.0.0.0/1 dev 985 metric 50 mss 0 rt-src vpn pref-src 203.0.113.102]
Jan 26 03:24:52 wsfd-netdev34-vm-7.ntdv.lab.eng.bos.redhat.com pluto[284486]: "cf362a1a-d5df-467c-a748-184e5fb91dcd" #12: prepare-client output: nm-libreswan-helper[285019,285061]: environment: PLUTO_PEER_DNS_INFO=
Jan 26 03:24:52 wsfd-netdev34-vm-7.ntdv.lab.eng.bos.redhat.com NetworkManager[18644]: [1706257492.4607] l3cfg[000055940b446a70,ifindex=985]: obj-state: track: [000055940b6b36c0, ip4-route, type unicast 0.0.0.0/0 dev 985 metric 50 mss 0 rt-src vpn]
Jan 26 03:24:52 wsfd-netdev34-vm-7.ntdv.lab.eng.bos.redhat.com pluto[284486]: "cf362a1a-d5df-467c-a748-184e5fb91dcd" #12: prepare-client output: nm-libreswan-helper[285019,285061]: environment: PLUTO_CONNECTION_TYPE=tunnel
Jan 26 03:24:52 wsfd-netdev34-vm-7.ntdv.lab.eng.bos.redhat.com NetworkManager[18644]: [1706257492.4607] l3cfg[000055940b446a70,ifindex=985]: emit signal (l3cd-changed, l3cd-old=(null), l3cd-new=[000055940b7091a0], commited=1)
Jan 26 03:24:52 wsfd-netdev34-vm-7.ntdv.lab.eng.bos.redhat.com pluto[284486]: "cf362a1a-d5df-467c-a748-184e5fb91dcd" #12: prepare-client output: nm-libreswan-helper[285019,285061]: environment: PLUTO_MY_CLIENT_NET=203.0.113.102
Jan 26 03:24:52 wsfd-netdev34-vm-7.ntdv.lab.eng.bos.redhat.com NetworkManager[18644]: [1706257492.4607] dns-mgr: (device_l3cd_changed): queueing DNS updates (1)
Jan 26 03:24:52 wsfd-netdev34-vm-7.ntdv.lab.eng.bos.redhat.com pluto[284486]: "cf362a1a-d5df-467c-a748-184e5fb91dcd" #12: prepare-client output: nm-libreswan-helper[285019,285061]: environment: VTI_IFACE=
Jan 26 03:24:52 wsfd-netdev34-vm-7.ntdv.lab.eng.bos.redhat.com NetworkManager[18644]: [1706257492.4608] dns-mgr: (device_l3cd_changed): DNS configuration did not change
Jan 26 03:24:52 wsfd-netdev34-vm-7.ntdv.lab.eng.bos.redhat.com pluto[284486]: "cf362a1a-d5df-467c-a748-184e5fb91dcd" #12: prepare-client output: nm-libreswan-helper[285019,285061]: environment: PLUTO_IS_PEER_CISCO=0
Jan 26 03:24:52 wsfd-netdev34-vm-7.ntdv.lab.eng.bos.redhat.com NetworkManager[18644]: [1706257492.4608] dns-mgr: (device_l3cd_changed): no DNS changes to commit (0)
Jan 26 03:24:52 wsfd-netdev34-vm-7.ntdv.lab.eng.bos.redhat.com pluto[284486]: "cf362a1a-d5df-467c-a748-184e5fb91dcd" #12: prepare-client output: nm-libreswan-helper[285019,285061]: environment: SPI_OUT=0x2df0aba7
Jan 26 03:24:52 wsfd-netdev34-vm-7.ntdv.lab.eng.bos.redhat.com NetworkManager[18644]: [1706257492.4609] l3cfg[000055940b446a70,ifindex=985]: IP configuration changed (merged=>[000055940b7091a0], commited=>[000055940b7091a0])
Jan 26 03:24:52 wsfd-netdev34-vm-7.ntdv.lab.eng.bos.redhat.com pluto[284486]: "cf362a1a-d5df-467c-a748-184e5fb91dcd" #12: prepare-client output: nm-libreswan-helper[285019,285061]: environment: PLUTO_VERB=prepare-client
Jan 26 03:24:52 wsfd-netdev34-vm-7.ntdv.lab.eng.bos.redhat.com NetworkManager[18644]: [1706257492.4609] l3cfg[000055940b446a70,ifindex=985]: l3cd (000055940b7091a0, ifindex=985)
Jan 26 03:24:52 wsfd-netdev34-vm-7.ntdv.lab.eng.bos.redhat.com pluto[284486]: "cf362a1a-d5df-467c-a748-184e5fb91dcd" #12: prepare-client output: nm-libreswan-helper[285019,285061]: environment: WATCHDOG_USEC=200000000
Jan 26 03:24:52 wsfd-netdev34-vm-7.ntdv.lab.eng.bos.redhat.com NetworkManager[18644]: [1706257492.4609] l3cfg[000055940b446a70,ifindex=985]: address4[0]: 203.0.113.102/32 lft forever pref forever lifetime 44110-0[0,0] dev 985 src vpn
Jan 26 03:24:52 wsfd-netdev34-vm-7.ntdv.lab.eng.bos.redhat.com pluto[284486]: "cf362a1a-d5df-467c-a748-184e5fb91dcd" #12: prepare-client output: nm-libreswan-helper[285019,285061]: environment: PWD=/run/pluto
Jan 26 03:24:52 wsfd-netdev34-vm-7.ntdv.lab.eng.bos.redhat.com NetworkManager[18644]: [1706257492.4609] l3cfg[000055940b446a70,ifindex=985]: route4[0]: type unicast 0.0.0.0/1 dev 985 metric 50 mss 0 rt-src vpn pref-src 203.0.113.102
Jan 26 03:24:52 wsfd-netdev34-vm-7.ntdv.lab.eng.bos.redhat.com pluto[284486]: "cf362a1a-d5df-467c-a748-184e5fb91dcd" #12: prepare-client output: nm-libreswan-helper[285019,285061]: environment: SYSTEMD_EXEC_PID=284486
Jan 26 03:24:52 wsfd-netdev34-vm-7.ntdv.lab.eng.bos.redhat.com NetworkManager[18644]: [1706257492.4609] l3cfg[000055940b446a70,ifindex=985]: route4[1]: type unicast 128.0.0.0/1 dev 985 metric 50 mss 0 rt-src vpn pref-src 203.0.113.102
Jan 26 03:24:52 wsfd-netdev34-vm-7.ntdv.lab.eng.bos.redhat.com pluto[284486]: "cf362a1a-d5df-467c-a748-184e5fb91dcd" #12: prepare-client output: nm-libreswan-helper[285019,285061]: environment: LANG=en_US.UTF-8
Jan 26 03:24:52 wsfd-netdev34-vm-7.ntdv.lab.eng.bos.redhat.com NetworkManager[18644]: [1706257492.4609] l3cfg[000055940b446a70,ifindex=985]: route4[2]: [DEFAULT] type unicast 0.0.0.0/0 dev 985 metric 50 mss 0 rt-src vpn
Jan 26 03:24:52 wsfd-netdev34-vm-7.ntdv.lab.eng.bos.redhat.com pluto[284486]: "cf362a1a-d5df-467c-a748-184e5fb91dcd" #12: prepare-client output: nm-libreswan-helper[285019,285061]: environment: INVOCATION_ID=e5bea282ac1749009a73f6238708bb6a
Jan 26 03:24:52 wsfd-netdev34-vm-7.ntdv.lab.eng.bos.redhat.com NetworkManager[18644]: [1706257492.4609] l3cfg[000055940b446a70,ifindex=985]: dns-priority4: 50
Jan 26 03:24:52 wsfd-netdev34-vm-7.ntdv.lab.eng.bos.redhat.com pluto[284486]: "cf362a1a-d5df-467c-a748-184e5fb91dcd" #12: prepare-client output: nm-libreswan-helper[285019,285061]: environment: WATCHDOG_PID=284486
Jan 26 03:24:52 wsfd-netdev34-vm-7.ntdv.lab.eng.bos.redhat.com NetworkManager[18644]: [1706257492.4609] l3cfg[000055940b446a70,ifindex=985]: never-default: no
Jan 26 03:24:52 wsfd-netdev34-vm-7.ntdv.lab.eng.bos.redhat.com pluto[284486]: "cf362a1a-d5df-467c-a748-184e5fb91dcd" #12: prepare-client output: nm-libreswan-helper[285019,285061]: environment: NOTIFY_SOCKET=/run/systemd/notify
Jan 26 03:24:52 wsfd-netdev34-vm-7.ntdv.lab.eng.bos.redhat.com NetworkManager[18644]: [1706257492.4609] l3cfg[000055940b446a70,ifindex=985]: dns-priority6: 50
Jan 26 03:24:52 wsfd-netdev34-vm-7.ntdv.lab.eng.bos.redhat.com pluto[284486]: "cf362a1a-d5df-467c-a748-184e5fb91dcd" #12: prepare-client output: nm-libreswan-helper[285019,285061]: environment: SHLVL=1
Jan 26 03:24:52 wsfd-netdev34-vm-7.ntdv.lab.eng.bos.redhat.com NetworkManager[18644]: [1706257492.4610] l3cfg[000055940b446a70,ifindex=985]: never-default: no
Jan 26 03:24:52 wsfd-netdev34-vm-7.ntdv.lab.eng.bos.redhat.com pluto[284486]: "cf362a1a-d5df-467c-a748-184e5fb91dcd" #12: prepare-client output: nm-libreswan-helper[285019,285061]: environment: JOURNAL_STREAM=8:1640131
Jan 26 03:24:52 wsfd-netdev34-vm-7.ntdv.lab.eng.bos.redhat.com NetworkManager[18644]: [1706257492.4610] l3cfg[000055940b446a70,ifindex=985]: proxy-browser-only: no
Jan 26 03:24:52 wsfd-netdev34-vm-7.ntdv.lab.eng.bos.redhat.com pluto[284486]: "cf362a1a-d5df-467c-a748-184e5fb91dcd" #12: prepare-client output: nm-libreswan-helper[285019,285061]: environment: PATH=/usr/local/sbin:/usr/local/bin:/usr/sbin:/usr/bin
Jan 26 03:24:52 wsfd-netdev34-vm-7.ntdv.lab.eng.bos.redhat.com NetworkManager[18644]: [1706257492.4610] l3cfg[000055940b446a70,ifindex=985]: proxy-method: none
Jan 26 03:24:52 wsfd-netdev34-vm-7.ntdv.lab.eng.bos.redhat.com pluto[284486]: "cf362a1a-d5df-467c-a748-184e5fb91dcd" #12: prepare-client output: nm-libreswan-helper[285019,285061]: environment: _=/usr/libexec/nm-libreswan-service-helper
Jan 26 03:24:52 wsfd-netdev34-vm-7.ntdv.lab.eng.bos.redhat.com NetworkManager[18644]: [1706257492.4610] l3cfg[000055940b446a70,ifindex=985]: emit signal (pre-commit)
Jan 26 03:24:52 wsfd-netdev34-vm-7.ntdv.lab.eng.bos.redhat.com nm-dispatcher[284630]: req:22 'vpn-up' [ipsec9]: new request (7 scripts)
Jan 26 03:24:52 wsfd-netdev34-vm-7.ntdv.lab.eng.bos.redhat.com NetworkManager[18644]: [1706257492.4610] l3cfg[000055940b446a70,ifindex=985]: committing IPv4 configuration (update)
Jan 26 03:24:52 wsfd-netdev34-vm-7.ntdv.lab.eng.bos.redhat.com nm-dispatcher[284630]: req:22 'vpn-up' [ipsec9]: environment: CONNECTION_DBUS_PATH=/org/freedesktop/NetworkManager/Settings/1880
Jan 26 03:24:52 wsfd-netdev34-vm-7.ntdv.lab.eng.bos.redhat.com NetworkManager[18644]: [1706257492.4610] l3cfg[000055940b446a70,ifindex=985]: obj-state: configure-first-time: [000055940b705ec0, ip4-address, 203.0.113.102/32 lft forever pref forever lifetime 44110-0[0,0] dev 985 src vpn], nm-configured
Jan 26 03:24:52 wsfd-netdev34-vm-7.ntdv.lab.eng.bos.redhat.com nm-dispatcher[284630]: req:22 'vpn-up' [ipsec9]: environment: CONNECTION_FILENAME=/etc/NetworkManager/system-connections/hosta_conn.nmconnection
Jan 26 03:24:52 wsfd-netdev34-vm-7.ntdv.lab.eng.bos.redhat.com NetworkManager[18644]: [1706257492.4610] l3cfg[000055940b446a70,ifindex=985]: obj-state: configure-first-time: [000055940b6b3780, ip4-route, type unicast 0.0.0.0/1 dev 985 metric 50 mss 0 rt-src vpn pref-src 203.0.113.102], nm-configured
Jan 26 03:24:52 wsfd-netdev34-vm-7.ntdv.lab.eng.bos.redhat.com nm-dispatcher[284630]: req:22 'vpn-up' [ipsec9]: environment: CONNECTION_UUID=cf362a1a-d5df-467c-a748-184e5fb91dcd
Jan 26 03:24:52 wsfd-netdev34-vm-7.ntdv.lab.eng.bos.redhat.com NetworkManager[18644]: [1706257492.4610] l3cfg[000055940b446a70,ifindex=985]: obj-state: configure-first-time: [000055940b705040, ip4-route, type unicast 128.0.0.0/1 dev 985 metric 50 mss 0 rt-src vpn pref-src 203.0.113.102], nm-configured
Jan 26 03:24:52 wsfd-netdev34-vm-7.ntdv.lab.eng.bos.redhat.com nm-dispatcher[284630]: req:22 'vpn-up' [ipsec9]: environment: CONNECTION_ID=hosta_conn
Jan 26 03:24:52 wsfd-netdev34-vm-7.ntdv.lab.eng.bos.redhat.com NetworkManager[18644]: [1706257492.4610] l3cfg[000055940b446a70,ifindex=985]: obj-state: configure-first-time: [000055940b6b36c0, ip4-route, type unicast 0.0.0.0/0 dev 985 metric 50 mss 0 rt-src vpn], nm-configured
Jan 26 03:24:52 wsfd-netdev34-vm-7.ntdv.lab.eng.bos.redhat.com nm-dispatcher[284630]: req:22 'vpn-up' [ipsec9]: environment: DEVICE_IFACE=hosta_nic
Jan 26 03:24:52 wsfd-netdev34-vm-7.ntdv.lab.eng.bos.redhat.com NetworkManager[18644]: [1706257492.4610] netns[000055940b33dc20]: ecmp-route: committing IPv4 ECMP routes
Jan 26 03:24:52 wsfd-netdev34-vm-7.ntdv.lab.eng.bos.redhat.com nm-dispatcher[284630]: req:22 'vpn-up' [ipsec9]: environment: DEVICE_IP_IFACE=hosta_nic
Jan 26 03:24:52 wsfd-netdev34-vm-7.ntdv.lab.eng.bos.redhat.com NetworkManager[18644]: [1706257492.4610] platform-linux: delayed-action: schedule read-rtnl
Jan 26 03:24:52 wsfd-netdev34-vm-7.ntdv.lab.eng.bos.redhat.com nm-dispatcher[284630]: req:22 'vpn-up' [ipsec9]: environment: IP4_ADDRESS_0=192.0.2.251/24 192.0.2.152
Jan 26 03:24:52 wsfd-netdev34-vm-7.ntdv.lab.eng.bos.redhat.com NetworkManager[18644]: [1706257492.4610] platform-linux: delayed-action: schedule read-genl
Jan 26 03:24:52 wsfd-netdev34-vm-7.ntdv.lab.eng.bos.redhat.com nm-dispatcher[284630]: req:22 'vpn-up' [ipsec9]: environment: IP4_ADDRESS_1=192.0.2.250/24 192.0.2.152
Jan 26 03:24:52 wsfd-netdev34-vm-7.ntdv.lab.eng.bos.redhat.com NetworkManager[18644]: [1706257492.4610] platform-linux: delayed-action: handle read-genl
Jan 26 03:24:52 wsfd-netdev34-vm-7.ntdv.lab.eng.bos.redhat.com nm-dispatcher[284630]: req:22 'vpn-up' [ipsec9]: environment: IP4_ADDRESS_2=192.0.2.249/24 192.0.2.152
Jan 26 03:24:52 wsfd-netdev34-vm-7.ntdv.lab.eng.bos.redhat.com NetworkManager[18644]: [1706257492.4611] platform-linux: delayed-action: handle read-rtnl
Jan 26 03:24:52 wsfd-netdev34-vm-7.ntdv.lab.eng.bos.redhat.com nm-dispatcher[284630]: req:22 'vpn-up' [ipsec9]: environment: IP4_ADDRESS_3=192.0.2.248/24 192.0.2.152
Jan 26 03:24:52 wsfd-netdev34-vm-7.ntdv.lab.eng.bos.redhat.com NetworkManager[18644]: [1706257492.4611] platform: (ipsec9) address: adding or updating IPv4 address: 203.0.113.102/32 brd 0.0.0.0 lft forever pref forever lifetime 44110-0[4294967295,4294967295] dev 985 flags noprefixroute src unknown
Jan 26 03:24:52 wsfd-netdev34-vm-7.ntdv.lab.eng.bos.redhat.com nm-dispatcher[284630]: req:22 'vpn-up' [ipsec9]: environment: IP4_ADDRESS_4=192.0.2.247/24 192.0.2.152
Jan 26 03:24:52 wsfd-netdev34-vm-7.ntdv.lab.eng.bos.redhat.com NetworkManager[18644]: [1706257492.4611] platform-linux: delayed-action: schedule wait-for-response-rtnl (seq 50303, timeout in 0.199997894, response-type 0)
Jan 26 03:24:52 wsfd-netdev34-vm-7.ntdv.lab.eng.bos.redhat.com nm-dispatcher[284630]: req:22 'vpn-up' [ipsec9]: environment: IP4_NUM_ADDRESSES=5
Jan 26 03:24:52 wsfd-netdev34-vm-7.ntdv.lab.eng.bos.redhat.com NetworkManager[18644]: [1706257492.4611] platform-linux: delayed-action: handle wait-for-response-rtnl (any)
Jan 26 03:24:52 wsfd-netdev34-vm-7.ntdv.lab.eng.bos.redhat.com nm-dispatcher[284630]: req:22 'vpn-up' [ipsec9]: environment: IP4_GATEWAY=192.0.2.152
Jan 26 03:24:52 wsfd-netdev34-vm-7.ntdv.lab.eng.bos.redhat.com NetworkManager[18644]: [1706257492.4612] platform-linux: rtnl: recvmsg: new message RTM_NEWADDR, flags 0, seq 50303
Jan 26 03:24:52 wsfd-netdev34-vm-7.ntdv.lab.eng.bos.redhat.com nm-dispatcher[284630]: req:22 'vpn-up' [ipsec9]: environment: IP4_ROUTE_0=192.0.2.0/24 0.0.0.0 101
Jan 26 03:24:52 wsfd-netdev34-vm-7.ntdv.lab.eng.bos.redhat.com NetworkManager[18644]: [1706257492.4612] platform-linux: event-notification: RTM_NEWADDR, flags 0, seq 50303: 203.0.113.102/32 brd 0.0.0.0 lft forever pref forever lifetime 44110-0[4294967295,4294967295] dev 985 flags permanent,noprefixroute src kernel
Jan 26 03:24:52 wsfd-netdev34-vm-7.ntdv.lab.eng.bos.redhat.com nm-dispatcher[284630]: req:22 'vpn-up' [ipsec9]: environment: IP4_ROUTE_1=192.0.2.0/24 0.0.0.0 101
Jan 26 03:24:52 wsfd-netdev34-vm-7.ntdv.lab.eng.bos.redhat.com NetworkManager[18644]: [1706257492.4612] platform-linux: update-cache-ip4-address: ADD: [ip4-address,000055940b633b60,4,+alive,+visible; 203.0.113.102/32 brd 0.0.0.0 lft forever pref forever lifetime 44110-0[4294967295,4294967295] dev 985 flags permanent,noprefixroute src kernel]
Jan 26 03:24:52 wsfd-netdev34-vm-7.ntdv.lab.eng.bos.redhat.com nm-dispatcher[284630]: req:22 'vpn-up' [ipsec9]: environment: IP4_ROUTE_2=192.0.2.0/24 0.0.0.0 101
Jan 26 03:24:52 wsfd-netdev34-vm-7.ntdv.lab.eng.bos.redhat.com NetworkManager[18644]: [1706257492.4612] platform: (ipsec9) emit signal ip4-address-changed added: 203.0.113.102/32 brd 0.0.0.0 lft forever pref forever lifetime 44110-0[4294967295,4294967295] dev 985 flags permanent,noprefixroute src kernel
Jan 26 03:24:52 wsfd-netdev34-vm-7.ntdv.lab.eng.bos.redhat.com nm-dispatcher[284630]: req:22 'vpn-up' [ipsec9]: environment: IP4_ROUTE_3=192.0.2.0/24 0.0.0.0 101
Jan 26 03:24:52 wsfd-netdev34-vm-7.ntdv.lab.eng.bos.redhat.com NetworkManager[18644]: [1706257492.4612] platform: (ipsec9) signal: address 4 added: 203.0.113.102/32 brd 0.0.0.0 lft forever pref forever lifetime 44110-0[4294967295,4294967295] dev 985 flags permanent,noprefixroute src kernel
Jan 26 03:24:52 wsfd-netdev34-vm-7.ntdv.lab.eng.bos.redhat.com nm-dispatcher[284630]: req:22 'vpn-up' [ipsec9]: environment: IP4_ROUTE_4=192.0.2.0/24 0.0.0.0 101
Jan 26 03:24:52 wsfd-netdev34-vm-7.ntdv.lab.eng.bos.redhat.com NetworkManager[18644]: [1706257492.4613] l3cfg[000055940b446a70,ifindex=985]: obj-state: appeared in platform: [000055940b705ec0, ip4-address, 203.0.113.102/32 lft forever pref forever lifetime 44110-0[0,0] dev 985 src vpn], nm-configured, in-platform
Jan 26 03:24:52 wsfd-netdev34-vm-7.ntdv.lab.eng.bos.redhat.com nm-dispatcher[284630]: req:22 'vpn-up' [ipsec9]: environment: IP4_NUM_ROUTES=5
Jan 26 03:24:52 wsfd-netdev34-vm-7.ntdv.lab.eng.bos.redhat.com NetworkManager[18644]: [1706257492.4613] l3cfg[000055940b446a70,ifindex=985]: emit signal (platform-change, obj-type=ip4-address, change=added, obj=203.0.113.102/32 brd 0.0.0.0 lft forever pref forever lifetime 44110-0[4294967295,4294967295] dev 985 flags permanent,noprefixroute src kernel)
Jan 26 03:24:52 wsfd-netdev34-vm-7.ntdv.lab.eng.bos.redhat.com nm-dispatcher[284630]: req:22 'vpn-up' [ipsec9]: environment: IP6_ADDRESS_0=2001:db8:f::a/64 0.0.0.0
Jan 26 03:24:52 wsfd-netdev34-vm-7.ntdv.lab.eng.bos.redhat.com NetworkManager[18644]: [1706257492.4613] platform-linux: rtnl: recvmsg: new message RTM_NEWROUTE, flags excl,create, seq 0
Jan 26 03:24:52 wsfd-netdev34-vm-7.ntdv.lab.eng.bos.redhat.com nm-dispatcher[284630]: req:22 'vpn-up' [ipsec9]: environment: IP6_ADDRESS_1=2001:db8:e::a/64 0.0.0.0
Jan 26 03:24:52 wsfd-netdev34-vm-7.ntdv.lab.eng.bos.redhat.com NetworkManager[18644]: [1706257492.4613] platform-linux: event-notification: RTM_NEWROUTE, flags excl,create, seq 0: type local table 255 203.0.113.102/32 dev 985 metric 0 mss 0 rt-src rt-kernel scope host pref-src 203.0.113.102
Jan 26 03:24:52 wsfd-netdev34-vm-7.ntdv.lab.eng.bos.redhat.com nm-dispatcher[284630]: req:22 'vpn-up' [ipsec9]: environment: IP6_ADDRESS_2=fe80::c033:6ff:fe24:7117/64 0.0.0.0
Jan 26 03:24:52 wsfd-netdev34-vm-7.ntdv.lab.eng.bos.redhat.com NetworkManager[18644]: [1706257492.4614] platform-linux: update-cache-ip4-route: ADD: [ip4-route,00007fefb00a4e60,5,+alive,+visible; type local table 255 203.0.113.102/32 dev 985 metric 0 mss 0 rt-src rt-kernel scope host pref-src 203.0.113.102]
Jan 26 03:24:52 wsfd-netdev34-vm-7.ntdv.lab.eng.bos.redhat.com nm-dispatcher[284630]: req:22 'vpn-up' [ipsec9]: environment: IP6_NUM_ADDRESSES=3
Jan 26 03:24:52 wsfd-netdev34-vm-7.ntdv.lab.eng.bos.redhat.com NetworkManager[18644]: [1706257492.4614] platform: (ipsec9) emit signal ip4-route-changed added: type local table 255 203.0.113.102/32 dev 985 metric 0 mss 0 rt-src rt-kernel scope host pref-src 203.0.113.102
Jan 26 03:24:52 wsfd-netdev34-vm-7.ntdv.lab.eng.bos.redhat.com nm-dispatcher[284630]: req:22 'vpn-up' [ipsec9]: environment: IP6_GATEWAY=0.0.0.0
Jan 26 03:24:52 wsfd-netdev34-vm-7.ntdv.lab.eng.bos.redhat.com NetworkManager[18644]: [1706257492.4614] platform: (ipsec9) signal: route 4 added: type local table 255 203.0.113.102/32 dev 985 metric 0 mss 0 rt-src rt-kernel scope host pref-src 203.0.113.102
Jan 26 03:24:52 wsfd-netdev34-vm-7.ntdv.lab.eng.bos.redhat.com nm-dispatcher[284630]: req:22 'vpn-up' [ipsec9]: environment: IP6_ROUTE_0=::/128 2001:db8:f::b 1024
Jan 26 03:24:52 wsfd-netdev34-vm-7.ntdv.lab.eng.bos.redhat.com NetworkManager[18644]: [1706257492.4614] l3cfg[000055940b446a70,ifindex=985]: emit signal (platform-change, obj-type=ip4-route, change=added, obj=type local table 255 203.0.113.102/32 dev 985 metric 0 mss 0 rt-src rt-kernel scope host pref-src 203.0.113.102)
Jan 26 03:24:52 wsfd-netdev34-vm-7.ntdv.lab.eng.bos.redhat.com nm-dispatcher[284630]: req:22 'vpn-up' [ipsec9]: environment: IP6_ROUTE_1=fe80::/64 :: 1024
Jan 26 03:24:52 wsfd-netdev34-vm-7.ntdv.lab.eng.bos.redhat.com NetworkManager[18644]: [1706257492.4614] platform-linux: rtnl: recvmsg: new message NLMSG_ERROR, flags 0x0100, seq 50303
Jan 26 03:24:52 wsfd-netdev34-vm-7.ntdv.lab.eng.bos.redhat.com nm-dispatcher[284630]: req:22 'vpn-up' [ipsec9]: environment: IP6_ROUTE_2=2001:db8:f::/64 :: 101
Jan 26 03:24:52 wsfd-netdev34-vm-7.ntdv.lab.eng.bos.redhat.com NetworkManager[18644]: [1706257492.4615] platform-linux: delayed-action: complete wait-for-response-rtnl (seq 50303, timeout in 0.199659169, response-type 0, success)
Jan 26 03:24:52 wsfd-netdev34-vm-7.ntdv.lab.eng.bos.redhat.com nm-dispatcher[284630]: req:22 'vpn-up' [ipsec9]: environment: IP6_ROUTE_3=2001:db8:e::/64 :: 101
Jan 26 03:24:52 wsfd-netdev34-vm-7.ntdv.lab.eng.bos.redhat.com NetworkManager[18644]: [1706257492.4615] platform-linux: do-add-ip4-address[985: 203.0.113.102/32]: success
Jan 26 03:24:52 wsfd-netdev34-vm-7.ntdv.lab.eng.bos.redhat.com nm-dispatcher[284630]: req:22 'vpn-up' [ipsec9]: environment: IP6_NUM_ROUTES=4
Jan 26 03:24:52 wsfd-netdev34-vm-7.ntdv.lab.eng.bos.redhat.com NetworkManager[18644]: [1706257492.4615] platform: (ipsec9) route: append IPv4 route: type unicast 0.0.0.0/1 dev 985 metric 50 mss 0 rt-src rt-static scope link pref-src 203.0.113.102
Jan 26 03:24:52 wsfd-netdev34-vm-7.ntdv.lab.eng.bos.redhat.com nm-dispatcher[284630]: req:22 'vpn-up' [ipsec9]: environment: VPN_IP_IFACE=ipsec9
Jan 26 03:24:52 wsfd-netdev34-vm-7.ntdv.lab.eng.bos.redhat.com NetworkManager[18644]: [1706257492.4615] platform-linux: delayed-action: schedule wait-for-response-rtnl (seq 50304, timeout in 0.199998335, response-type 0)
Jan 26 03:24:52 wsfd-netdev34-vm-7.ntdv.lab.eng.bos.redhat.com nm-dispatcher[284630]: req:22 'vpn-up' [ipsec9]: environment: VPN_IP4_ADDRESS_0=203.0.113.102/32 0.0.0.0
Jan 26 03:24:52 wsfd-netdev34-vm-7.ntdv.lab.eng.bos.redhat.com NetworkManager[18644]: [1706257492.4615] platform-linux: delayed-action: handle wait-for-response-rtnl (any)
Jan 26 03:24:52 wsfd-netdev34-vm-7.ntdv.lab.eng.bos.redhat.com nm-dispatcher[284630]: req:22 'vpn-up' [ipsec9]: environment: VPN_IP4_NUM_ADDRESSES=1
Jan 26 03:24:52 wsfd-netdev34-vm-7.ntdv.lab.eng.bos.redhat.com NetworkManager[18644]: [1706257492.4615] platform-linux: rtnl: recvmsg: new message RTM_NEWROUTE, flags excl,create, seq 50304
Jan 26 03:24:52 wsfd-netdev34-vm-7.ntdv.lab.eng.bos.redhat.com nm-dispatcher[284630]: req:22 'vpn-up' [ipsec9]: environment: VPN_IP4_GATEWAY=0.0.0.0
Jan 26 03:24:52 wsfd-netdev34-vm-7.ntdv.lab.eng.bos.redhat.com NetworkManager[18644]: [1706257492.4616] platform-linux: event-notification: RTM_NEWROUTE, flags excl,create, seq 50304: type unicast 0.0.0.0/1 dev 985 metric 50 mss 0 rt-src rt-static scope link pref-src 203.0.113.102
Jan 26 03:24:52 wsfd-netdev34-vm-7.ntdv.lab.eng.bos.redhat.com nm-dispatcher[284630]: req:22 'vpn-up' [ipsec9]: environment: VPN_IP4_ROUTE_0=0.0.0.0/1 0.0.0.0 50
Jan 26 03:24:52 wsfd-netdev34-vm-7.ntdv.lab.eng.bos.redhat.com NetworkManager[18644]: [1706257492.4616] platform-linux: update-cache-ip4-route: ADD: [ip4-route,00007fefb00a5350,5,+alive,+visible; type unicast 0.0.0.0/1 dev 985 metric 50 mss 0 rt-src rt-static scope link pref-src 203.0.113.102]
Jan 26 03:24:52 wsfd-netdev34-vm-7.ntdv.lab.eng.bos.redhat.com nm-dispatcher[284630]: req:22 'vpn-up' [ipsec9]: environment: VPN_IP4_ROUTE_1=128.0.0.0/1 0.0.0.0 50
Jan 26 03:24:52 wsfd-netdev34-vm-7.ntdv.lab.eng.bos.redhat.com NetworkManager[18644]: [1706257492.4616] platform: (ipsec9) emit signal ip4-route-changed added: type unicast 0.0.0.0/1 dev 985 metric 50 mss 0 rt-src rt-static scope link pref-src 203.0.113.102
Jan 26 03:24:52 wsfd-netdev34-vm-7.ntdv.lab.eng.bos.redhat.com nm-dispatcher[284630]: req:22 'vpn-up' [ipsec9]: environment: VPN_IP4_NUM_ROUTES=2
Jan 26 03:24:52 wsfd-netdev34-vm-7.ntdv.lab.eng.bos.redhat.com NetworkManager[18644]: [1706257492.4616] platform: (ipsec9) signal: route 4 added: type unicast 0.0.0.0/1 dev 985 metric 50 mss 0 rt-src rt-static scope link pref-src 203.0.113.102
Jan 26 03:24:52 wsfd-netdev34-vm-7.ntdv.lab.eng.bos.redhat.com nm-dispatcher[284630]: req:22 'vpn-up' [ipsec9]: environment: VPN_IP6_GATEWAY=0.0.0.0
Jan 26 03:24:52 wsfd-netdev34-vm-7.ntdv.lab.eng.bos.redhat.com NetworkManager[18644]: [1706257492.4616] l3cfg[000055940b446a70,ifindex=985]: obj-state: appeared in platform: [000055940b6b3780, ip4-route, type unicast 0.0.0.0/1 dev 985 metric 50 mss 0 rt-src vpn pref-src 203.0.113.102], nm-configured, in-platform
Jan 26 03:24:52 wsfd-netdev34-vm-7.ntdv.lab.eng.bos.redhat.com nm-dispatcher[284630]: req:22 'vpn-up' [ipsec9]: environment: PATH=/usr/local/sbin:/usr/local/bin:/usr/sbin:/usr/bin
Jan 26 03:24:52 wsfd-netdev34-vm-7.ntdv.lab.eng.bos.redhat.com NetworkManager[18644]: [1706257492.4616] l3cfg[000055940b446a70,ifindex=985]: emit signal (platform-change, obj-type=ip4-route, change=added, obj=type unicast 0.0.0.0/1 dev 985 metric 50 mss 0 rt-src rt-static scope link pref-src 203.0.113.102)
Jan 26 03:24:52 wsfd-netdev34-vm-7.ntdv.lab.eng.bos.redhat.com nm-dispatcher[284630]: req:22 'vpn-up' [ipsec9]: environment: NM_DISPATCHER_ACTION=vpn-up
Jan 26 03:24:52 wsfd-netdev34-vm-7.ntdv.lab.eng.bos.redhat.com NetworkManager[18644]: [1706257492.4616] platform-linux: rtnl: recvmsg: new message NLMSG_ERROR, flags 0x0100, seq 50304
Jan 26 03:24:52 wsfd-netdev34-vm-7.ntdv.lab.eng.bos.redhat.com nm-dispatcher[284630]: req:22 'vpn-up' [ipsec9], "/usr/lib/NetworkManager/dispatcher.d/90-nm-cloud-setup.sh": run script (no-wait)
Jan 26 03:24:52 wsfd-netdev34-vm-7.ntdv.lab.eng.bos.redhat.com NetworkManager[18644]: [1706257492.4617] platform-linux: delayed-action: complete wait-for-response-rtnl (seq 50304, timeout in 0.199838266, response-type 0, success)
Jan 26 03:24:52 wsfd-netdev34-vm-7.ntdv.lab.eng.bos.redhat.com nm-dispatcher[284630]: req:22 'vpn-up' [ipsec9]: start running ordered scripts...
Jan 26 03:24:52 wsfd-netdev34-vm-7.ntdv.lab.eng.bos.redhat.com NetworkManager[18644]: [1706257492.4617] platform-linux: do-add-ip4-route[type unicast 0.0.0.0/1 dev 985 metric 50 mss 0 rt-src rt-static scope link pref-src 203.0.113.102]: success
Jan 26 03:24:52 wsfd-netdev34-vm-7.ntdv.lab.eng.bos.redhat.com nm-dispatcher[284630]: req:22 'vpn-up' [ipsec9], "/usr/lib/NetworkManager/dispatcher.d/90-nm-cloud-setup.sh": complete
Jan 26 03:24:52 wsfd-netdev34-vm-7.ntdv.lab.eng.bos.redhat.com NetworkManager[18644]: [1706257492.4617] platform: (ipsec9) route: append IPv4 route: type unicast 128.0.0.0/1 dev 985 metric 50 mss 0 rt-src rt-static scope link pref-src 203.0.113.102
Jan 26 03:24:52 wsfd-netdev34-vm-7.ntdv.lab.eng.bos.redhat.com nm-dispatcher[284630]: req:22 'vpn-up' [ipsec9], "/usr/lib/NetworkManager/dispatcher.d/04-iscsi": run script
Jan 26 03:24:52 wsfd-netdev34-vm-7.ntdv.lab.eng.bos.redhat.com NetworkManager[18644]: [1706257492.4617] platform-linux: delayed-action: schedule wait-for-response-rtnl (seq 50305, timeout in 0.199998413, response-type 0)
Jan 26 03:24:52 wsfd-netdev34-vm-7.ntdv.lab.eng.bos.redhat.com NetworkManager[18644]: [1706257492.4617] platform-linux: delayed-action: handle wait-for-response-rtnl (any)
Jan 26 03:24:52 wsfd-netdev34-vm-7.ntdv.lab.eng.bos.redhat.com NetworkManager[18644]: [1706257492.4617] platform-linux: rtnl: recvmsg: new message RTM_NEWROUTE, flags excl,create, seq 50305
Jan 26 03:24:52 wsfd-netdev34-vm-7.ntdv.lab.eng.bos.redhat.com NetworkManager[18644]: [1706257492.4618] platform-linux: event-notification: RTM_NEWROUTE, flags excl,create, seq 50305: type unicast 128.0.0.0/1 dev 985 metric 50 mss 0 rt-src rt-static scope link pref-src 203.0.113.102
Jan 26 03:24:52 wsfd-netdev34-vm-7.ntdv.lab.eng.bos.redhat.com NetworkManager[18644]: [1706257492.4618] platform-linux: update-cache-ip4-route: ADD: [ip4-route,00007fefb00a5630,5,+alive,+visible; type unicast 128.0.0.0/1 dev 985 metric 50 mss 0 rt-src rt-static scope link pref-src 203.0.113.102]
Jan 26 03:24:52 wsfd-netdev34-vm-7.ntdv.lab.eng.bos.redhat.com NetworkManager[18644]: [1706257492.4618] platform: (ipsec9) emit signal ip4-route-changed added: type unicast 128.0.0.0/1 dev 985 metric 50 mss 0 rt-src rt-static scope link pref-src 203.0.113.102
Jan 26 03:24:52 wsfd-netdev34-vm-7.ntdv.lab.eng.bos.redhat.com NetworkManager[18644]: [1706257492.4618] platform: (ipsec9) signal: route 4 added: type unicast 128.0.0.0/1 dev 985 metric 50 mss 0 rt-src rt-static scope link pref-src 203.0.113.102
Jan 26 03:24:52 wsfd-netdev34-vm-7.ntdv.lab.eng.bos.redhat.com NetworkManager[18644]: [1706257492.4618] l3cfg[000055940b446a70,ifindex=985]: obj-state: appeared in platform: [000055940b705040, ip4-route, type unicast 128.0.0.0/1 dev 985 metric 50 mss 0 rt-src vpn pref-src 203.0.113.102], nm-configured, in-platform
Jan 26 03:24:52 wsfd-netdev34-vm-7.ntdv.lab.eng.bos.redhat.com NetworkManager[18644]: [1706257492.4618] l3cfg[000055940b446a70,ifindex=985]: emit signal (platform-change, obj-type=ip4-route, change=added, obj=type unicast 128.0.0.0/1 dev 985 metric 50 mss 0 rt-src rt-static scope link pref-src 203.0.113.102)
Jan 26 03:24:52 wsfd-netdev34-vm-7.ntdv.lab.eng.bos.redhat.com NetworkManager[18644]: [1706257492.4619] platform-linux: rtnl: recvmsg: new message NLMSG_ERROR, flags 0x0100, seq 50305
Jan 26 03:24:52 wsfd-netdev34-vm-7.ntdv.lab.eng.bos.redhat.com NetworkManager[18644]: [1706257492.4619] platform-linux: delayed-action: complete wait-for-response-rtnl (seq 50305, timeout in 0.199862300, response-type 0, success)
Jan 26 03:24:52 wsfd-netdev34-vm-7.ntdv.lab.eng.bos.redhat.com NetworkManager[18644]: [1706257492.4619] platform-linux: do-add-ip4-route[type unicast 128.0.0.0/1 dev 985 metric 50 mss 0 rt-src rt-static scope link pref-src 203.0.113.102]: success
Jan 26 03:24:52 wsfd-netdev34-vm-7.ntdv.lab.eng.bos.redhat.com NetworkManager[18644]: [1706257492.4619] platform: (ipsec9) route: append IPv4 route: type unicast 0.0.0.0/0 dev 985 metric 50 mss 0 rt-src rt-static scope link
Jan 26 03:24:52 wsfd-netdev34-vm-7.ntdv.lab.eng.bos.redhat.com NetworkManager[18644]: [1706257492.4619] platform-linux: delayed-action: schedule wait-for-response-rtnl (seq 50306, timeout in 0.199998480, response-type 0)
Jan 26 03:24:52 wsfd-netdev34-vm-7.ntdv.lab.eng.bos.redhat.com NetworkManager[18644]: [1706257492.4619] platform-linux: delayed-action: handle wait-for-response-rtnl (any)
Jan 26 03:24:52 wsfd-netdev34-vm-7.ntdv.lab.eng.bos.redhat.com NetworkManager[18644]: [1706257492.4620] platform-linux: rtnl: recvmsg: new message RTM_NEWROUTE, flags excl,create, seq 50306
Jan 26 03:24:52 wsfd-netdev34-vm-7.ntdv.lab.eng.bos.redhat.com NetworkManager[18644]: [1706257492.4620] platform-linux: event-notification: RTM_NEWROUTE, flags excl,create, seq 50306: type unicast 0.0.0.0/0 dev 985 metric 50 mss 0 rt-src rt-static scope link
Jan 26 03:24:52 wsfd-netdev34-vm-7.ntdv.lab.eng.bos.redhat.com NetworkManager[18644]: [1706257492.4620] platform-linux: update-cache-ip4-route: ADD: [ip4-route,00007fefb00a4500,6,+alive,+visible; type unicast 0.0.0.0/0 dev 985 metric 50 mss 0 rt-src rt-static scope link]
Jan 26 03:24:52 wsfd-netdev34-vm-7.ntdv.lab.eng.bos.redhat.com NetworkManager[18644]: [1706257492.4620] platform: (ipsec9) emit signal ip4-route-changed added: type unicast 0.0.0.0/0 dev 985 metric 50 mss 0 rt-src rt-static scope link
Jan 26 03:24:52 wsfd-netdev34-vm-7.ntdv.lab.eng.bos.redhat.com NetworkManager[18644]: [1706257492.4620] platform: (ipsec9) signal: route 4 added: type unicast 0.0.0.0/0 dev 985 metric 50 mss 0 rt-src rt-static scope link
Jan 26 03:24:52 wsfd-netdev34-vm-7.ntdv.lab.eng.bos.redhat.com NetworkManager[18644]: [1706257492.4620] l3cfg[000055940b446a70,ifindex=985]: obj-state: appeared in platform: [000055940b6b36c0, ip4-route, type unicast 0.0.0.0/0 dev 985 metric 50 mss 0 rt-src vpn], nm-configured, in-platform
Jan 26 03:24:52 wsfd-netdev34-vm-7.ntdv.lab.eng.bos.redhat.com NetworkManager[18644]: [1706257492.4620] l3cfg[000055940b446a70,ifindex=985]: emit signal (platform-change, obj-type=ip4-route, change=added, obj=type unicast 0.0.0.0/0 dev 985 metric 50 mss 0 rt-src rt-static scope link)
Jan 26 03:24:52 wsfd-netdev34-vm-7.ntdv.lab.eng.bos.redhat.com NetworkManager[18644]: [1706257492.4620] platform-linux: rtnl: recvmsg: new message NLMSG_ERROR, flags 0x0100, seq 50306
Jan 26 03:24:52 wsfd-netdev34-vm-7.ntdv.lab.eng.bos.redhat.com NetworkManager[18644]: [1706257492.4622] platform-linux: delayed-action: complete wait-for-response-rtnl (seq 50306, timeout in 0.199774245, response-type 0, success)
Jan 26 03:24:52 wsfd-netdev34-vm-7.ntdv.lab.eng.bos.redhat.com NetworkManager[18644]: [1706257492.4622] platform-linux: do-add-ip4-route[type unicast 0.0.0.0/0 dev 985 metric 50 mss 0 rt-src rt-static scope link]: success
Jan 26 03:24:52 wsfd-netdev34-vm-7.ntdv.lab.eng.bos.redhat.com NetworkManager[18644]: [1706257492.4622] l3cfg[000055940b446a70,ifindex=985]: committing IPv6 configuration (update)
Jan 26 03:24:52 wsfd-netdev34-vm-7.ntdv.lab.eng.bos.redhat.com NetworkManager[18644]: [1706257492.4622] platform-linux: delayed-action: schedule read-rtnl
Jan 26 03:24:52 wsfd-netdev34-vm-7.ntdv.lab.eng.bos.redhat.com NetworkManager[18644]: [1706257492.4622] platform-linux: delayed-action: schedule read-genl
Jan 26 03:24:52 wsfd-netdev34-vm-7.ntdv.lab.eng.bos.redhat.com NetworkManager[18644]: [1706257492.4622] platform-linux: delayed-action: handle read-genl
Jan 26 03:24:52 wsfd-netdev34-vm-7.ntdv.lab.eng.bos.redhat.com NetworkManager[18644]: [1706257492.4622] platform-linux: delayed-action: handle read-rtnl
Jan 26 03:24:52 wsfd-netdev34-vm-7.ntdv.lab.eng.bos.redhat.com NetworkManager[18644]: [1706257492.4622] l3cfg[000055940b446a70,ifindex=985]: acd[203.0.113.102, defending]: set state to defending
Jan 26 03:24:52 wsfd-netdev34-vm-7.ntdv.lab.eng.bos.redhat.com NetworkManager[18644]: [1706257492.4623] l3cfg[000055940b446a70,ifindex=985]: acd[203.0.113.102, defending]: start announcing failed to create probe (interface not suitable for ACD)
Jan 26 03:24:52 wsfd-netdev34-vm-7.ntdv.lab.eng.bos.redhat.com NetworkManager[18644]: [1706257492.4623] l3cfg[000055940b446a70,ifindex=985]: emit signal (acd-event, addr=203.0.113.102, state=defending)
Jan 26 03:24:52 wsfd-netdev34-vm-7.ntdv.lab.eng.bos.redhat.com NetworkManager[18644]: [1706257492.4623] l3cfg[000055940b446a70,ifindex=985]: emit signal (post-commit)
Jan 26 03:24:52 wsfd-netdev34-vm-7.ntdv.lab.eng.bos.redhat.com NetworkManager[18644]: [1706257492.4623] vpn[0x55940b522940,cf362a1a-d5df-467c-a748-184e5fb91dcd,"hosta_conn",if:985,dev:983:(ipsec9)]: set state: pre-up (was ip-config-get)
Jan 26 03:24:52 wsfd-netdev34-vm-7.ntdv.lab.eng.bos.redhat.com NetworkManager[18644]: [1706257492.4623] dispatcher: (6844) (ipsec9) dispatching action 'vpn-pre-up' (with callback)
Jan 26 03:24:52 wsfd-netdev34-vm-7.ntdv.lab.eng.bos.redhat.com NetworkManager[18644]: [1706257492.4627] device[000055940b5689a0] (ipsec9): ip4: check-state: state none => none, is_failed=0, is_pending=0, is_started=0 temp_na=0, may-fail-4=1, may-fail-6=1;;;
Jan 26 03:24:52 wsfd-netdev34-vm-7.ntdv.lab.eng.bos.redhat.com NetworkManager[18644]: [1706257492.4628] device[000055940b5689a0] (ipsec9): ip6: check-state: state none => none, is_failed=0, is_pending=0, is_started=0 temp_na=0, may-fail-4=1, may-fail-6=1;;;
Jan 26 03:24:52 wsfd-netdev34-vm-7.ntdv.lab.eng.bos.redhat.com NetworkManager[18644]: [1706257492.4628] manager: (ipsec9): assume: don't assume because device is not managed
