Jan 26 03:24:49 wsfd-netdev34-vm-7.ntdv.lab.eng.bos.redhat.com pluto[284486]: "a269384e-cb40-4493-899d-eacaafff87be" #8: up-client output: nm-libreswan-helper[284850,284898]: environment: PLUTO_MY_SOURCEIP=203.0.113.103
Jan 26 03:24:49 wsfd-netdev34-vm-7.ntdv.lab.eng.bos.redhat.com pluto[284486]: "a269384e-cb40-4493-899d-eacaafff87be" #8: up-client output: nm-libreswan-helper[284850,284898]: environment: PLUTO_CFG_CLIENT=1
Jan 26 03:24:49 wsfd-netdev34-vm-7.ntdv.lab.eng.bos.redhat.com pluto[284486]: "a269384e-cb40-4493-899d-eacaafff87be" #8: up-client output: nm-libreswan-helper[284850,284898]: environment: PLUTO_PEER=192.0.2.154
Jan 26 03:24:49 wsfd-netdev34-vm-7.ntdv.lab.eng.bos.redhat.com pluto[284486]: "a269384e-cb40-4493-899d-eacaafff87be" #8: up-client output: nm-libreswan-helper[284850,284898]: environment: SPI_IN=0xe6870129
Jan 26 03:24:49 wsfd-netdev34-vm-7.ntdv.lab.eng.bos.redhat.com pluto[284486]: "a269384e-cb40-4493-899d-eacaafff87be" #8: up-client output: nm-libreswan-helper[284850,284898]: environment: PLUTO_PEER_DNS_INFO=
Jan 26 03:24:49 wsfd-netdev34-vm-7.ntdv.lab.eng.bos.redhat.com pluto[284486]: "a269384e-cb40-4493-899d-eacaafff87be" #8: up-client output: nm-libreswan-helper[284850,284898]: environment: PLUTO_CONNECTION_TYPE=tunnel
Jan 26 03:24:49 wsfd-netdev34-vm-7.ntdv.lab.eng.bos.redhat.com pluto[284486]: "a269384e-cb40-4493-899d-eacaafff87be" #8: up-client output: nm-libreswan-helper[284850,284898]: environment: PLUTO_MY_CLIENT_NET=203.0.113.103
Jan 26 03:24:49 wsfd-netdev34-vm-7.ntdv.lab.eng.bos.redhat.com pluto[284486]: "a269384e-cb40-4493-899d-eacaafff87be" #8: up-client output: nm-libreswan-helper[284850,284898]: environment: VTI_IFACE=
Jan 26 03:24:49 wsfd-netdev34-vm-7.ntdv.lab.eng.bos.redhat.com pluto[284486]: "a269384e-cb40-4493-899d-eacaafff87be" #8: up-client output: nm-libreswan-helper[284850,284898]: environment: PLUTO_IS_PEER_CISCO=0
Jan 26 03:24:49 wsfd-netdev34-vm-7.ntdv.lab.eng.bos.redhat.com pluto[284486]: "a269384e-cb40-4493-899d-eacaafff87be" #8: up-client output: nm-libreswan-helper[284850,284898]: environment: SPI_OUT=0x176efa12
Jan 26 03:24:49 wsfd-netdev34-vm-7.ntdv.lab.eng.bos.redhat.com pluto[284486]: "a269384e-cb40-4493-899d-eacaafff87be" #8: up-client output: nm-libreswan-helper[284850,284898]: environment: PLUTO_VERB=up-client
Jan 26 03:24:49 wsfd-netdev34-vm-7.ntdv.lab.eng.bos.redhat.com pluto[284486]: "a269384e-cb40-4493-899d-eacaafff87be" #8: up-client output: nm-libreswan-helper[284850,284898]: environment: WATCHDOG_USEC=200000000
Jan 26 03:24:49 wsfd-netdev34-vm-7.ntdv.lab.eng.bos.redhat.com pluto[284486]: "a269384e-cb40-4493-899d-eacaafff87be" #8: up-client output: nm-libreswan-helper[284850,284898]: environment: PWD=/run/pluto
Jan 26 03:24:49 wsfd-netdev34-vm-7.ntdv.lab.eng.bos.redhat.com pluto[284486]: "a269384e-cb40-4493-899d-eacaafff87be" #8: up-client output: nm-libreswan-helper[284850,284898]: environment: SYSTEMD_EXEC_PID=284486
Jan 26 03:24:49 wsfd-netdev34-vm-7.ntdv.lab.eng.bos.redhat.com pluto[284486]: "a269384e-cb40-4493-899d-eacaafff87be" #8: up-client output: nm-libreswan-helper[284850,284898]: environment: LANG=en_US.UTF-8
Jan 26 03:24:49 wsfd-netdev34-vm-7.ntdv.lab.eng.bos.redhat.com pluto[284486]: "a269384e-cb40-4493-899d-eacaafff87be" #8: up-client output: nm-libreswan-helper[284850,284898]: environment: INVOCATION_ID=e5bea282ac1749009a73f6238708bb6a
Jan 26 03:24:49 wsfd-netdev34-vm-7.ntdv.lab.eng.bos.redhat.com pluto[284486]: "a269384e-cb40-4493-899d-eacaafff87be" #8: up-client output: nm-libreswan-helper[284850,284898]: environment: WATCHDOG_PID=284486
Jan 26 03:24:49 wsfd-netdev34-vm-7.ntdv.lab.eng.bos.redhat.com pluto[284486]: "a269384e-cb40-4493-899d-eacaafff87be" #8: up-client output: nm-libreswan-helper[284850,284898]: environment: NOTIFY_SOCKET=/run/systemd/notify
Jan 26 03:24:49 wsfd-netdev34-vm-7.ntdv.lab.eng.bos.redhat.com pluto[284486]: "a269384e-cb40-4493-899d-eacaafff87be" #8: up-client output: nm-libreswan-helper[284850,284898]: environment: SHLVL=1
Jan 26 03:24:49 wsfd-netdev34-vm-7.ntdv.lab.eng.bos.redhat.com pluto[284486]: "a269384e-cb40-4493-899d-eacaafff87be" #8: up-client output: nm-libreswan-helper[284850,284898]: environment: JOURNAL_STREAM=8:1640131
Jan 26 03:24:49 wsfd-netdev34-vm-7.ntdv.lab.eng.bos.redhat.com pluto[284486]: "a269384e-cb40-4493-899d-eacaafff87be" #8: up-client output: nm-libreswan-helper[284850,284898]: environment: PATH=/usr/local/sbin:/usr/local/bin:/usr/sbin:/usr/bin
Jan 26 03:24:49 wsfd-netdev34-vm-7.ntdv.lab.eng.bos.redhat.com pluto[284486]: "a269384e-cb40-4493-899d-eacaafff87be" #8: up-client output: nm-libreswan-helper[284850,284898]: environment: _=/usr/libexec/nm-libreswan-service-helper
Jan 26 03:24:49 wsfd-netdev34-vm-7.ntdv.lab.eng.bos.redhat.com NetworkManager[284850]: nm-libreswan[284850] Configuration from the helper received.
Jan 26 03:24:49 wsfd-netdev34-vm-7.ntdv.lab.eng.bos.redhat.com NetworkManager[18644]: [1706257489.1873] vpn[0x55940b5221c0,a269384e-cb40-4493-899d-eacaafff87be,"hosta_conn"]: config: reply received (IPv4:on(auto), IPv6:on(disabled))
Jan 26 03:24:49 wsfd-netdev34-vm-7.ntdv.lab.eng.bos.redhat.com NetworkManager[18644]: [1706257489.1874] vpn[0x55940b5221c0,a269384e-cb40-4493-899d-eacaafff87be,"hosta_conn"]: set state: ip-config-get (was connect)
Jan 26 03:24:49 wsfd-netdev34-vm-7.ntdv.lab.eng.bos.redhat.com NetworkManager[18644]: [1706257489.1877] vpn[0x55940b5221c0,a269384e-cb40-4493-899d-eacaafff87be,"hosta_conn"]: set ip-ifindex-dev 983
Jan 26 03:24:49 wsfd-netdev34-vm-7.ntdv.lab.eng.bos.redhat.com NetworkManager[18644]: [1706257489.1877] l3cfg[000055940b446e10,ifindex=983] referenced
Jan 26 03:24:49 wsfd-netdev34-vm-7.ntdv.lab.eng.bos.redhat.com NetworkManager[18644]: [1706257489.1878] l3cfg[000055940b446e10,ifindex=983]: schedule commit on idle (auto)
Jan 26 03:24:49 wsfd-netdev34-vm-7.ntdv.lab.eng.bos.redhat.com NetworkManager[18644]: [1706257489.1878] l3cfg[000055940b446e10,ifindex=983]: commit type register (type "update", source "vpn", existing 0000000000000000) -> 000055940b34e120
Jan 26 03:24:49 wsfd-netdev34-vm-7.ntdv.lab.eng.bos.redhat.com NetworkManager[18644]: [1706257489.1879] vpn[0x55940b5221c0,a269384e-cb40-4493-899d-eacaafff87be,"hosta_conn",dev:983]: l3cd[generic]: set 000055940b687330
Jan 26 03:24:49 wsfd-netdev34-vm-7.ntdv.lab.eng.bos.redhat.com NetworkManager[18644]: [1706257489.1879] vpn-config: l3cd "l3cd[generic]" (000055940b687330, ifindex=983, source=vpn)
Jan 26 03:24:49 wsfd-netdev34-vm-7.ntdv.lab.eng.bos.redhat.com NetworkManager[18644]: [1706257489.1879] vpn-config: proxy-method: none
Jan 26 03:24:49 wsfd-netdev34-vm-7.ntdv.lab.eng.bos.redhat.com NetworkManager[18644]: [1706257489.1879] l3cfg[000055940b446e10,ifindex=983]: commit update (auto) (idle handler)
Jan 26 03:24:49 wsfd-netdev34-vm-7.ntdv.lab.eng.bos.redhat.com NetworkManager[18644]: [1706257489.1879] l3cfg[000055940b446e10,ifindex=983]: emit signal (pre-commit)
Jan 26 03:24:49 wsfd-netdev34-vm-7.ntdv.lab.eng.bos.redhat.com NetworkManager[18644]: [1706257489.1880] l3cfg[000055940b446e10,ifindex=983]: committing IPv4 configuration (update)
Jan 26 03:24:49 wsfd-netdev34-vm-7.ntdv.lab.eng.bos.redhat.com NetworkManager[18644]: [1706257489.1880] netns[000055940b33dc20]: ecmp-route: committing IPv4 ECMP routes
Jan 26 03:24:49 wsfd-netdev34-vm-7.ntdv.lab.eng.bos.redhat.com NetworkManager[18644]: [1706257489.1880] platform-linux: delayed-action: schedule read-rtnl
Jan 26 03:24:49 wsfd-netdev34-vm-7.ntdv.lab.eng.bos.redhat.com NetworkManager[18644]: [1706257489.1880] platform-linux: delayed-action: schedule read-genl
Jan 26 03:24:49 wsfd-netdev34-vm-7.ntdv.lab.eng.bos.redhat.com NetworkManager[18644]: [1706257489.1880] platform-linux: delayed-action: handle read-genl
Jan 26 03:24:49 wsfd-netdev34-vm-7.ntdv.lab.eng.bos.redhat.com NetworkManager[18644]: [1706257489.1881] platform-linux: delayed-action: handle read-rtnl
Jan 26 03:24:49 wsfd-netdev34-vm-7.ntdv.lab.eng.bos.redhat.com NetworkManager[18644]: [1706257489.1881] platform: (hosta_nic) address: skip updating IPv4 address: 192.0.2.251/24 brd* 192.0.2.255 lft forever pref forever lifetime 44107-0[4294967295,4294967295] dev 983 src user
Jan 26 03:24:49 wsfd-netdev34-vm-7.ntdv.lab.eng.bos.redhat.com NetworkManager[18644]: [1706257489.1881] platform: (hosta_nic) address: skip updating IPv4 address: 192.0.2.250/24 brd* 192.0.2.255 lft forever pref forever lifetime 44107-0[4294967295,4294967295] dev 983 src user
Jan 26 03:24:49 wsfd-netdev34-vm-7.ntdv.lab.eng.bos.redhat.com NetworkManager[18644]: [1706257489.1881] platform: (hosta_nic) address: skip updating IPv4 address: 192.0.2.249/24 brd* 192.0.2.255 lft forever pref forever lifetime 44107-0[4294967295,4294967295] dev 983 src user
Jan 26 03:24:49 wsfd-netdev34-vm-7.ntdv.lab.eng.bos.redhat.com NetworkManager[18644]: [1706257489.1881] platform: (hosta_nic) address: skip updating IPv4 address: 192.0.2.248/24 brd* 192.0.2.255 lft forever pref forever lifetime 44107-0[4294967295,4294967295] dev 983 src user
Jan 26 03:24:49 wsfd-netdev34-vm-7.ntdv.lab.eng.bos.redhat.com NetworkManager[18644]: [1706257489.1881] platform: (hosta_nic) address: skip updating IPv4 address: 192.0.2.247/24 brd* 192.0.2.255 lft forever pref forever lifetime 44107-0[4294967295,4294967295] dev 983 src user
Jan 26 03:24:49 wsfd-netdev34-vm-7.ntdv.lab.eng.bos.redhat.com NetworkManager[18644]: [1706257489.1881] l3cfg[000055940b446e10,ifindex=983]: committing IPv6 configuration (update)
Jan 26 03:24:49 wsfd-netdev34-vm-7.ntdv.lab.eng.bos.redhat.com NetworkManager[18644]: [1706257489.1882] platform-linux: delayed-action: schedule read-rtnl
Jan 26 03:24:49 wsfd-netdev34-vm-7.ntdv.lab.eng.bos.redhat.com NetworkManager[18644]: [1706257489.1882] platform-linux: delayed-action: schedule read-genl
Jan 26 03:24:49 wsfd-netdev34-vm-7.ntdv.lab.eng.bos.redhat.com NetworkManager[18644]: [1706257489.1882] platform-linux: delayed-action: handle read-genl
Jan 26 03:24:49 wsfd-netdev34-vm-7.ntdv.lab.eng.bos.redhat.com NetworkManager[18644]: [1706257489.1882] platform-linux: delayed-action: handle read-rtnl
Jan 26 03:24:49 wsfd-netdev34-vm-7.ntdv.lab.eng.bos.redhat.com NetworkManager[18644]: [1706257489.1882] platform: (hosta_nic) address: skip updating IPv6 address: fe80::c033:6ff:fe24:7117/64 lft forever pref forever lifetime 44107-0[0,0] dev 983 src ipv6ll
Jan 26 03:24:49 wsfd-netdev34-vm-7.ntdv.lab.eng.bos.redhat.com NetworkManager[18644]: [1706257489.1882] platform: (hosta_nic) address: skip updating IPv6 address: 2001:db8:e::a/64 lft forever pref forever lifetime 44107-0[4294967295,4294967295] dev 983 src user
Jan 26 03:24:49 wsfd-netdev34-vm-7.ntdv.lab.eng.bos.redhat.com NetworkManager[18644]: [1706257489.1882] platform: (hosta_nic) address: skip updating IPv6 address: 2001:db8:f::a/64 lft forever pref forever lifetime 44107-0[4294967295,4294967295] dev 983 src user
Jan 26 03:24:49 wsfd-netdev34-vm-7.ntdv.lab.eng.bos.redhat.com NetworkManager[18644]: [1706257489.1882] l3cfg[000055940b446e10,ifindex=983]: emit signal (post-commit)
Jan 26 03:24:49 wsfd-netdev34-vm-7.ntdv.lab.eng.bos.redhat.com NetworkManager[18644]: [1706257489.1883] device[000055940b6b6650] (hosta_nic): ip4: check-state: state done => done, is_failed=0, is_pending=0, is_started=1 temp_na=0, may-fail-4=1, may-fail-6=1;; manualip4=done; manualip6=done ll6=done
Jan 26 03:24:49 wsfd-netdev34-vm-7.ntdv.lab.eng.bos.redhat.com NetworkManager[18644]: [1706257489.1883] device[000055940b6b6650] (hosta_nic): ip: check-state: (combined) state done => done
Jan 26 03:24:49 wsfd-netdev34-vm-7.ntdv.lab.eng.bos.redhat.com NetworkManager[18644]: [1706257489.1883] device[000055940b6b6650] (hosta_nic): ip6: check-state: state done => done, is_failed=0, is_pending=0, is_started=1 temp_na=0, may-fail-4=1, may-fail-6=1;; manualip4=done; manualip6=done ll6=done
Jan 26 03:24:49 wsfd-netdev34-vm-7.ntdv.lab.eng.bos.redhat.com NetworkManager[18644]: [1706257489.1883] device[000055940b6b6650] (hosta_nic): ip: check-state: (combined) state done => done
Jan 26 03:24:49 wsfd-netdev34-vm-7.ntdv.lab.eng.bos.redhat.com NetworkManager[18644]: [1706257489.1891] vpn[0x55940b5221c0,a269384e-cb40-4493-899d-eacaafff87be,"hosta_conn",dev:983]: config4: reply received
Jan 26 03:24:49 wsfd-netdev34-vm-7.ntdv.lab.eng.bos.redhat.com NetworkManager[18644]: [1706257489.1892] vpn[0x55940b5221c0,a269384e-cb40-4493-899d-eacaafff87be,"hosta_conn",dev:983]: l3cd[ip-4]: set 000055940b687970
Jan 26 03:24:49 wsfd-netdev34-vm-7.ntdv.lab.eng.bos.redhat.com NetworkManager[18644]: [1706257489.1892] vpn-config: l3cd "l3cd[ip-4]" (000055940b687970, ifindex=983, source=vpn)
Jan 26 03:24:49 wsfd-netdev34-vm-7.ntdv.lab.eng.bos.redhat.com NetworkManager[18644]: [1706257489.1892] vpn-config: address4[0]: 203.0.113.103/32 lft forever pref forever lifetime 44107-0[0,0] dev 983 src vpn
Jan 26 03:24:49 wsfd-netdev34-vm-7.ntdv.lab.eng.bos.redhat.com NetworkManager[18644]: [1706257489.1893] vpn-config: route4[0]: type unicast table ?? 0.0.0.0/1 via 192.0.2.154 dev 983 metric ?? mss 0 rt-src vpn pref-src 203.0.113.103
Jan 26 03:24:49 wsfd-netdev34-vm-7.ntdv.lab.eng.bos.redhat.com NetworkManager[18644]: [1706257489.1893] vpn-config: route4[1]: type unicast table ?? 128.0.0.0/1 via 192.0.2.154 dev 983 metric ?? mss 0 rt-src vpn pref-src 203.0.113.103
Jan 26 03:24:49 wsfd-netdev34-vm-7.ntdv.lab.eng.bos.redhat.com NetworkManager[18644]: [1706257489.1893] vpn-config: route4[2]: [DEFAULT] type unicast table ?? 0.0.0.0/0 via 192.0.2.154 dev 983 metric ?? mss 0 rt-src vpn
Jan 26 03:24:49 wsfd-netdev34-vm-7.ntdv.lab.eng.bos.redhat.com NetworkManager[18644]: [1706257489.1893] vpn-config: dns-priority4: 50
Jan 26 03:24:49 wsfd-netdev34-vm-7.ntdv.lab.eng.bos.redhat.com NetworkManager[18644]: [1706257489.1893] vpn[0x55940b5221c0,a269384e-cb40-4493-899d-eacaafff87be,"hosta_conn",dev:983]: l3cd[static]: set 000055940b701970
Jan 26 03:24:49 wsfd-netdev34-vm-7.ntdv.lab.eng.bos.redhat.com NetworkManager[18644]: [1706257489.1893] vpn-config: l3cd "l3cd[static]" (000055940b701970, ifindex=983, source=user)
Jan 26 03:24:49 wsfd-netdev34-vm-7.ntdv.lab.eng.bos.redhat.com NetworkManager[18644]: [1706257489.1893] vpn-config: dns-priority4: 0
Jan 26 03:24:49 wsfd-netdev34-vm-7.ntdv.lab.eng.bos.redhat.com NetworkManager[18644]: [1706257489.1893] vpn-config: never-default: no
Jan 26 03:24:49 wsfd-netdev34-vm-7.ntdv.lab.eng.bos.redhat.com NetworkManager[18644]: [1706257489.1893] vpn-config: dns-priority6: 0
Jan 26 03:24:49 wsfd-netdev34-vm-7.ntdv.lab.eng.bos.redhat.com NetworkManager[18644]: [1706257489.1893] vpn-config: never-default: no
Jan 26 03:24:49 wsfd-netdev34-vm-7.ntdv.lab.eng.bos.redhat.com NetworkManager[18644]: [1706257489.1894] vpn-config: proxy-browser-only: no
Jan 26 03:24:49 wsfd-netdev34-vm-7.ntdv.lab.eng.bos.redhat.com NetworkManager[18644]: [1706257489.1894] vpn-config: proxy-method: none
Jan 26 03:24:49 wsfd-netdev34-vm-7.ntdv.lab.eng.bos.redhat.com NetworkManager[18644]: [1706257489.1894] platform: route: get IPv4 route for: 192.0.2.154 oif 983
Jan 26 03:24:49 wsfd-netdev34-vm-7.ntdv.lab.eng.bos.redhat.com NetworkManager[18644]: [1706257489.1894] platform-linux: delayed-action: schedule wait-for-response-rtnl (seq 50242, timeout in 0.199997941, response-type 2)
Jan 26 03:24:49 wsfd-netdev34-vm-7.ntdv.lab.eng.bos.redhat.com NetworkManager[18644]: [1706257489.1894] platform-linux: delayed-action: handle wait-for-response-rtnl (any)
Jan 26 03:24:49 wsfd-netdev34-vm-7.ntdv.lab.eng.bos.redhat.com NetworkManager[18644]: [1706257489.1894] platform-linux: rtnl: recvmsg: new message RTM_NEWROUTE, flags 0, seq 50242
Jan 26 03:24:49 wsfd-netdev34-vm-7.ntdv.lab.eng.bos.redhat.com NetworkManager[18644]: [1706257489.1894] platform-linux: event-notification: RTM_NEWROUTE, flags 0, seq 50242: type unicast 192.0.2.154/32 dev 983 metric 0 mss 0 rt-src rt-unspec rtm_flags cloned scope global pref-src 192.0.2.251
Jan 26 03:24:49 wsfd-netdev34-vm-7.ntdv.lab.eng.bos.redhat.com NetworkManager[18644]: [1706257489.1894] platform-linux: rtnl: recvmsg: new message NLMSG_ERROR, flags 0x0100, seq 50242
Jan 26 03:24:49 wsfd-netdev34-vm-7.ntdv.lab.eng.bos.redhat.com NetworkManager[18644]: [1706257489.1895] platform-linux: delayed-action: complete wait-for-response-rtnl (seq 50242, timeout in 0.199937743, response-type 2, success)
Jan 26 03:24:49 wsfd-netdev34-vm-7.ntdv.lab.eng.bos.redhat.com NetworkManager[18644]: [1706257489.1895] platform: route: get IPv4 route for: 192.0.2.154 succeeded: type unicast 192.0.2.154/32 dev 983 metric 0 mss 0 rt-src rt-unspec rtm_flags cloned scope global pref-src 192.0.2.251
Jan 26 03:24:49 wsfd-netdev34-vm-7.ntdv.lab.eng.bos.redhat.com NetworkManager[18644]: [1706257489.1895] vpn[0x55940b5221c0,a269384e-cb40-4493-899d-eacaafff87be,"hosta_conn",dev:983]: apply-config
Jan 26 03:24:49 wsfd-netdev34-vm-7.ntdv.lab.eng.bos.redhat.com NetworkManager[18644]: [1706257489.1895] platform-linux: link: change 983: flags: set 0x1/0x1 ([up] / [up])
Jan 26 03:24:49 wsfd-netdev34-vm-7.ntdv.lab.eng.bos.redhat.com NetworkManager[18644]: [1706257489.1896] platform-linux: delayed-action: schedule wait-for-response-rtnl (seq 50243, timeout in 0.199998373, response-type 0)
Jan 26 03:24:49 wsfd-netdev34-vm-7.ntdv.lab.eng.bos.redhat.com NetworkManager[18644]: [1706257489.1896] platform-linux: delayed-action: schedule refresh-link (ifindex 983)
Jan 26 03:24:49 wsfd-netdev34-vm-7.ntdv.lab.eng.bos.redhat.com NetworkManager[18644]: [1706257489.1896] platform-linux: delayed-action: handle refresh-link (ifindex 983)
Jan 26 03:24:49 wsfd-netdev34-vm-7.ntdv.lab.eng.bos.redhat.com NetworkManager[18644]: [1706257489.1896] platform-linux: do-request-link: 983
Jan 26 03:24:49 wsfd-netdev34-vm-7.ntdv.lab.eng.bos.redhat.com NetworkManager[18644]: [1706257489.1896] platform-linux: rtnl: recvmsg: new message NLMSG_ERROR, flags 0x0100, seq 50243
Jan 26 03:24:49 wsfd-netdev34-vm-7.ntdv.lab.eng.bos.redhat.com NetworkManager[18644]: [1706257489.1896] platform-linux: delayed-action: complete wait-for-response-rtnl (seq 50243, timeout in 0.199955251, response-type 0, success)
Jan 26 03:24:49 wsfd-netdev34-vm-7.ntdv.lab.eng.bos.redhat.com NetworkManager[18644]: [1706257489.1896] platform-linux: delayed-action: schedule wait-for-response-rtnl (seq 50244, timeout in 0.199998609, response-type 0)
Jan 26 03:24:49 wsfd-netdev34-vm-7.ntdv.lab.eng.bos.redhat.com NetworkManager[18644]: [1706257489.1896] platform-linux: delayed-action: handle wait-for-response-rtnl (any)
Jan 26 03:24:49 wsfd-netdev34-vm-7.ntdv.lab.eng.bos.redhat.com NetworkManager[18644]: [1706257489.1897] platform-linux: rtnl: recvmsg: new message RTM_NEWLINK, flags 0, seq 50244
Jan 26 03:24:49 wsfd-netdev34-vm-7.ntdv.lab.eng.bos.redhat.com NetworkManager[18644]: [1706257489.1897] platform-linux: event-notification: RTM_NEWLINK, flags 0, seq 50244: 983: hosta_nic@other-netns mtu 1500 arp 1 veth* not-init addrgenmode none addr C2:33:06:24:71:17 brd FF:FF:FF:FF:FF:FF tx-queue-len 1000 gso-max-size 65536 gso-max-segs 65535 gro-max-size 65536 rx:79,41042 tx:108,14033
Jan 26 03:24:49 wsfd-netdev34-vm-7.ntdv.lab.eng.bos.redhat.com NetworkManager[18644]: [1706257489.1897] platform-linux: update-cache-link: UPDATE: [link,000055940b35c260,3,+alive,+visible,+in-nl,000055940b4ed1c0; 983: hosta_nic@other-netns mtu 1500 arp 1 veth* init addrgenmode none addr C2:33:06:24:71:17 brd FF:FF:FF:FF:FF:FF driver veth tx-queue-len 1000 gso-max-size 65536 gso-max-segs 65535 gro-max-size 65536 rx:75,39614 tx:104,11958] -> [link,000055940b35c370,4,+alive,+visible,+in-nl,000055940b4ed1c0; 983: hosta_nic@other-netns mtu 1500 arp 1 veth* init addrgenmode none addr C2:33:06:24:71:17 brd FF:FF:FF:FF:FF:FF driver veth tx-queue-len 1000 gso-max-size 65536 gso-max-segs 65535 gro-max-size 65536 rx:79,41042 tx:108,14033]
Jan 26 03:24:49 wsfd-netdev34-vm-7.ntdv.lab.eng.bos.redhat.com NetworkManager[18644]: [1706257489.1897] platform: (hosta_nic) emit signal link-changed changed: 983: hosta_nic@other-netns mtu 1500 arp 1 veth* init addrgenmode none addr C2:33:06:24:71:17 brd FF:FF:FF:FF:FF:FF driver veth tx-queue-len 1000 gso-max-size 65536 gso-max-segs 65535 gro-max-size 65536 rx:79,41042 tx:108,14033
Jan 26 03:24:49 wsfd-netdev34-vm-7.ntdv.lab.eng.bos.redhat.com NetworkManager[18644]: [1706257489.1897] platform: (hosta_nic) signal: link changed: 983: hosta_nic@other-netns mtu 1500 arp 1 veth* init addrgenmode none addr C2:33:06:24:71:17 brd FF:FF:FF:FF:FF:FF driver veth tx-queue-len 1000 gso-max-size 65536 gso-max-segs 65535 gro-max-size 65536 rx:79,41042 tx:108,14033
Jan 26 03:24:49 wsfd-netdev34-vm-7.ntdv.lab.eng.bos.redhat.com NetworkManager[18644]: [1706257489.1898] l3cfg[000055940b446e10,ifindex=983]: emit signal (platform-change, obj-type=link, change=changed, obj=983: hosta_nic@other-netns mtu 1500 arp 1 veth* init addrgenmode none addr C2:33:06:24:71:17 brd FF:FF:FF:FF:FF:FF driver veth tx-queue-len 1000 gso-max-size 65536 gso-max-segs 65535 gro-max-size 65536 rx:79,41042 tx:108,14033)
Jan 26 03:24:49 wsfd-netdev34-vm-7.ntdv.lab.eng.bos.redhat.com NetworkManager[18644]: [1706257489.1898] device[000055940b6b6650] (hosta_nic): queued link change for ifindex 983
Jan 26 03:24:49 wsfd-netdev34-vm-7.ntdv.lab.eng.bos.redhat.com NetworkManager[18644]: [1706257489.1898] platform-linux: rtnl: recvmsg: new message NLMSG_ERROR, flags 0x0100, seq 50244
Jan 26 03:24:49 wsfd-netdev34-vm-7.ntdv.lab.eng.bos.redhat.com NetworkManager[18644]: [1706257489.1898] platform-linux: delayed-action: complete wait-for-response-rtnl (seq 50244, timeout in 0.199815680, response-type 0, success)
Jan 26 03:24:49 wsfd-netdev34-vm-7.ntdv.lab.eng.bos.redhat.com NetworkManager[18644]: [1706257489.1898] platform-linux: do-change-link[983]: success
Jan 26 03:24:49 wsfd-netdev34-vm-7.ntdv.lab.eng.bos.redhat.com NetworkManager[18644]: [1706257489.1898] l3cfg[000055940b446e10,ifindex=983]: IP configuration changed (mark dirty): configuration added
Jan 26 03:24:49 wsfd-netdev34-vm-7.ntdv.lab.eng.bos.redhat.com NetworkManager[18644]: [1706257489.1898] l3cfg[000055940b446e10,ifindex=983]: schedule commit on idle (auto)
Jan 26 03:24:49 wsfd-netdev34-vm-7.ntdv.lab.eng.bos.redhat.com NetworkManager[18644]: [1706257489.1899] vpn[0x55940b5221c0,a269384e-cb40-4493-899d-eacaafff87be,"hosta_conn",dev:983]: l3cd[static]: add-config 000055940b701970
Jan 26 03:24:49 wsfd-netdev34-vm-7.ntdv.lab.eng.bos.redhat.com NetworkManager[18644]: [1706257489.1899] l3cfg[000055940b446e10,ifindex=983]: IP configuration changed (mark dirty): configuration added
Jan 26 03:24:49 wsfd-netdev34-vm-7.ntdv.lab.eng.bos.redhat.com NetworkManager[18644]: [1706257489.1899] vpn[0x55940b5221c0,a269384e-cb40-4493-899d-eacaafff87be,"hosta_conn",dev:983]: l3cd[generic]: add-config 000055940b687330
Jan 26 03:24:49 wsfd-netdev34-vm-7.ntdv.lab.eng.bos.redhat.com NetworkManager[18644]: [1706257489.1899] l3cfg[000055940b446e10,ifindex=983]: IP configuration changed (mark dirty): configuration added
Jan 26 03:24:49 wsfd-netdev34-vm-7.ntdv.lab.eng.bos.redhat.com NetworkManager[18644]: [1706257489.1899] vpn[0x55940b5221c0,a269384e-cb40-4493-899d-eacaafff87be,"hosta_conn",dev:983]: l3cd[ip-4]: add-config 000055940b687970
Jan 26 03:24:49 wsfd-netdev34-vm-7.ntdv.lab.eng.bos.redhat.com NetworkManager[18644]: [1706257489.1899] l3cfg[000055940b446e10,ifindex=983]: emit signal (platform-change-on-idle, obj-type-flags=0x2)
Jan 26 03:24:49 wsfd-netdev34-vm-7.ntdv.lab.eng.bos.redhat.com NetworkManager[18644]: [1706257489.1900] l3cfg[000055940b446e10,ifindex=983]: commit update (auto) (idle handler)
Jan 26 03:24:49 wsfd-netdev34-vm-7.ntdv.lab.eng.bos.redhat.com NetworkManager[18644]: [1706257489.1900] l3cfg[000055940b446e10,ifindex=983]: acd[203.0.113.103, init]: track [l3cd=000055940b687970,obj=000055940b4a3640,tag=000055940b5222e8] with timeout 0 msec, defend=once (new)
Jan 26 03:24:49 wsfd-netdev34-vm-7.ntdv.lab.eng.bos.redhat.com NetworkManager[18644]: [1706257489.1900] l3cfg[000055940b446e10,ifindex=983]: acd[203.0.113.103, init]: skip probing (acd disabled by configuration, during pre-check)
Jan 26 03:24:49 wsfd-netdev34-vm-7.ntdv.lab.eng.bos.redhat.com NetworkManager[18644]: [1706257489.1900] l3cfg[000055940b446e10,ifindex=983]: acd[203.0.113.103, ready]: set state to ready
Jan 26 03:24:49 wsfd-netdev34-vm-7.ntdv.lab.eng.bos.redhat.com NetworkManager[18644]: [1706257489.1901] l3cfg[000055940b446e10,ifindex=983]: emit signal (l3cd-changed, l3cd-old=[000055940b687b00], l3cd-new=[000055940b6ff320], commited=0)
Jan 26 03:24:49 wsfd-netdev34-vm-7.ntdv.lab.eng.bos.redhat.com NetworkManager[18644]: [1706257489.1902] l3cfg[000055940b446e10,ifindex=983]: obj-state: track: [000055940b6b3dc0, ip4-address, 203.0.113.103/32 lft forever pref forever lifetime 44107-0[0,0] dev 983 src vpn]
Jan 26 03:24:49 wsfd-netdev34-vm-7.ntdv.lab.eng.bos.redhat.com NetworkManager[18644]: [1706257489.1902] l3cfg[000055940b446e10,ifindex=983]: obj-state: track: [000055940b707f80, ip4-route, type unicast 0.0.0.0/1 via 192.0.2.154 dev 983 metric 50 mss 0 rt-src vpn pref-src 203.0.113.103]
Jan 26 03:24:49 wsfd-netdev34-vm-7.ntdv.lab.eng.bos.redhat.com NetworkManager[18644]: [1706257489.1902] l3cfg[000055940b446e10,ifindex=983]: obj-state: track: [000055940b6432c0, ip4-route, type unicast 128.0.0.0/1 via 192.0.2.154 dev 983 metric 50 mss 0 rt-src vpn pref-src 203.0.113.103]
Jan 26 03:24:49 wsfd-netdev34-vm-7.ntdv.lab.eng.bos.redhat.com NetworkManager[18644]: [1706257489.1902] l3cfg[000055940b446e10,ifindex=983]: obj-state: track: [000055940b7021c0, ip4-route, type unicast 0.0.0.0/0 via 192.0.2.154 dev 983 metric 50 mss 0 rt-src vpn]
Jan 26 03:24:49 wsfd-netdev34-vm-7.ntdv.lab.eng.bos.redhat.com NetworkManager[18644]: [1706257489.1902] l3cfg[000055940b446e10,ifindex=983]: emit signal (l3cd-changed, l3cd-old=[000055940b687b00], l3cd-new=[000055940b6ff320], commited=1)
Jan 26 03:24:49 wsfd-netdev34-vm-7.ntdv.lab.eng.bos.redhat.com NetworkManager[18644]: [1706257489.1902] dns-mgr: (device_l3cd_changed): queueing DNS updates (1)
Jan 26 03:24:49 wsfd-netdev34-vm-7.ntdv.lab.eng.bos.redhat.com NetworkManager[18644]: [1706257489.1903] policy: set-hostname: updating hostname (ip conf)
Jan 26 03:24:49 wsfd-netdev34-vm-7.ntdv.lab.eng.bos.redhat.com NetworkManager[18644]: [1706257489.1903] policy: get-hostname: "wsfd-netdev34-vm-7.ntdv.lab.eng.bos.redhat.com" (from dbus)
Jan 26 03:24:49 wsfd-netdev34-vm-7.ntdv.lab.eng.bos.redhat.com NetworkManager[18644]: [1706257489.1903] policy: get-hostname: "wsfd-netdev34-vm-7.ntdv.lab.eng.bos.redhat.com" (from dbus)
Jan 26 03:24:49 wsfd-netdev34-vm-7.ntdv.lab.eng.bos.redhat.com NetworkManager[18644]: [1706257489.1903] policy: set-hostname: hostname already set to 'wsfd-netdev34-vm-7.ntdv.lab.eng.bos.redhat.com' (from system configuration)
Jan 26 03:24:49 wsfd-netdev34-vm-7.ntdv.lab.eng.bos.redhat.com NetworkManager[18644]: [1706257489.1903] dns-mgr: (device_l3cd_changed): DNS configuration did not change
Jan 26 03:24:49 wsfd-netdev34-vm-7.ntdv.lab.eng.bos.redhat.com NetworkManager[18644]: [1706257489.1903] dns-mgr: (device_l3cd_changed): no DNS changes to commit (0)
Jan 26 03:24:49 wsfd-netdev34-vm-7.ntdv.lab.eng.bos.redhat.com NetworkManager[18644]: [1706257489.1903] l3cfg[000055940b446e10,ifindex=983]: IP configuration changed (merged=>[000055940b6ff320], commited=>[000055940b6ff320])
Jan 26 03:24:49 wsfd-netdev34-vm-7.ntdv.lab.eng.bos.redhat.com NetworkManager[18644]: [1706257489.1903] l3cfg[000055940b446e10,ifindex=983]: l3cd (000055940b6ff320, ifindex=983)
Jan 26 03:24:49 wsfd-netdev34-vm-7.ntdv.lab.eng.bos.redhat.com NetworkManager[18644]: [1706257489.1903] l3cfg[000055940b446e10,ifindex=983]: address4[0]: 192.0.2.251/24 brd* 192.0.2.255 lft forever pref forever lifetime 44107-0[4294967295,4294967295] dev 983 src user
Jan 26 03:24:49 wsfd-netdev34-vm-7.ntdv.lab.eng.bos.redhat.com NetworkManager[18644]: [1706257489.1904] l3cfg[000055940b446e10,ifindex=983]: address4[1]: 192.0.2.250/24 brd* 192.0.2.255 lft forever pref forever lifetime 44107-0[4294967295,4294967295] dev 983 src user
Jan 26 03:24:49 wsfd-netdev34-vm-7.ntdv.lab.eng.bos.redhat.com NetworkManager[18644]: [1706257489.1904] l3cfg[000055940b446e10,ifindex=983]: address4[2]: 192.0.2.249/24 brd* 192.0.2.255 lft forever pref forever lifetime 44107-0[4294967295,4294967295] dev 983 src user
Jan 26 03:24:49 wsfd-netdev34-vm-7.ntdv.lab.eng.bos.redhat.com NetworkManager[18644]: [1706257489.1904] l3cfg[000055940b446e10,ifindex=983]: address4[3]: 192.0.2.248/24 brd* 192.0.2.255 lft forever pref forever lifetime 44107-0[4294967295,4294967295] dev 983 src user
Jan 26 03:24:49 wsfd-netdev34-vm-7.ntdv.lab.eng.bos.redhat.com NetworkManager[18644]: [1706257489.1904] l3cfg[000055940b446e10,ifindex=983]: address4[4]: 192.0.2.247/24 brd* 192.0.2.255 lft forever pref forever lifetime 44107-0[4294967295,4294967295] dev 983 src user
Jan 26 03:24:49 wsfd-netdev34-vm-7.ntdv.lab.eng.bos.redhat.com NetworkManager[18644]: [1706257489.1904] l3cfg[000055940b446e10,ifindex=983]: address4[5]: 203.0.113.103/32 lft forever pref forever lifetime 44107-0[0,0] dev 983 src vpn
Jan 26 03:24:49 wsfd-netdev34-vm-7.ntdv.lab.eng.bos.redhat.com NetworkManager[18644]: [1706257489.1904] l3cfg[000055940b446e10,ifindex=983]: route4[0]: [DEFAULT] type unicast 0.0.0.0/0 via 192.0.2.152 dev 983 metric 0 mss 0 rt-src user
Jan 26 03:24:49 wsfd-netdev34-vm-7.ntdv.lab.eng.bos.redhat.com NetworkManager[18644]: [1706257489.1904] l3cfg[000055940b446e10,ifindex=983]: route4[1]: type unicast 0.0.0.0/1 via 192.0.2.154 dev 983 metric 50 mss 0 rt-src vpn pref-src 203.0.113.103
Jan 26 03:24:49 wsfd-netdev34-vm-7.ntdv.lab.eng.bos.redhat.com NetworkManager[18644]: [1706257489.1904] l3cfg[000055940b446e10,ifindex=983]: route4[2]: type unicast 128.0.0.0/1 via 192.0.2.154 dev 983 metric 50 mss 0 rt-src vpn pref-src 203.0.113.103
Jan 26 03:24:49 wsfd-netdev34-vm-7.ntdv.lab.eng.bos.redhat.com NetworkManager[18644]: [1706257489.1904] l3cfg[000055940b446e10,ifindex=983]: route4[3]: type unicast 0.0.0.0/0 via 192.0.2.154 dev 983 metric 50 mss 0 rt-src vpn
Jan 26 03:24:49 wsfd-netdev34-vm-7.ntdv.lab.eng.bos.redhat.com NetworkManager[18644]: [1706257489.1904] l3cfg[000055940b446e10,ifindex=983]: route4[4]: type unicast 192.0.2.0/24 dev 983 metric 101 mss 0 rt-src rt-kernel scope link pref-src 192.0.2.251
Jan 26 03:24:49 wsfd-netdev34-vm-7.ntdv.lab.eng.bos.redhat.com NetworkManager[18644]: [1706257489.1904] l3cfg[000055940b446e10,ifindex=983]: route4[5]: type unicast 192.0.2.0/24 dev 983 metric 101 mss 0 rt-src rt-kernel scope link pref-src 192.0.2.250
Jan 26 03:24:49 wsfd-netdev34-vm-7.ntdv.lab.eng.bos.redhat.com NetworkManager[18644]: [1706257489.1905] l3cfg[000055940b446e10,ifindex=983]: route4[6]: type unicast 192.0.2.0/24 dev 983 metric 101 mss 0 rt-src rt-kernel scope link pref-src 192.0.2.249
Jan 26 03:24:49 wsfd-netdev34-vm-7.ntdv.lab.eng.bos.redhat.com NetworkManager[18644]: [1706257489.1905] l3cfg[000055940b446e10,ifindex=983]: route4[7]: type unicast 192.0.2.0/24 dev 983 metric 101 mss 0 rt-src rt-kernel scope link pref-src 192.0.2.248
Jan 26 03:24:49 wsfd-netdev34-vm-7.ntdv.lab.eng.bos.redhat.com NetworkManager[18644]: [1706257489.1905] l3cfg[000055940b446e10,ifindex=983]: route4[8]: type unicast 192.0.2.0/24 dev 983 metric 101 mss 0 rt-src rt-kernel scope link pref-src 192.0.2.247
Jan 26 03:24:49 wsfd-netdev34-vm-7.ntdv.lab.eng.bos.redhat.com NetworkManager[18644]: [1706257489.1905] l3cfg[000055940b446e10,ifindex=983]: dns-priority4: 100
Jan 26 03:24:49 wsfd-netdev34-vm-7.ntdv.lab.eng.bos.redhat.com NetworkManager[18644]: [1706257489.1905] l3cfg[000055940b446e10,ifindex=983]: never-default: no
Jan 26 03:24:49 wsfd-netdev34-vm-7.ntdv.lab.eng.bos.redhat.com NetworkManager[18644]: [1706257489.1905] l3cfg[000055940b446e10,ifindex=983]: address6[0]: 2001:db8:f::a/64 lft forever pref forever lifetime 44107-0[4294967295,4294967295] dev 983 src user
Jan 26 03:24:49 wsfd-netdev34-vm-7.ntdv.lab.eng.bos.redhat.com NetworkManager[18644]: [1706257489.1905] l3cfg[000055940b446e10,ifindex=983]: address6[1]: 2001:db8:e::a/64 lft forever pref forever lifetime 44107-0[4294967295,4294967295] dev 983 src user
Jan 26 03:24:49 wsfd-netdev34-vm-7.ntdv.lab.eng.bos.redhat.com NetworkManager[18644]: [1706257489.1905] l3cfg[000055940b446e10,ifindex=983]: address6[2]: fe80::c033:6ff:fe24:7117/64 lft forever pref forever lifetime 44107-0[0,0] dev 983 src ipv6ll
Jan 26 03:24:49 wsfd-netdev34-vm-7.ntdv.lab.eng.bos.redhat.com NetworkManager[18644]: [1706257489.1905] l3cfg[000055940b446e10,ifindex=983]: ip6-privacy: disabled
Jan 26 03:24:49 wsfd-netdev34-vm-7.ntdv.lab.eng.bos.redhat.com NetworkManager[18644]: [1706257489.1905] l3cfg[000055940b446e10,ifindex=983]: route6[0]: type unicast ::/128 via 2001:db8:f::b dev 983 metric 1024 mss 0 rt-src user
Jan 26 03:24:49 wsfd-netdev34-vm-7.ntdv.lab.eng.bos.redhat.com NetworkManager[18644]: [1706257489.1905] l3cfg[000055940b446e10,ifindex=983]: route6[1]: type unicast fe80::/64 dev 983 metric 1024 mss 0 rt-src ipv6ll
Jan 26 03:24:49 wsfd-netdev34-vm-7.ntdv.lab.eng.bos.redhat.com NetworkManager[18644]: [1706257489.1906] l3cfg[000055940b446e10,ifindex=983]: route6[2]: type unicast 2001:db8:f::/64 dev 983 metric 101 mss 0 rt-src rt-kernel
Jan 26 03:24:49 wsfd-netdev34-vm-7.ntdv.lab.eng.bos.redhat.com NetworkManager[18644]: [1706257489.1906] l3cfg[000055940b446e10,ifindex=983]: route6[3]: type unicast 2001:db8:e::/64 dev 983 metric 101 mss 0 rt-src rt-kernel
Jan 26 03:24:49 wsfd-netdev34-vm-7.ntdv.lab.eng.bos.redhat.com NetworkManager[18644]: [1706257489.1906] l3cfg[000055940b446e10,ifindex=983]: dns-priority6: 100
Jan 26 03:24:49 wsfd-netdev34-vm-7.ntdv.lab.eng.bos.redhat.com NetworkManager[18644]: [1706257489.1906] l3cfg[000055940b446e10,ifindex=983]: never-default: no
Jan 26 03:24:49 wsfd-netdev34-vm-7.ntdv.lab.eng.bos.redhat.com NetworkManager[18644]: [1706257489.1906] l3cfg[000055940b446e10,ifindex=983]: mptcp-flags: disabled
Jan 26 03:24:49 wsfd-netdev34-vm-7.ntdv.lab.eng.bos.redhat.com NetworkManager[18644]: [1706257489.1906] l3cfg[000055940b446e10,ifindex=983]: proxy-browser-only: no
Jan 26 03:24:49 wsfd-netdev34-vm-7.ntdv.lab.eng.bos.redhat.com NetworkManager[18644]: [1706257489.1906] l3cfg[000055940b446e10,ifindex=983]: proxy-method: none
Jan 26 03:24:49 wsfd-netdev34-vm-7.ntdv.lab.eng.bos.redhat.com NetworkManager[18644]: [1706257489.1906] l3cfg[000055940b446e10,ifindex=983]: emit signal (pre-commit)
Jan 26 03:24:49 wsfd-netdev34-vm-7.ntdv.lab.eng.bos.redhat.com NetworkManager[18644]: [1706257489.1906] l3cfg[000055940b446e10,ifindex=983]: committing IPv4 configuration (update)
Jan 26 03:24:49 wsfd-netdev34-vm-7.ntdv.lab.eng.bos.redhat.com NetworkManager[18644]: [1706257489.1906] l3cfg[000055940b446e10,ifindex=983]: obj-state: configure-first-time: [000055940b6b3dc0, ip4-address, 203.0.113.103/32 lft forever pref forever lifetime 44107-0[0,0] dev 983 src vpn], nm-configured
Jan 26 03:24:49 wsfd-netdev34-vm-7.ntdv.lab.eng.bos.redhat.com NetworkManager[18644]: [1706257489.1907] l3cfg[000055940b446e10,ifindex=983]: obj-state: configure-first-time: [000055940b707f80, ip4-route, type unicast 0.0.0.0/1 via 192.0.2.154 dev 983 metric 50 mss 0 rt-src vpn pref-src 203.0.113.103], nm-configured
Jan 26 03:24:49 wsfd-netdev34-vm-7.ntdv.lab.eng.bos.redhat.com NetworkManager[18644]: [1706257489.1907] l3cfg[000055940b446e10,ifindex=983]: obj-state: configure-first-time: [000055940b6432c0, ip4-route, type unicast 128.0.0.0/1 via 192.0.2.154 dev 983 metric 50 mss 0 rt-src vpn pref-src 203.0.113.103], nm-configured
Jan 26 03:24:49 wsfd-netdev34-vm-7.ntdv.lab.eng.bos.redhat.com NetworkManager[18644]: [1706257489.1907] l3cfg[000055940b446e10,ifindex=983]: obj-state: configure-first-time: [000055940b7021c0, ip4-route, type unicast 0.0.0.0/0 via 192.0.2.154 dev 983 metric 50 mss 0 rt-src vpn], nm-configured
Jan 26 03:24:49 wsfd-netdev34-vm-7.ntdv.lab.eng.bos.redhat.com NetworkManager[18644]: [1706257489.1907] netns[000055940b33dc20]: ecmp-route: committing IPv4 ECMP routes
Jan 26 03:24:49 wsfd-netdev34-vm-7.ntdv.lab.eng.bos.redhat.com NetworkManager[18644]: [1706257489.1907] platform-linux: delayed-action: schedule read-rtnl
Jan 26 03:24:49 wsfd-netdev34-vm-7.ntdv.lab.eng.bos.redhat.com NetworkManager[18644]: [1706257489.1907] platform-linux: delayed-action: schedule read-genl
Jan 26 03:24:49 wsfd-netdev34-vm-7.ntdv.lab.eng.bos.redhat.com NetworkManager[18644]: [1706257489.1907] platform-linux: delayed-action: handle read-genl
Jan 26 03:24:49 wsfd-netdev34-vm-7.ntdv.lab.eng.bos.redhat.com nm-dispatcher[284630]: req:13 'vpn-pre-up' [hosta_nic]: new request (2 scripts)
Jan 26 03:24:49 wsfd-netdev34-vm-7.ntdv.lab.eng.bos.redhat.com NetworkManager[18644]: [1706257489.1907] platform-linux: delayed-action: handle read-rtnl
Jan 26 03:24:49 wsfd-netdev34-vm-7.ntdv.lab.eng.bos.redhat.com nm-dispatcher[284630]: req:13 'vpn-pre-up' [hosta_nic]: environment: CONNECTION_DBUS_PATH=/org/freedesktop/NetworkManager/Settings/1878
Jan 26 03:24:49 wsfd-netdev34-vm-7.ntdv.lab.eng.bos.redhat.com NetworkManager[18644]: [1706257489.1907] platform: (hosta_nic) address: skip updating IPv4 address: 192.0.2.251/24 brd* 192.0.2.255 lft forever pref forever lifetime 44107-0[4294967295,4294967295] dev 983 src user
Jan 26 03:24:49 wsfd-netdev34-vm-7.ntdv.lab.eng.bos.redhat.com nm-dispatcher[284630]: req:13 'vpn-pre-up' [hosta_nic]: environment: CONNECTION_FILENAME=/etc/NetworkManager/system-connections/hosta_conn.nmconnection
Jan 26 03:24:49 wsfd-netdev34-vm-7.ntdv.lab.eng.bos.redhat.com NetworkManager[18644]: [1706257489.1908] platform: (hosta_nic) address: skip updating IPv4 address: 192.0.2.250/24 brd* 192.0.2.255 lft forever pref forever lifetime 44107-0[4294967295,4294967295] dev 983 src user
Jan 26 03:24:49 wsfd-netdev34-vm-7.ntdv.lab.eng.bos.redhat.com nm-dispatcher[284630]: req:13 'vpn-pre-up' [hosta_nic]: environment: CONNECTION_UUID=a269384e-cb40-4493-899d-eacaafff87be
Jan 26 03:24:49 wsfd-netdev34-vm-7.ntdv.lab.eng.bos.redhat.com NetworkManager[18644]: [1706257489.1908] platform: (hosta_nic) address: skip updating IPv4 address: 192.0.2.249/24 brd* 192.0.2.255 lft forever pref forever lifetime 44107-0[4294967295,4294967295] dev 983 src user
Jan 26 03:24:49 wsfd-netdev34-vm-7.ntdv.lab.eng.bos.redhat.com nm-dispatcher[284630]: req:13 'vpn-pre-up' [hosta_nic]: environment: CONNECTION_ID=hosta_conn
Jan 26 03:24:49 wsfd-netdev34-vm-7.ntdv.lab.eng.bos.redhat.com NetworkManager[18644]: [1706257489.1908] platform: (hosta_nic) address: skip updating IPv4 address: 192.0.2.248/24 brd* 192.0.2.255 lft forever pref forever lifetime 44107-0[4294967295,4294967295] dev 983 src user
Jan 26 03:24:49 wsfd-netdev34-vm-7.ntdv.lab.eng.bos.redhat.com nm-dispatcher[284630]: req:13 'vpn-pre-up' [hosta_nic]: environment: DEVICE_IFACE=hosta_nic
Jan 26 03:24:49 wsfd-netdev34-vm-7.ntdv.lab.eng.bos.redhat.com NetworkManager[18644]: [1706257489.1908] platform: (hosta_nic) address: skip updating IPv4 address: 192.0.2.247/24 brd* 192.0.2.255 lft forever pref forever lifetime 44107-0[4294967295,4294967295] dev 983 src user
Jan 26 03:24:49 wsfd-netdev34-vm-7.ntdv.lab.eng.bos.redhat.com nm-dispatcher[284630]: req:13 'vpn-pre-up' [hosta_nic]: environment: DEVICE_IP_IFACE=hosta_nic
Jan 26 03:24:49 wsfd-netdev34-vm-7.ntdv.lab.eng.bos.redhat.com NetworkManager[18644]: [1706257489.1908] platform: (hosta_nic) address: adding or updating IPv4 address: 203.0.113.103/32 brd 0.0.0.0 lft forever pref forever lifetime 44107-0[4294967295,4294967295] dev 983 flags noprefixroute src unknown
Jan 26 03:24:49 wsfd-netdev34-vm-7.ntdv.lab.eng.bos.redhat.com nm-dispatcher[284630]: req:13 'vpn-pre-up' [hosta_nic]: environment: IP4_ADDRESS_0=192.0.2.251/24 192.0.2.152
Jan 26 03:24:49 wsfd-netdev34-vm-7.ntdv.lab.eng.bos.redhat.com NetworkManager[18644]: [1706257489.1908] platform-linux: delayed-action: schedule wait-for-response-rtnl (seq 50245, timeout in 0.199998103, response-type 0)
Jan 26 03:24:49 wsfd-netdev34-vm-7.ntdv.lab.eng.bos.redhat.com nm-dispatcher[284630]: req:13 'vpn-pre-up' [hosta_nic]: environment: IP4_ADDRESS_1=192.0.2.250/24 192.0.2.152
Jan 26 03:24:49 wsfd-netdev34-vm-7.ntdv.lab.eng.bos.redhat.com NetworkManager[18644]: [1706257489.1909] platform-linux: delayed-action: handle wait-for-response-rtnl (any)
Jan 26 03:24:49 wsfd-netdev34-vm-7.ntdv.lab.eng.bos.redhat.com nm-dispatcher[284630]: req:13 'vpn-pre-up' [hosta_nic]: environment: IP4_ADDRESS_2=192.0.2.249/24 192.0.2.152
Jan 26 03:24:49 wsfd-netdev34-vm-7.ntdv.lab.eng.bos.redhat.com NetworkManager[18644]: [1706257489.1909] platform-linux: rtnl: recvmsg: new message RTM_NEWADDR, flags 0, seq 50245
Jan 26 03:24:49 wsfd-netdev34-vm-7.ntdv.lab.eng.bos.redhat.com nm-dispatcher[284630]: req:13 'vpn-pre-up' [hosta_nic]: environment: IP4_ADDRESS_3=192.0.2.248/24 192.0.2.152
Jan 26 03:24:49 wsfd-netdev34-vm-7.ntdv.lab.eng.bos.redhat.com NetworkManager[18644]: [1706257489.1909] platform-linux: event-notification: RTM_NEWADDR, flags 0, seq 50245: 203.0.113.103/32 brd 0.0.0.0 lft forever pref forever lifetime 44107-0[4294967295,4294967295] dev 983 flags permanent,noprefixroute src kernel
Jan 26 03:24:49 wsfd-netdev34-vm-7.ntdv.lab.eng.bos.redhat.com nm-dispatcher[284630]: req:13 'vpn-pre-up' [hosta_nic]: environment: IP4_ADDRESS_4=192.0.2.247/24 192.0.2.152
Jan 26 03:24:49 wsfd-netdev34-vm-7.ntdv.lab.eng.bos.redhat.com NetworkManager[18644]: [1706257489.1909] platform-linux: update-cache-ip4-address: ADD: [ip4-address,000055940b6d9400,4,+alive,+visible; 203.0.113.103/32 brd 0.0.0.0 lft forever pref forever lifetime 44107-0[4294967295,4294967295] dev 983 flags permanent,noprefixroute src kernel]
Jan 26 03:24:49 wsfd-netdev34-vm-7.ntdv.lab.eng.bos.redhat.com nm-dispatcher[284630]: req:13 'vpn-pre-up' [hosta_nic]: environment: IP4_ADDRESS_5=203.0.113.103/32 192.0.2.152
Jan 26 03:24:49 wsfd-netdev34-vm-7.ntdv.lab.eng.bos.redhat.com NetworkManager[18644]: [1706257489.1909] platform: (hosta_nic) emit signal ip4-address-changed added: 203.0.113.103/32 brd 0.0.0.0 lft forever pref forever lifetime 44107-0[4294967295,4294967295] dev 983 flags permanent,noprefixroute src kernel
Jan 26 03:24:49 wsfd-netdev34-vm-7.ntdv.lab.eng.bos.redhat.com nm-dispatcher[284630]: req:13 'vpn-pre-up' [hosta_nic]: environment: IP4_NUM_ADDRESSES=6
Jan 26 03:24:49 wsfd-netdev34-vm-7.ntdv.lab.eng.bos.redhat.com NetworkManager[18644]: [1706257489.1909] platform: (hosta_nic) signal: address 4 added: 203.0.113.103/32 brd 0.0.0.0 lft forever pref forever lifetime 44107-0[4294967295,4294967295] dev 983 flags permanent,noprefixroute src kernel
Jan 26 03:24:49 wsfd-netdev34-vm-7.ntdv.lab.eng.bos.redhat.com nm-dispatcher[284630]: req:13 'vpn-pre-up' [hosta_nic]: environment: IP4_GATEWAY=192.0.2.152
Jan 26 03:24:49 wsfd-netdev34-vm-7.ntdv.lab.eng.bos.redhat.com NetworkManager[18644]: [1706257489.1909] l3cfg[000055940b446e10,ifindex=983]: obj-state: appeared in platform: [000055940b6b3dc0, ip4-address, 203.0.113.103/32 lft forever pref forever lifetime 44107-0[0,0] dev 983 src vpn], nm-configured, in-platform
Jan 26 03:24:49 wsfd-netdev34-vm-7.ntdv.lab.eng.bos.redhat.com nm-dispatcher[284630]: req:13 'vpn-pre-up' [hosta_nic]: environment: IP4_ROUTE_0=0.0.0.0/1 192.0.2.154 50
Jan 26 03:24:49 wsfd-netdev34-vm-7.ntdv.lab.eng.bos.redhat.com NetworkManager[18644]: [1706257489.1910] l3cfg[000055940b446e10,ifindex=983]: emit signal (platform-change, obj-type=ip4-address, change=added, obj=203.0.113.103/32 brd 0.0.0.0 lft forever pref forever lifetime 44107-0[4294967295,4294967295] dev 983 flags permanent,noprefixroute src kernel)
Jan 26 03:24:49 wsfd-netdev34-vm-7.ntdv.lab.eng.bos.redhat.com nm-dispatcher[284630]: req:13 'vpn-pre-up' [hosta_nic]: environment: IP4_ROUTE_1=128.0.0.0/1 192.0.2.154 50
Jan 26 03:24:49 wsfd-netdev34-vm-7.ntdv.lab.eng.bos.redhat.com NetworkManager[18644]: [1706257489.1910] platform-linux: rtnl: recvmsg: new message RTM_NEWROUTE, flags excl,create, seq 0
Jan 26 03:24:49 wsfd-netdev34-vm-7.ntdv.lab.eng.bos.redhat.com nm-dispatcher[284630]: req:13 'vpn-pre-up' [hosta_nic]: environment: IP4_ROUTE_2=192.0.2.0/24 0.0.0.0 101
Jan 26 03:24:49 wsfd-netdev34-vm-7.ntdv.lab.eng.bos.redhat.com NetworkManager[18644]: [1706257489.1910] platform-linux: event-notification: RTM_NEWROUTE, flags excl,create, seq 0: type local table 255 203.0.113.103/32 dev 983 metric 0 mss 0 rt-src rt-kernel scope host pref-src 203.0.113.103
Jan 26 03:24:49 wsfd-netdev34-vm-7.ntdv.lab.eng.bos.redhat.com nm-dispatcher[284630]: req:13 'vpn-pre-up' [hosta_nic]: environment: IP4_ROUTE_3=192.0.2.0/24 0.0.0.0 101
Jan 26 03:24:49 wsfd-netdev34-vm-7.ntdv.lab.eng.bos.redhat.com NetworkManager[18644]: [1706257489.1910] platform-linux: update-cache-ip4-route: ADD: [ip4-route,00007fefb00a5190,5,+alive,+visible; type local table 255 203.0.113.103/32 dev 983 metric 0 mss 0 rt-src rt-kernel scope host pref-src 203.0.113.103]
Jan 26 03:24:49 wsfd-netdev34-vm-7.ntdv.lab.eng.bos.redhat.com nm-dispatcher[284630]: req:13 'vpn-pre-up' [hosta_nic]: environment: IP4_ROUTE_4=192.0.2.0/24 0.0.0.0 101
Jan 26 03:24:49 wsfd-netdev34-vm-7.ntdv.lab.eng.bos.redhat.com NetworkManager[18644]: [1706257489.1910] platform: (hosta_nic) emit signal ip4-route-changed added: type local table 255 203.0.113.103/32 dev 983 metric 0 mss 0 rt-src rt-kernel scope host pref-src 203.0.113.103
Jan 26 03:24:49 wsfd-netdev34-vm-7.ntdv.lab.eng.bos.redhat.com nm-dispatcher[284630]: req:13 'vpn-pre-up' [hosta_nic]: environment: IP4_ROUTE_5=192.0.2.0/24 0.0.0.0 101
Jan 26 03:24:49 wsfd-netdev34-vm-7.ntdv.lab.eng.bos.redhat.com NetworkManager[18644]: [1706257489.1910] platform: (hosta_nic) signal: route 4 added: type local table 255 203.0.113.103/32 dev 983 metric 0 mss 0 rt-src rt-kernel scope host pref-src 203.0.113.103
Jan 26 03:24:49 wsfd-netdev34-vm-7.ntdv.lab.eng.bos.redhat.com nm-dispatcher[284630]: req:13 'vpn-pre-up' [hosta_nic]: environment: IP4_ROUTE_6=192.0.2.0/24 0.0.0.0 101
Jan 26 03:24:49 wsfd-netdev34-vm-7.ntdv.lab.eng.bos.redhat.com NetworkManager[18644]: [1706257489.1910] l3cfg[000055940b446e10,ifindex=983]: emit signal (platform-change, obj-type=ip4-route, change=added, obj=type local table 255 203.0.113.103/32 dev 983 metric 0 mss 0 rt-src rt-kernel scope host pref-src 203.0.113.103)
Jan 26 03:24:49 wsfd-netdev34-vm-7.ntdv.lab.eng.bos.redhat.com nm-dispatcher[284630]: req:13 'vpn-pre-up' [hosta_nic]: environment: IP4_NUM_ROUTES=7
Jan 26 03:24:49 wsfd-netdev34-vm-7.ntdv.lab.eng.bos.redhat.com NetworkManager[18644]: [1706257489.1911] platform-linux: rtnl: recvmsg: new message NLMSG_ERROR, flags 0x0100, seq 50245
Jan 26 03:24:49 wsfd-netdev34-vm-7.ntdv.lab.eng.bos.redhat.com nm-dispatcher[284630]: req:13 'vpn-pre-up' [hosta_nic]: environment: IP6_ADDRESS_0=2001:db8:f::a/64 0.0.0.0
Jan 26 03:24:49 wsfd-netdev34-vm-7.ntdv.lab.eng.bos.redhat.com NetworkManager[18644]: [1706257489.1911] platform-linux: delayed-action: complete wait-for-response-rtnl (seq 50245, timeout in 0.199779150, response-type 0, success)
Jan 26 03:24:49 wsfd-netdev34-vm-7.ntdv.lab.eng.bos.redhat.com nm-dispatcher[284630]: req:13 'vpn-pre-up' [hosta_nic]: environment: IP6_ADDRESS_1=2001:db8:e::a/64 0.0.0.0
Jan 26 03:24:49 wsfd-netdev34-vm-7.ntdv.lab.eng.bos.redhat.com NetworkManager[18644]: [1706257489.1911] platform-linux: do-add-ip4-address[983: 203.0.113.103/32]: success
Jan 26 03:24:49 wsfd-netdev34-vm-7.ntdv.lab.eng.bos.redhat.com nm-dispatcher[284630]: req:13 'vpn-pre-up' [hosta_nic]: environment: IP6_ADDRESS_2=fe80::c033:6ff:fe24:7117/64 0.0.0.0
Jan 26 03:24:49 wsfd-netdev34-vm-7.ntdv.lab.eng.bos.redhat.com NetworkManager[18644]: [1706257489.1911] platform: (hosta_nic) route: append IPv4 route: type unicast 0.0.0.0/1 via 192.0.2.154 dev 983 metric 50 mss 0 rt-src rt-static scope global pref-src 203.0.113.103
Jan 26 03:24:49 wsfd-netdev34-vm-7.ntdv.lab.eng.bos.redhat.com nm-dispatcher[284630]: req:13 'vpn-pre-up' [hosta_nic]: environment: IP6_NUM_ADDRESSES=3
Jan 26 03:24:49 wsfd-netdev34-vm-7.ntdv.lab.eng.bos.redhat.com NetworkManager[18644]: [1706257489.1911] platform-linux: delayed-action: schedule wait-for-response-rtnl (seq 50246, timeout in 0.199998482, response-type 0)
Jan 26 03:24:49 wsfd-netdev34-vm-7.ntdv.lab.eng.bos.redhat.com nm-dispatcher[284630]: req:13 'vpn-pre-up' [hosta_nic]: environment: IP6_GATEWAY=0.0.0.0
Jan 26 03:24:49 wsfd-netdev34-vm-7.ntdv.lab.eng.bos.redhat.com NetworkManager[18644]: [1706257489.1911] platform-linux: delayed-action: handle wait-for-response-rtnl (any)
Jan 26 03:24:49 wsfd-netdev34-vm-7.ntdv.lab.eng.bos.redhat.com nm-dispatcher[284630]: req:13 'vpn-pre-up' [hosta_nic]: environment: IP6_ROUTE_0=::/128 2001:db8:f::b 1024
Jan 26 03:24:49 wsfd-netdev34-vm-7.ntdv.lab.eng.bos.redhat.com NetworkManager[18644]: [1706257489.1911] platform-linux: rtnl: recvmsg: new message RTM_NEWROUTE, flags excl,create, seq 50246
Jan 26 03:24:49 wsfd-netdev34-vm-7.ntdv.lab.eng.bos.redhat.com nm-dispatcher[284630]: req:13 'vpn-pre-up' [hosta_nic]: environment: IP6_ROUTE_1=fe80::/64 :: 1024
Jan 26 03:24:49 wsfd-netdev34-vm-7.ntdv.lab.eng.bos.redhat.com NetworkManager[18644]: [1706257489.1911] platform-linux: event-notification: RTM_NEWROUTE, flags excl,create, seq 50246: type unicast 0.0.0.0/1 via 192.0.2.154 dev 983 metric 50 mss 0 rt-src rt-static scope global pref-src 203.0.113.103
Jan 26 03:24:49 wsfd-netdev34-vm-7.ntdv.lab.eng.bos.redhat.com nm-dispatcher[284630]: req:13 'vpn-pre-up' [hosta_nic]: environment: IP6_ROUTE_2=2001:db8:f::/64 :: 101
Jan 26 03:24:49 wsfd-netdev34-vm-7.ntdv.lab.eng.bos.redhat.com NetworkManager[18644]: [1706257489.1912] platform-linux: update-cache-ip4-route: ADD: [ip4-route,00007fefb00a4880,5,+alive,+visible; type unicast 0.0.0.0/1 via 192.0.2.154 dev 983 metric 50 mss 0 rt-src rt-static scope global pref-src 203.0.113.103]
Jan 26 03:24:49 wsfd-netdev34-vm-7.ntdv.lab.eng.bos.redhat.com nm-dispatcher[284630]: req:13 'vpn-pre-up' [hosta_nic]: environment: IP6_ROUTE_3=2001:db8:e::/64 :: 101
