Jan 26 03:24:50 wsfd-netdev34-vm-7.ntdv.lab.eng.bos.redhat.com nm-dispatcher[284630]: req:17 'vpn-pre-up' [hosta_nic]: environment: CONNECTION_UUID=016d97f3-c14b-4d39-86d8-07e9e1e506d3
Jan 26 03:24:50 wsfd-netdev34-vm-7.ntdv.lab.eng.bos.redhat.com NetworkManager[18644]: [1706257490.8591] platform-linux: rtnl: recvmsg: new message NLMSG_ERROR, flags 0x0100, seq 50267
Jan 26 03:24:50 wsfd-netdev34-vm-7.ntdv.lab.eng.bos.redhat.com nm-dispatcher[284630]: req:17 'vpn-pre-up' [hosta_nic]: environment: CONNECTION_ID=hosta_conn
Jan 26 03:24:50 wsfd-netdev34-vm-7.ntdv.lab.eng.bos.redhat.com NetworkManager[18644]: [1706257490.8591] platform-linux: delayed-action: complete wait-for-response-rtnl (seq 50267, timeout in 0.199769165, response-type 0, success)
Jan 26 03:24:50 wsfd-netdev34-vm-7.ntdv.lab.eng.bos.redhat.com nm-dispatcher[284630]: req:17 'vpn-pre-up' [hosta_nic]: environment: DEVICE_IFACE=hosta_nic
Jan 26 03:24:50 wsfd-netdev34-vm-7.ntdv.lab.eng.bos.redhat.com NetworkManager[18644]: [1706257490.8591] platform-linux: do-add-ip4-address[983: 203.0.113.2/32]: success
Jan 26 03:24:50 wsfd-netdev34-vm-7.ntdv.lab.eng.bos.redhat.com nm-dispatcher[284630]: req:17 'vpn-pre-up' [hosta_nic]: environment: DEVICE_IP_IFACE=hosta_nic
Jan 26 03:24:50 wsfd-netdev34-vm-7.ntdv.lab.eng.bos.redhat.com NetworkManager[18644]: [1706257490.8591] platform: (hosta_nic) route: append IPv4 route: type unicast 0.0.0.0/1 via 192.0.2.152 dev 983 metric 50 mss 0 rt-src rt-static scope global pref-src 203.0.113.2
Jan 26 03:24:50 wsfd-netdev34-vm-7.ntdv.lab.eng.bos.redhat.com nm-dispatcher[284630]: req:17 'vpn-pre-up' [hosta_nic]: environment: IP4_ADDRESS_0=192.0.2.251/24 192.0.2.152
Jan 26 03:24:50 wsfd-netdev34-vm-7.ntdv.lab.eng.bos.redhat.com NetworkManager[18644]: [1706257490.8591] platform-linux: delayed-action: schedule wait-for-response-rtnl (seq 50268, timeout in 0.199998534, response-type 0)
Jan 26 03:24:50 wsfd-netdev34-vm-7.ntdv.lab.eng.bos.redhat.com nm-dispatcher[284630]: req:17 'vpn-pre-up' [hosta_nic]: environment: IP4_ADDRESS_1=192.0.2.250/24 192.0.2.152
Jan 26 03:24:50 wsfd-netdev34-vm-7.ntdv.lab.eng.bos.redhat.com NetworkManager[18644]: [1706257490.8591] platform-linux: delayed-action: handle wait-for-response-rtnl (any)
Jan 26 03:24:50 wsfd-netdev34-vm-7.ntdv.lab.eng.bos.redhat.com nm-dispatcher[284630]: req:17 'vpn-pre-up' [hosta_nic]: environment: IP4_ADDRESS_2=192.0.2.249/24 192.0.2.152
Jan 26 03:24:50 wsfd-netdev34-vm-7.ntdv.lab.eng.bos.redhat.com NetworkManager[18644]: [1706257490.8591] platform-linux: rtnl: recvmsg: new message RTM_NEWROUTE, flags excl,create, seq 50268
Jan 26 03:24:50 wsfd-netdev34-vm-7.ntdv.lab.eng.bos.redhat.com nm-dispatcher[284630]: req:17 'vpn-pre-up' [hosta_nic]: environment: IP4_ADDRESS_3=192.0.2.248/24 192.0.2.152
Jan 26 03:24:50 wsfd-netdev34-vm-7.ntdv.lab.eng.bos.redhat.com NetworkManager[18644]: [1706257490.8592] platform-linux: event-notification: RTM_NEWROUTE, flags excl,create, seq 50268: type unicast 0.0.0.0/1 via 192.0.2.152 dev 983 metric 50 mss 0 rt-src rt-static scope global pref-src 203.0.113.2
Jan 26 03:24:50 wsfd-netdev34-vm-7.ntdv.lab.eng.bos.redhat.com nm-dispatcher[284630]: req:17 'vpn-pre-up' [hosta_nic]: environment: IP4_ADDRESS_4=192.0.2.247/24 192.0.2.152
Jan 26 03:24:50 wsfd-netdev34-vm-7.ntdv.lab.eng.bos.redhat.com NetworkManager[18644]: [1706257490.8592] platform-linux: update-cache-ip4-route: ADD: [ip4-route,00007fefb00a5630,5,+alive,+visible; type unicast 0.0.0.0/1 via 192.0.2.152 dev 983 metric 50 mss 0 rt-src rt-static scope global pref-src 203.0.113.2]
Jan 26 03:24:50 wsfd-netdev34-vm-7.ntdv.lab.eng.bos.redhat.com nm-dispatcher[284630]: req:17 'vpn-pre-up' [hosta_nic]: environment: IP4_ADDRESS_5=203.0.113.2/32 192.0.2.152
Jan 26 03:24:50 wsfd-netdev34-vm-7.ntdv.lab.eng.bos.redhat.com NetworkManager[18644]: [1706257490.8592] platform: (hosta_nic) emit signal ip4-route-changed added: type unicast 0.0.0.0/1 via 192.0.2.152 dev 983 metric 50 mss 0 rt-src rt-static scope global pref-src 203.0.113.2
Jan 26 03:24:50 wsfd-netdev34-vm-7.ntdv.lab.eng.bos.redhat.com nm-dispatcher[284630]: req:17 'vpn-pre-up' [hosta_nic]: environment: IP4_NUM_ADDRESSES=6
Jan 26 03:24:50 wsfd-netdev34-vm-7.ntdv.lab.eng.bos.redhat.com NetworkManager[18644]: [1706257490.8592] platform: (hosta_nic) signal: route 4 added: type unicast 0.0.0.0/1 via 192.0.2.152 dev 983 metric 50 mss 0 rt-src rt-static scope global pref-src 203.0.113.2
Jan 26 03:24:50 wsfd-netdev34-vm-7.ntdv.lab.eng.bos.redhat.com nm-dispatcher[284630]: req:17 'vpn-pre-up' [hosta_nic]: environment: IP4_GATEWAY=192.0.2.152
Jan 26 03:24:50 wsfd-netdev34-vm-7.ntdv.lab.eng.bos.redhat.com NetworkManager[18644]: [1706257490.8592] l3cfg[000055940b446e10,ifindex=983]: obj-state: appeared in platform: [000055940b4e96c0, ip4-route, type unicast 0.0.0.0/1 via 192.0.2.152 dev 983 metric 50 mss 0 rt-src vpn pref-src 203.0.113.2], nm-configured, in-platform
Jan 26 03:24:50 wsfd-netdev34-vm-7.ntdv.lab.eng.bos.redhat.com nm-dispatcher[284630]: req:17 'vpn-pre-up' [hosta_nic]: environment: IP4_ROUTE_0=0.0.0.0/1 192.0.2.152 50
Jan 26 03:24:50 wsfd-netdev34-vm-7.ntdv.lab.eng.bos.redhat.com NetworkManager[18644]: [1706257490.8592] l3cfg[000055940b446e10,ifindex=983]: emit signal (platform-change, obj-type=ip4-route, change=added, obj=type unicast 0.0.0.0/1 via 192.0.2.152 dev 983 metric 50 mss 0 rt-src rt-static scope global pref-src 203.0.113.2)
Jan 26 03:24:50 wsfd-netdev34-vm-7.ntdv.lab.eng.bos.redhat.com nm-dispatcher[284630]: req:17 'vpn-pre-up' [hosta_nic]: environment: IP4_ROUTE_1=128.0.0.0/1 192.0.2.152 50
Jan 26 03:24:50 wsfd-netdev34-vm-7.ntdv.lab.eng.bos.redhat.com NetworkManager[18644]: [1706257490.8593] platform-linux: rtnl: recvmsg: new message NLMSG_ERROR, flags 0x0100, seq 50268
Jan 26 03:24:50 wsfd-netdev34-vm-7.ntdv.lab.eng.bos.redhat.com nm-dispatcher[284630]: req:17 'vpn-pre-up' [hosta_nic]: environment: IP4_ROUTE_2=192.0.2.0/24 0.0.0.0 101
Jan 26 03:24:50 wsfd-netdev34-vm-7.ntdv.lab.eng.bos.redhat.com NetworkManager[18644]: [1706257490.8593] platform-linux: delayed-action: complete wait-for-response-rtnl (seq 50268, timeout in 0.199856855, response-type 0, success)
Jan 26 03:24:50 wsfd-netdev34-vm-7.ntdv.lab.eng.bos.redhat.com nm-dispatcher[284630]: req:17 'vpn-pre-up' [hosta_nic]: environment: IP4_ROUTE_3=192.0.2.0/24 0.0.0.0 101
Jan 26 03:24:50 wsfd-netdev34-vm-7.ntdv.lab.eng.bos.redhat.com NetworkManager[18644]: [1706257490.8593] platform-linux: do-add-ip4-route[type unicast 0.0.0.0/1 via 192.0.2.152 dev 983 metric 50 mss 0 rt-src rt-static scope global pref-src 203.0.113.2]: success
Jan 26 03:24:50 wsfd-netdev34-vm-7.ntdv.lab.eng.bos.redhat.com nm-dispatcher[284630]: req:17 'vpn-pre-up' [hosta_nic]: environment: IP4_ROUTE_4=192.0.2.0/24 0.0.0.0 101
Jan 26 03:24:50 wsfd-netdev34-vm-7.ntdv.lab.eng.bos.redhat.com NetworkManager[18644]: [1706257490.8593] platform: (hosta_nic) route: append IPv4 route: type unicast 128.0.0.0/1 via 192.0.2.152 dev 983 metric 50 mss 0 rt-src rt-static scope global pref-src 203.0.113.2
Jan 26 03:24:50 wsfd-netdev34-vm-7.ntdv.lab.eng.bos.redhat.com nm-dispatcher[284630]: req:17 'vpn-pre-up' [hosta_nic]: environment: IP4_ROUTE_5=192.0.2.0/24 0.0.0.0 101
Jan 26 03:24:50 wsfd-netdev34-vm-7.ntdv.lab.eng.bos.redhat.com NetworkManager[18644]: [1706257490.8593] platform-linux: delayed-action: schedule wait-for-response-rtnl (seq 50269, timeout in 0.199998169, response-type 0)
Jan 26 03:24:50 wsfd-netdev34-vm-7.ntdv.lab.eng.bos.redhat.com nm-dispatcher[284630]: req:17 'vpn-pre-up' [hosta_nic]: environment: IP4_ROUTE_6=192.0.2.0/24 0.0.0.0 101
Jan 26 03:24:50 wsfd-netdev34-vm-7.ntdv.lab.eng.bos.redhat.com NetworkManager[18644]: [1706257490.8593] platform-linux: delayed-action: handle wait-for-response-rtnl (any)
Jan 26 03:24:50 wsfd-netdev34-vm-7.ntdv.lab.eng.bos.redhat.com nm-dispatcher[284630]: req:17 'vpn-pre-up' [hosta_nic]: environment: IP4_NUM_ROUTES=7
Jan 26 03:24:50 wsfd-netdev34-vm-7.ntdv.lab.eng.bos.redhat.com NetworkManager[18644]: [1706257490.8594] platform-linux: rtnl: recvmsg: new message RTM_NEWROUTE, flags excl,create, seq 50269
Jan 26 03:24:50 wsfd-netdev34-vm-7.ntdv.lab.eng.bos.redhat.com nm-dispatcher[284630]: req:17 'vpn-pre-up' [hosta_nic]: environment: IP6_ADDRESS_0=2001:db8:f::a/64 0.0.0.0
Jan 26 03:24:50 wsfd-netdev34-vm-7.ntdv.lab.eng.bos.redhat.com NetworkManager[18644]: [1706257490.8594] platform-linux: event-notification: RTM_NEWROUTE, flags excl,create, seq 50269: type unicast 128.0.0.0/1 via 192.0.2.152 dev 983 metric 50 mss 0 rt-src rt-static scope global pref-src 203.0.113.2
Jan 26 03:24:50 wsfd-netdev34-vm-7.ntdv.lab.eng.bos.redhat.com nm-dispatcher[284630]: req:17 'vpn-pre-up' [hosta_nic]: environment: IP6_ADDRESS_1=2001:db8:e::a/64 0.0.0.0
Jan 26 03:24:50 wsfd-netdev34-vm-7.ntdv.lab.eng.bos.redhat.com NetworkManager[18644]: [1706257490.8594] platform-linux: update-cache-ip4-route: ADD: [ip4-route,00007fefb00a2b40,5,+alive,+visible; type unicast 128.0.0.0/1 via 192.0.2.152 dev 983 metric 50 mss 0 rt-src rt-static scope global pref-src 203.0.113.2]
Jan 26 03:24:50 wsfd-netdev34-vm-7.ntdv.lab.eng.bos.redhat.com nm-dispatcher[284630]: req:17 'vpn-pre-up' [hosta_nic]: environment: IP6_ADDRESS_2=fe80::c033:6ff:fe24:7117/64 0.0.0.0
Jan 26 03:24:50 wsfd-netdev34-vm-7.ntdv.lab.eng.bos.redhat.com NetworkManager[18644]: [1706257490.8594] platform: (hosta_nic) emit signal ip4-route-changed added: type unicast 128.0.0.0/1 via 192.0.2.152 dev 983 metric 50 mss 0 rt-src rt-static scope global pref-src 203.0.113.2
Jan 26 03:24:50 wsfd-netdev34-vm-7.ntdv.lab.eng.bos.redhat.com nm-dispatcher[284630]: req:17 'vpn-pre-up' [hosta_nic]: environment: IP6_NUM_ADDRESSES=3
Jan 26 03:24:50 wsfd-netdev34-vm-7.ntdv.lab.eng.bos.redhat.com NetworkManager[18644]: [1706257490.8594] platform: (hosta_nic) signal: route 4 added: type unicast 128.0.0.0/1 via 192.0.2.152 dev 983 metric 50 mss 0 rt-src rt-static scope global pref-src 203.0.113.2
Jan 26 03:24:50 wsfd-netdev34-vm-7.ntdv.lab.eng.bos.redhat.com nm-dispatcher[284630]: req:17 'vpn-pre-up' [hosta_nic]: environment: IP6_GATEWAY=0.0.0.0
Jan 26 03:24:50 wsfd-netdev34-vm-7.ntdv.lab.eng.bos.redhat.com NetworkManager[18644]: [1706257490.8595] l3cfg[000055940b446e10,ifindex=983]: obj-state: appeared in platform: [000055940b7031c0, ip4-route, type unicast 128.0.0.0/1 via 192.0.2.152 dev 983 metric 50 mss 0 rt-src vpn pref-src 203.0.113.2], nm-configured, in-platform
Jan 26 03:24:50 wsfd-netdev34-vm-7.ntdv.lab.eng.bos.redhat.com nm-dispatcher[284630]: req:17 'vpn-pre-up' [hosta_nic]: environment: IP6_ROUTE_0=::/128 2001:db8:f::b 1024
Jan 26 03:24:50 wsfd-netdev34-vm-7.ntdv.lab.eng.bos.redhat.com NetworkManager[18644]: [1706257490.8595] l3cfg[000055940b446e10,ifindex=983]: emit signal (platform-change, obj-type=ip4-route, change=added, obj=type unicast 128.0.0.0/1 via 192.0.2.152 dev 983 metric 50 mss 0 rt-src rt-static scope global pref-src 203.0.113.2)
Jan 26 03:24:50 wsfd-netdev34-vm-7.ntdv.lab.eng.bos.redhat.com nm-dispatcher[284630]: req:17 'vpn-pre-up' [hosta_nic]: environment: IP6_ROUTE_1=fe80::/64 :: 1024
Jan 26 03:24:50 wsfd-netdev34-vm-7.ntdv.lab.eng.bos.redhat.com NetworkManager[18644]: [1706257490.8595] platform-linux: rtnl: recvmsg: new message NLMSG_ERROR, flags 0x0100, seq 50269
Jan 26 03:24:50 wsfd-netdev34-vm-7.ntdv.lab.eng.bos.redhat.com nm-dispatcher[284630]: req:17 'vpn-pre-up' [hosta_nic]: environment: IP6_ROUTE_2=2001:db8:f::/64 :: 101
Jan 26 03:24:50 wsfd-netdev34-vm-7.ntdv.lab.eng.bos.redhat.com NetworkManager[18644]: [1706257490.8595] platform-linux: delayed-action: complete wait-for-response-rtnl (seq 50269, timeout in 0.199845065, response-type 0, success)
Jan 26 03:24:50 wsfd-netdev34-vm-7.ntdv.lab.eng.bos.redhat.com nm-dispatcher[284630]: req:17 'vpn-pre-up' [hosta_nic]: environment: IP6_ROUTE_3=2001:db8:e::/64 :: 101
Jan 26 03:24:50 wsfd-netdev34-vm-7.ntdv.lab.eng.bos.redhat.com NetworkManager[18644]: [1706257490.8595] platform-linux: do-add-ip4-route[type unicast 128.0.0.0/1 via 192.0.2.152 dev 983 metric 50 mss 0 rt-src rt-static scope global pref-src 203.0.113.2]: success
Jan 26 03:24:50 wsfd-netdev34-vm-7.ntdv.lab.eng.bos.redhat.com nm-dispatcher[284630]: req:17 'vpn-pre-up' [hosta_nic]: environment: IP6_NUM_ROUTES=4
Jan 26 03:24:50 wsfd-netdev34-vm-7.ntdv.lab.eng.bos.redhat.com NetworkManager[18644]: [1706257490.8595] platform: (hosta_nic) route: append IPv4 route: type unicast 0.0.0.0/0 via 192.0.2.152 dev 983 metric 50 mss 0 rt-src rt-static scope global
Jan 26 03:24:50 wsfd-netdev34-vm-7.ntdv.lab.eng.bos.redhat.com nm-dispatcher[284630]: req:17 'vpn-pre-up' [hosta_nic]: environment: PATH=/usr/local/sbin:/usr/local/bin:/usr/sbin:/usr/bin
Jan 26 03:24:50 wsfd-netdev34-vm-7.ntdv.lab.eng.bos.redhat.com NetworkManager[18644]: [1706257490.8596] platform-linux: delayed-action: schedule wait-for-response-rtnl (seq 50270, timeout in 0.199998410, response-type 0)
Jan 26 03:24:50 wsfd-netdev34-vm-7.ntdv.lab.eng.bos.redhat.com nm-dispatcher[284630]: req:17 'vpn-pre-up' [hosta_nic]: environment: NM_DISPATCHER_ACTION=vpn-pre-up
Jan 26 03:24:50 wsfd-netdev34-vm-7.ntdv.lab.eng.bos.redhat.com NetworkManager[18644]: [1706257490.8596] platform-linux: delayed-action: handle wait-for-response-rtnl (any)
Jan 26 03:24:50 wsfd-netdev34-vm-7.ntdv.lab.eng.bos.redhat.com nm-dispatcher[284630]: req:17 'vpn-pre-up' [hosta_nic], "/usr/lib/NetworkManager/dispatcher.d/pre-up.d/10-ifcfg-rh-routes.sh": run script (no-wait)
Jan 26 03:24:50 wsfd-netdev34-vm-7.ntdv.lab.eng.bos.redhat.com NetworkManager[18644]: [1706257490.8597] platform-linux: rtnl: recvmsg: new message RTM_NEWROUTE, flags excl,create, seq 50270
Jan 26 03:24:50 wsfd-netdev34-vm-7.ntdv.lab.eng.bos.redhat.com nm-dispatcher[284630]: req:17 'vpn-pre-up' [hosta_nic]: start running ordered scripts...
Jan 26 03:24:50 wsfd-netdev34-vm-7.ntdv.lab.eng.bos.redhat.com NetworkManager[18644]: [1706257490.8598] platform-linux: event-notification: RTM_NEWROUTE, flags excl,create, seq 50270: type unicast 0.0.0.0/0 via 192.0.2.152 dev 983 metric 50 mss 0 rt-src rt-static scope global
Jan 26 03:24:50 wsfd-netdev34-vm-7.ntdv.lab.eng.bos.redhat.com pluto[284486]: "016d97f3-c14b-4d39-86d8-07e9e1e506d3" #10: prepare-client output: nm-libreswan-helper[284946,284975]: command line: /usr/libexec/nm-libreswan-service-helper 7 284946 org.freedesktop.NetworkManager.libreswan.Connection_1869
Jan 26 03:24:50 wsfd-netdev34-vm-7.ntdv.lab.eng.bos.redhat.com NetworkManager[18644]: [1706257490.8598] platform-linux: update-cache-ip4-route: ADD: [ip4-route,00007fefb00a3910,6,+alive,+visible; type unicast 0.0.0.0/0 via 192.0.2.152 dev 983 metric 50 mss 0 rt-src rt-static scope global]
Jan 26 03:24:50 wsfd-netdev34-vm-7.ntdv.lab.eng.bos.redhat.com pluto[284486]: "016d97f3-c14b-4d39-86d8-07e9e1e506d3" #10: prepare-client output: nm-libreswan-helper[284946,284975]: environment: PLUTO_NM_CONFIGURED=1
Jan 26 03:24:50 wsfd-netdev34-vm-7.ntdv.lab.eng.bos.redhat.com NetworkManager[18644]: [1706257490.8598] platform: (hosta_nic) emit signal ip4-route-changed added: type unicast 0.0.0.0/0 via 192.0.2.152 dev 983 metric 50 mss 0 rt-src rt-static scope global
Jan 26 03:24:50 wsfd-netdev34-vm-7.ntdv.lab.eng.bos.redhat.com pluto[284486]: "016d97f3-c14b-4d39-86d8-07e9e1e506d3" #10: prepare-client output: nm-libreswan-helper[284946,284975]: environment: PLUTO_MY_CLIENT_MASK=255.255.255.255
Jan 26 03:24:50 wsfd-netdev34-vm-7.ntdv.lab.eng.bos.redhat.com NetworkManager[18644]: [1706257490.8598] platform: (hosta_nic) signal: route 4 added: type unicast 0.0.0.0/0 via 192.0.2.152 dev 983 metric 50 mss 0 rt-src rt-static scope global
Jan 26 03:24:50 wsfd-netdev34-vm-7.ntdv.lab.eng.bos.redhat.com nm-dispatcher[284630]: req:17 'vpn-pre-up' [hosta_nic], "/usr/lib/NetworkManager/dispatcher.d/pre-up.d/10-ifcfg-rh-routes.sh": complete
Jan 26 03:24:50 wsfd-netdev34-vm-7.ntdv.lab.eng.bos.redhat.com NetworkManager[18644]: [1706257490.8598] l3cfg[000055940b446e10,ifindex=983]: obj-state: appeared in platform: [000055940b706240, ip4-route, type unicast 0.0.0.0/0 via 192.0.2.152 dev 983 metric 50 mss 0 rt-src vpn], nm-configured, in-platform
Jan 26 03:24:50 wsfd-netdev34-vm-7.ntdv.lab.eng.bos.redhat.com nm-dispatcher[284630]: req:17 'vpn-pre-up' [hosta_nic], "/usr/lib/NetworkManager/dispatcher.d/pre-up.d/90-nm-cloud-setup.sh": run script
Jan 26 03:24:50 wsfd-netdev34-vm-7.ntdv.lab.eng.bos.redhat.com NetworkManager[18644]: [1706257490.8598] l3cfg[000055940b446e10,ifindex=983]: emit signal (platform-change, obj-type=ip4-route, change=added, obj=type unicast 0.0.0.0/0 via 192.0.2.152 dev 983 metric 50 mss 0 rt-src rt-static scope global)
Jan 26 03:24:50 wsfd-netdev34-vm-7.ntdv.lab.eng.bos.redhat.com pluto[284486]: "016d97f3-c14b-4d39-86d8-07e9e1e506d3" #10: prepare-client output: nm-libreswan-helper[284946,284975]: environment: PLUTO_OUTBYTES=0
Jan 26 03:24:50 wsfd-netdev34-vm-7.ntdv.lab.eng.bos.redhat.com NetworkManager[18644]: [1706257490.8599] platform-linux: rtnl: recvmsg: new message NLMSG_ERROR, flags 0x0100, seq 50270
Jan 26 03:24:50 wsfd-netdev34-vm-7.ntdv.lab.eng.bos.redhat.com pluto[284486]: "016d97f3-c14b-4d39-86d8-07e9e1e506d3" #10: prepare-client output: nm-libreswan-helper[284946,284975]: environment: PLUTO_PEER_CLIENT=0.0.0.0/0
Jan 26 03:24:50 wsfd-netdev34-vm-7.ntdv.lab.eng.bos.redhat.com NetworkManager[18644]: [1706257490.8599] platform-linux: delayed-action: complete wait-for-response-rtnl (seq 50270, timeout in 0.199688704, response-type 0, success)
Jan 26 03:24:50 wsfd-netdev34-vm-7.ntdv.lab.eng.bos.redhat.com pluto[284486]: "016d97f3-c14b-4d39-86d8-07e9e1e506d3" #10: prepare-client output: nm-libreswan-helper[284946,284975]: environment: XAUTH_FAILED=0
Jan 26 03:24:50 wsfd-netdev34-vm-7.ntdv.lab.eng.bos.redhat.com NetworkManager[18644]: [1706257490.8599] platform-linux: do-add-ip4-route[type unicast 0.0.0.0/0 via 192.0.2.152 dev 983 metric 50 mss 0 rt-src rt-static scope global]: success
Jan 26 03:24:50 wsfd-netdev34-vm-7.ntdv.lab.eng.bos.redhat.com pluto[284486]: "016d97f3-c14b-4d39-86d8-07e9e1e506d3" #10: prepare-client output: nm-libreswan-helper[284946,284975]: environment: PLUTO_CFG_SERVER=0
Jan 26 03:24:50 wsfd-netdev34-vm-7.ntdv.lab.eng.bos.redhat.com NetworkManager[18644]: [1706257490.8599] l3cfg[000055940b446e10,ifindex=983]: committing IPv6 configuration (update)
Jan 26 03:24:50 wsfd-netdev34-vm-7.ntdv.lab.eng.bos.redhat.com pluto[284486]: "016d97f3-c14b-4d39-86d8-07e9e1e506d3" #10: prepare-client output: nm-libreswan-helper[284946,284975]: environment: PLUTO_INTERFACE=hosta_nic
Jan 26 03:24:50 wsfd-netdev34-vm-7.ntdv.lab.eng.bos.redhat.com NetworkManager[18644]: [1706257490.8599] platform-linux: delayed-action: schedule read-rtnl
Jan 26 03:24:50 wsfd-netdev34-vm-7.ntdv.lab.eng.bos.redhat.com pluto[284486]: "016d97f3-c14b-4d39-86d8-07e9e1e506d3" #10: prepare-client output: nm-libreswan-helper[284946,284975]: environment: PLUTO_PEER_DOMAIN_INFO=
Jan 26 03:24:50 wsfd-netdev34-vm-7.ntdv.lab.eng.bos.redhat.com NetworkManager[18644]: [1706257490.8599] platform-linux: delayed-action: schedule read-genl
Jan 26 03:24:50 wsfd-netdev34-vm-7.ntdv.lab.eng.bos.redhat.com pluto[284486]: "016d97f3-c14b-4d39-86d8-07e9e1e506d3" #10: prepare-client output: nm-libreswan-helper[284946,284975]: environment: VTI_ROUTING=no
Jan 26 03:24:50 wsfd-netdev34-vm-7.ntdv.lab.eng.bos.redhat.com NetworkManager[18644]: [1706257490.8600] platform-linux: delayed-action: handle read-genl
Jan 26 03:24:50 wsfd-netdev34-vm-7.ntdv.lab.eng.bos.redhat.com pluto[284486]: "016d97f3-c14b-4d39-86d8-07e9e1e506d3" #10: prepare-client output: nm-libreswan-helper[284946,284975]: environment: PLUTO_PEER_CA=
Jan 26 03:24:50 wsfd-netdev34-vm-7.ntdv.lab.eng.bos.redhat.com NetworkManager[18644]: [1706257490.8600] platform-linux: delayed-action: handle read-rtnl
Jan 26 03:24:50 wsfd-netdev34-vm-7.ntdv.lab.eng.bos.redhat.com pluto[284486]: "016d97f3-c14b-4d39-86d8-07e9e1e506d3" #10: prepare-client output: nm-libreswan-helper[284946,284975]: environment: PLUTO_CONN_POLICY=IKEv2+RSASIG+ECDSA+RSASIG_v1_5+ENCRYPT+TUNNEL+PFS+UP+MODECFG_PULL+IKE_FRAG_ALLOW+ESN_NO+ESN_YES
Jan 26 03:24:50 wsfd-netdev34-vm-7.ntdv.lab.eng.bos.redhat.com NetworkManager[18644]: [1706257490.8600] platform: (hosta_nic) address: skip updating IPv6 address: fe80::c033:6ff:fe24:7117/64 lft forever pref forever lifetime 44109-0[0,0] dev 983 src ipv6ll
Jan 26 03:24:50 wsfd-netdev34-vm-7.ntdv.lab.eng.bos.redhat.com pluto[284486]: "016d97f3-c14b-4d39-86d8-07e9e1e506d3" #10: prepare-client output: nm-libreswan-helper[284946,284975]: environment: PLUTO_CONNECTION=016d97f3-c14b-4d39-86d8-07e9e1e506d3
Jan 26 03:24:50 wsfd-netdev34-vm-7.ntdv.lab.eng.bos.redhat.com NetworkManager[18644]: [1706257490.8600] platform: (hosta_nic) address: skip updating IPv6 address: 2001:db8:e::a/64 lft forever pref forever lifetime 44109-0[4294967295,4294967295] dev 983 src user
Jan 26 03:24:50 wsfd-netdev34-vm-7.ntdv.lab.eng.bos.redhat.com pluto[284486]: "016d97f3-c14b-4d39-86d8-07e9e1e506d3" #10: prepare-client output: nm-libreswan-helper[284946,284975]: environment: PLUTO_STACK=xfrm
Jan 26 03:24:50 wsfd-netdev34-vm-7.ntdv.lab.eng.bos.redhat.com NetworkManager[18644]: [1706257490.8600] platform: (hosta_nic) address: skip updating IPv6 address: 2001:db8:f::a/64 lft forever pref forever lifetime 44109-0[4294967295,4294967295] dev 983 src user
Jan 26 03:24:50 wsfd-netdev34-vm-7.ntdv.lab.eng.bos.redhat.com pluto[284486]: "016d97f3-c14b-4d39-86d8-07e9e1e506d3" #10: prepare-client output: nm-libreswan-helper[284946,284975]: environment: PLUTO_MY_PROTOCOL=0
Jan 26 03:24:50 wsfd-netdev34-vm-7.ntdv.lab.eng.bos.redhat.com NetworkManager[18644]: [1706257490.8600] l3cfg[000055940b446e10,ifindex=983]: acd[203.0.113.2, defending]: set state to defending
Jan 26 03:24:50 wsfd-netdev34-vm-7.ntdv.lab.eng.bos.redhat.com pluto[284486]: "016d97f3-c14b-4d39-86d8-07e9e1e506d3" #10: prepare-client output: nm-libreswan-helper[284946,284975]: environment: PLUTO_SA_REQID=16404
Jan 26 03:24:50 wsfd-netdev34-vm-7.ntdv.lab.eng.bos.redhat.com NetworkManager[18644]: [1706257490.8601] l3cfg[000055940b446e10,ifindex=983]: acd[203.0.113.2, defending]: start announcing (defend=once) (probe created)
Jan 26 03:24:50 wsfd-netdev34-vm-7.ntdv.lab.eng.bos.redhat.com pluto[284486]: "016d97f3-c14b-4d39-86d8-07e9e1e506d3" #10: prepare-client output: nm-libreswan-helper[284946,284975]: environment: PLUTO_NEXT_HOP=192.0.2.152
Jan 26 03:24:50 wsfd-netdev34-vm-7.ntdv.lab.eng.bos.redhat.com NetworkManager[18644]: [1706257490.8601] l3cfg[000055940b446e10,ifindex=983]: emit signal (acd-event, addr=203.0.113.2, state=defending)
Jan 26 03:24:50 wsfd-netdev34-vm-7.ntdv.lab.eng.bos.redhat.com pluto[284486]: "016d97f3-c14b-4d39-86d8-07e9e1e506d3" #10: prepare-client output: nm-libreswan-helper[284946,284975]: environment: PLUTO_PEER_ID=CN=hostb.example.org
Jan 26 03:24:50 wsfd-netdev34-vm-7.ntdv.lab.eng.bos.redhat.com NetworkManager[18644]: [1706257490.8601] l3cfg[000055940b446e10,ifindex=983]: emit signal (post-commit)
Jan 26 03:24:50 wsfd-netdev34-vm-7.ntdv.lab.eng.bos.redhat.com pluto[284486]: "016d97f3-c14b-4d39-86d8-07e9e1e506d3" #10: prepare-client output: nm-libreswan-helper[284946,284975]: environment: PLUTO_CONN_ADDRFAMILY=ipv4
Jan 26 03:24:50 wsfd-netdev34-vm-7.ntdv.lab.eng.bos.redhat.com NetworkManager[18644]: [1706257490.8601] vpn[0x55940b522940,016d97f3-c14b-4d39-86d8-07e9e1e506d3,"hosta_conn",dev:983]: set state: pre-up (was ip-config-get)
Jan 26 03:24:50 wsfd-netdev34-vm-7.ntdv.lab.eng.bos.redhat.com pluto[284486]: "016d97f3-c14b-4d39-86d8-07e9e1e506d3" #10: prepare-client output: nm-libreswan-helper[284946,284975]: environment: PLUTO_INBYTES=0
Jan 26 03:24:50 wsfd-netdev34-vm-7.ntdv.lab.eng.bos.redhat.com NetworkManager[18644]: [1706257490.8601] dispatcher: (6840) (hosta_nic) dispatching action 'vpn-pre-up' (with callback)
Jan 26 03:24:50 wsfd-netdev34-vm-7.ntdv.lab.eng.bos.redhat.com pluto[284486]: "016d97f3-c14b-4d39-86d8-07e9e1e506d3" #10: prepare-client output: nm-libreswan-helper[284946,284975]: environment: PLUTO_ADDTIME=1706257490
Jan 26 03:24:50 wsfd-netdev34-vm-7.ntdv.lab.eng.bos.redhat.com NetworkManager[18644]: [1706257490.8605] l3cfg[000055940b446e10,ifindex=983]: emit signal (platform-change-on-idle, obj-type-flags=0x16)
Jan 26 03:24:50 wsfd-netdev34-vm-7.ntdv.lab.eng.bos.redhat.com pluto[284486]: "016d97f3-c14b-4d39-86d8-07e9e1e506d3" #10: prepare-client output: nm-libreswan-helper[284946,284975]: environment: PLUTO_SA_TYPE=ESP
Jan 26 03:24:50 wsfd-netdev34-vm-7.ntdv.lab.eng.bos.redhat.com NetworkManager[18644]: [1706257490.8606] policy: set-hostname: updating hostname (address changed)
Jan 26 03:24:50 wsfd-netdev34-vm-7.ntdv.lab.eng.bos.redhat.com pluto[284486]: "016d97f3-c14b-4d39-86d8-07e9e1e506d3" #10: prepare-client output: nm-libreswan-helper[284946,284975]: environment: PLUTO_MY_CLIENT=203.0.113.2/32
Jan 26 03:24:50 wsfd-netdev34-vm-7.ntdv.lab.eng.bos.redhat.com NetworkManager[18644]: [1706257490.8606] policy: get-hostname: "wsfd-netdev34-vm-7.ntdv.lab.eng.bos.redhat.com" (from dbus)
Jan 26 03:24:50 wsfd-netdev34-vm-7.ntdv.lab.eng.bos.redhat.com pluto[284486]: "016d97f3-c14b-4d39-86d8-07e9e1e506d3" #10: prepare-client output: nm-libreswan-helper[284946,284975]: environment: PLUTO_PEER_BANNER=
Jan 26 03:24:50 wsfd-netdev34-vm-7.ntdv.lab.eng.bos.redhat.com NetworkManager[18644]: [1706257490.8606] policy: get-hostname: "wsfd-netdev34-vm-7.ntdv.lab.eng.bos.redhat.com" (from dbus)
Jan 26 03:24:50 wsfd-netdev34-vm-7.ntdv.lab.eng.bos.redhat.com pluto[284486]: "016d97f3-c14b-4d39-86d8-07e9e1e506d3" #10: prepare-client output: nm-libreswan-helper[284946,284975]: environment: PLUTO_PEER_PROTOCOL=0
Jan 26 03:24:50 wsfd-netdev34-vm-7.ntdv.lab.eng.bos.redhat.com NetworkManager[18644]: [1706257490.8606] policy: set-hostname: hostname already set to 'wsfd-netdev34-vm-7.ntdv.lab.eng.bos.redhat.com' (from system configuration)
Jan 26 03:24:50 wsfd-netdev34-vm-7.ntdv.lab.eng.bos.redhat.com pluto[284486]: "016d97f3-c14b-4d39-86d8-07e9e1e506d3" #10: prepare-client output: nm-libreswan-helper[284946,284975]: environment: PLUTO_MOBIKE_EVENT=
Jan 26 03:24:50 wsfd-netdev34-vm-7.ntdv.lab.eng.bos.redhat.com NetworkManager[18644]: [1706257490.8610] l3cfg[000055940b446e10,ifindex=983]: acd[203.0.113.2, defending]: start announcing (defend=once) (after new probe ready)
Jan 26 03:24:50 wsfd-netdev34-vm-7.ntdv.lab.eng.bos.redhat.com pluto[284486]: "016d97f3-c14b-4d39-86d8-07e9e1e506d3" #10: prepare-client output: nm-libreswan-helper[284946,284975]: environment: PLUTO_MY_PORT=0
Jan 26 03:24:50 wsfd-netdev34-vm-7.ntdv.lab.eng.bos.redhat.com NetworkManager[18644]: [1706257490.8610] device[000055940b6b6650] (hosta_nic): ip4: check-state: state done => done, is_failed=0, is_pending=0, is_started=1 temp_na=0, may-fail-4=1, may-fail-6=1;; manualip4=done; manualip6=done ll6=done
Jan 26 03:24:50 wsfd-netdev34-vm-7.ntdv.lab.eng.bos.redhat.com pluto[284486]: "016d97f3-c14b-4d39-86d8-07e9e1e506d3" #10: prepare-client output: nm-libreswan-helper[284946,284975]: environment: PLUTO_PEER_CLIENT_MASK=0.0.0.0
Jan 26 03:24:50 wsfd-netdev34-vm-7.ntdv.lab.eng.bos.redhat.com NetworkManager[18644]: [1706257490.8610] device[000055940b6b6650] (hosta_nic): ip: check-state: (combined) state done => done
Jan 26 03:24:50 wsfd-netdev34-vm-7.ntdv.lab.eng.bos.redhat.com pluto[284486]: "016d97f3-c14b-4d39-86d8-07e9e1e506d3" #10: prepare-client output: nm-libreswan-helper[284946,284975]: environment: VTI_SHARED=no
Jan 26 03:24:50 wsfd-netdev34-vm-7.ntdv.lab.eng.bos.redhat.com NetworkManager[18644]: [1706257490.8610] device[000055940b6b6650] (hosta_nic): ip6: check-state: state done => done, is_failed=0, is_pending=0, is_started=1 temp_na=0, may-fail-4=1, may-fail-6=1;; manualip4=done; manualip6=done ll6=done
Jan 26 03:24:50 wsfd-netdev34-vm-7.ntdv.lab.eng.bos.redhat.com pluto[284486]: "016d97f3-c14b-4d39-86d8-07e9e1e506d3" #10: prepare-client output: nm-libreswan-helper[284946,284975]: environment: PLUTO_ME=192.0.2.251
Jan 26 03:24:50 wsfd-netdev34-vm-7.ntdv.lab.eng.bos.redhat.com NetworkManager[18644]: [1706257490.8610] device[000055940b6b6650] (hosta_nic): ip: check-state: (combined) state done => done
Jan 26 03:24:50 wsfd-netdev34-vm-7.ntdv.lab.eng.bos.redhat.com pluto[284486]: "016d97f3-c14b-4d39-86d8-07e9e1e506d3" #10: prepare-client output: nm-libreswan-helper[284946,284975]: environment: PLUTO_CONN_KIND=CK_PERMANENT
Jan 26 03:24:50 wsfd-netdev34-vm-7.ntdv.lab.eng.bos.redhat.com NetworkManager[18644]: [1706257490.8655] dispatcher: (6840) succeeded (after 0.006 sec, 2 scripts invoked)
Jan 26 03:24:50 wsfd-netdev34-vm-7.ntdv.lab.eng.bos.redhat.com pluto[284486]: "016d97f3-c14b-4d39-86d8-07e9e1e506d3" #10: prepare-client output: nm-libreswan-helper[284946,284975]: environment: PLUTO_XFRMI_ROUTE=
Jan 26 03:24:50 wsfd-netdev34-vm-7.ntdv.lab.eng.bos.redhat.com NetworkManager[18644]: [1706257490.8656] dispatcher: (6840) /usr/lib/NetworkManager/dispatcher.d/pre-up.d/10-ifcfg-rh-routes.sh succeeded
Jan 26 03:24:50 wsfd-netdev34-vm-7.ntdv.lab.eng.bos.redhat.com pluto[284486]: "016d97f3-c14b-4d39-86d8-07e9e1e506d3" #10: prepare-client output: nm-libreswan-helper[284946,284975]: environment: PLUTO_MY_ID=CN=hosta.example.org
Jan 26 03:24:50 wsfd-netdev34-vm-7.ntdv.lab.eng.bos.redhat.com NetworkManager[18644]: [1706257490.8656] dispatcher: (6840) /usr/lib/NetworkManager/dispatcher.d/pre-up.d/90-nm-cloud-setup.sh succeeded
Jan 26 03:24:50 wsfd-netdev34-vm-7.ntdv.lab.eng.bos.redhat.com pluto[284486]: "016d97f3-c14b-4d39-86d8-07e9e1e506d3" #10: prepare-client output: nm-libreswan-helper[284946,284975]: environment: PLUTO_PEER_CLIENT_NET=0.0.0.0
Jan 26 03:24:50 wsfd-netdev34-vm-7.ntdv.lab.eng.bos.redhat.com NetworkManager[18644]: [1706257490.8656] vpn[0x55940b522940,016d97f3-c14b-4d39-86d8-07e9e1e506d3,"hosta_conn",dev:983]: set state: activated (was pre-up)
Jan 26 03:24:50 wsfd-netdev34-vm-7.ntdv.lab.eng.bos.redhat.com pluto[284486]: "016d97f3-c14b-4d39-86d8-07e9e1e506d3" #10: prepare-client output: nm-libreswan-helper[284946,284975]: environment: PLUTO_PEER_PORT=0
Jan 26 03:24:50 wsfd-netdev34-vm-7.ntdv.lab.eng.bos.redhat.com NetworkManager[18644]: [1706257490.8656] active-connection[000055940b522940]: set state activated (was activating)
Jan 26 03:24:50 wsfd-netdev34-vm-7.ntdv.lab.eng.bos.redhat.com pluto[284486]: "016d97f3-c14b-4d39-86d8-07e9e1e506d3" #10: prepare-client output: nm-libreswan-helper[284946,284975]: environment: PLUTO_VIRT_INTERFACE=NULL
Jan 26 03:24:50 wsfd-netdev34-vm-7.ntdv.lab.eng.bos.redhat.com NetworkManager[284946]: nm-libreswan[284946] Configuration from the helper received.
Jan 26 03:24:50 wsfd-netdev34-vm-7.ntdv.lab.eng.bos.redhat.com NetworkManager[18644]: [1706257490.8659] active-connection[000055940b522940]: check-master-ready: not signalling (state activated, no master)
Jan 26 03:24:50 wsfd-netdev34-vm-7.ntdv.lab.eng.bos.redhat.com pluto[284486]: "016d97f3-c14b-4d39-86d8-07e9e1e506d3" #10: prepare-client output: nm-libreswan-helper[284946,284975]: environment: PLUTO_MY_SOURCEIP=203.0.113.2
Jan 26 03:24:50 wsfd-netdev34-vm-7.ntdv.lab.eng.bos.redhat.com NetworkManager[18644]: [1706257490.8659] settings-connection[000055940b3f8260,016d97f3-c14b-4d39-86d8-07e9e1e506d3]: timestamp: set timestamp 1706257490
Jan 26 03:24:50 wsfd-netdev34-vm-7.ntdv.lab.eng.bos.redhat.com pluto[284486]: "016d97f3-c14b-4d39-86d8-07e9e1e506d3" #10: prepare-client output: nm-libreswan-helper[284946,284975]: environment: PLUTO_CFG_CLIENT=1
Jan 26 03:24:50 wsfd-netdev34-vm-7.ntdv.lab.eng.bos.redhat.com NetworkManager[18644]: [1706257490.8660] settings: [timestamps-keyfile]: updated entry for timestamps.016d97f3-c14b-4d39-86d8-07e9e1e506d3
Jan 26 03:24:50 wsfd-netdev34-vm-7.ntdv.lab.eng.bos.redhat.com pluto[284486]: "016d97f3-c14b-4d39-86d8-07e9e1e506d3" #10: prepare-client output: nm-libreswan-helper[284946,284975]: environment: PLUTO_PEER=192.0.2.152
Jan 26 03:24:50 wsfd-netdev34-vm-7.ntdv.lab.eng.bos.redhat.com NetworkManager[18644]: [1706257490.8660] settings: [timestamps-keyfile]: schedule flushing changes to disk
Jan 26 03:24:50 wsfd-netdev34-vm-7.ntdv.lab.eng.bos.redhat.com pluto[284486]: "016d97f3-c14b-4d39-86d8-07e9e1e506d3" #10: prepare-client output: nm-libreswan-helper[284946,284975]: environment: SPI_IN=0x8b9f012f
Jan 26 03:24:50 wsfd-netdev34-vm-7.ntdv.lab.eng.bos.redhat.com NetworkManager[18644]: [1706257490.8660] device[000055940b6b6650] (hosta_nic): remove_pending_action (0): 'activation-1869'
Jan 26 03:24:50 wsfd-netdev34-vm-7.ntdv.lab.eng.bos.redhat.com pluto[284486]: "016d97f3-c14b-4d39-86d8-07e9e1e506d3" #10: prepare-client output: nm-libreswan-helper[284946,284975]: environment: PLUTO_PEER_DNS_INFO=
Jan 26 03:24:50 wsfd-netdev34-vm-7.ntdv.lab.eng.bos.redhat.com NetworkManager[18644]: [1706257490.8663] dns-mgr: (vpn_connection_update_dns): queueing DNS updates (1)
Jan 26 03:24:50 wsfd-netdev34-vm-7.ntdv.lab.eng.bos.redhat.com pluto[284486]: "016d97f3-c14b-4d39-86d8-07e9e1e506d3" #10: prepare-client output: nm-libreswan-helper[284946,284975]: environment: PLUTO_CONNECTION_TYPE=tunnel
Jan 26 03:24:50 wsfd-netdev34-vm-7.ntdv.lab.eng.bos.redhat.com NetworkManager[18644]: [1706257490.8664] dns-mgr: (update_routing_and_dns): queueing DNS updates (2)
Jan 26 03:24:50 wsfd-netdev34-vm-7.ntdv.lab.eng.bos.redhat.com pluto[284486]: "016d97f3-c14b-4d39-86d8-07e9e1e506d3" #10: prepare-client output: nm-libreswan-helper[284946,284975]: environment: PLUTO_MY_CLIENT_NET=203.0.113.2
Jan 26 03:24:50 wsfd-netdev34-vm-7.ntdv.lab.eng.bos.redhat.com NetworkManager[18644]: [1706257490.8665] policy: set-default-ac-4: 0x55940b522940
Jan 26 03:24:50 wsfd-netdev34-vm-7.ntdv.lab.eng.bos.redhat.com pluto[284486]: "016d97f3-c14b-4d39-86d8-07e9e1e506d3" #10: prepare-client output: nm-libreswan-helper[284946,284975]: environment: VTI_IFACE=
Jan 26 03:24:50 wsfd-netdev34-vm-7.ntdv.lab.eng.bos.redhat.com NetworkManager[18644]: [1706257490.8666] policy: set 'hosta_conn' (hosta_nic) as default for IPv4 routing and DNS
Jan 26 03:24:50 wsfd-netdev34-vm-7.ntdv.lab.eng.bos.redhat.com pluto[284486]: "016d97f3-c14b-4d39-86d8-07e9e1e506d3" #10: prepare-client output: nm-libreswan-helper[284946,284975]: environment: PLUTO_IS_PEER_CISCO=0
Jan 26 03:24:50 wsfd-netdev34-vm-7.ntdv.lab.eng.bos.redhat.com NetworkManager[18644]: [1706257490.8666] manager: PrimaryConnection now hosta_conn
Jan 26 03:24:50 wsfd-netdev34-vm-7.ntdv.lab.eng.bos.redhat.com pluto[284486]: "016d97f3-c14b-4d39-86d8-07e9e1e506d3" #10: prepare-client output: nm-libreswan-helper[284946,284975]: environment: SPI_OUT=0x80aa74c3
Jan 26 03:24:50 wsfd-netdev34-vm-7.ntdv.lab.eng.bos.redhat.com NetworkManager[18644]: [1706257490.8667] policy: set-hostname: updating hostname (routing and dns)
Jan 26 03:24:50 wsfd-netdev34-vm-7.ntdv.lab.eng.bos.redhat.com pluto[284486]: "016d97f3-c14b-4d39-86d8-07e9e1e506d3" #10: prepare-client output: nm-libreswan-helper[284946,284975]: environment: PLUTO_VERB=prepare-client
Jan 26 03:24:50 wsfd-netdev34-vm-7.ntdv.lab.eng.bos.redhat.com NetworkManager[18644]: [1706257490.8668] policy: get-hostname: "wsfd-netdev34-vm-7.ntdv.lab.eng.bos.redhat.com" (from dbus)
Jan 26 03:24:50 wsfd-netdev34-vm-7.ntdv.lab.eng.bos.redhat.com pluto[284486]: "016d97f3-c14b-4d39-86d8-07e9e1e506d3" #10: prepare-client output: nm-libreswan-helper[284946,284975]: environment: WATCHDOG_USEC=200000000
Jan 26 03:24:50 wsfd-netdev34-vm-7.ntdv.lab.eng.bos.redhat.com NetworkManager[18644]: [1706257490.8668] policy: get-hostname: "wsfd-netdev34-vm-7.ntdv.lab.eng.bos.redhat.com" (from dbus)
Jan 26 03:24:50 wsfd-netdev34-vm-7.ntdv.lab.eng.bos.redhat.com pluto[284486]: "016d97f3-c14b-4d39-86d8-07e9e1e506d3" #10: prepare-client output: nm-libreswan-helper[284946,284975]: environment: PWD=/run/pluto
Jan 26 03:24:50 wsfd-netdev34-vm-7.ntdv.lab.eng.bos.redhat.com NetworkManager[18644]: [1706257490.8668] policy: set-hostname: hostname already set to 'wsfd-netdev34-vm-7.ntdv.lab.eng.bos.redhat.com' (from system configuration)
Jan 26 03:24:50 wsfd-netdev34-vm-7.ntdv.lab.eng.bos.redhat.com pluto[284486]: "016d97f3-c14b-4d39-86d8-07e9e1e506d3" #10: prepare-client output: nm-libreswan-helper[284946,284975]: environment: SYSTEMD_EXEC_PID=284486
Jan 26 03:24:50 wsfd-netdev34-vm-7.ntdv.lab.eng.bos.redhat.com NetworkManager[18644]: [1706257490.8668] dns-mgr: (update_routing_and_dns): DNS configuration did not change
Jan 26 03:24:50 wsfd-netdev34-vm-7.ntdv.lab.eng.bos.redhat.com pluto[284486]: "016d97f3-c14b-4d39-86d8-07e9e1e506d3" #10: prepare-client output: nm-libreswan-helper[284946,284975]: environment: LANG=en_US.UTF-8
Jan 26 03:24:50 wsfd-netdev34-vm-7.ntdv.lab.eng.bos.redhat.com NetworkManager[18644]: [1706257490.8668] dns-mgr: (update_routing_and_dns): no DNS changes to commit (1)
Jan 26 03:24:50 wsfd-netdev34-vm-7.ntdv.lab.eng.bos.redhat.com pluto[284486]: "016d97f3-c14b-4d39-86d8-07e9e1e506d3" #10: prepare-client output: nm-libreswan-helper[284946,284975]: environment: INVOCATION_ID=e5bea282ac1749009a73f6238708bb6a
Jan 26 03:24:50 wsfd-netdev34-vm-7.ntdv.lab.eng.bos.redhat.com NetworkManager[18644]: [1706257490.8668] dns-mgr: (vpn_connection_update_dns): DNS configuration did not change
Jan 26 03:24:50 wsfd-netdev34-vm-7.ntdv.lab.eng.bos.redhat.com pluto[284486]: "016d97f3-c14b-4d39-86d8-07e9e1e506d3" #10: prepare-client output: nm-libreswan-helper[284946,284975]: environment: WATCHDOG_PID=284486
Jan 26 03:24:50 wsfd-netdev34-vm-7.ntdv.lab.eng.bos.redhat.com NetworkManager[18644]: [1706257490.8668] dns-mgr: (vpn_connection_update_dns): no DNS changes to commit (0)
Jan 26 03:24:50 wsfd-netdev34-vm-7.ntdv.lab.eng.bos.redhat.com pluto[284486]: "016d97f3-c14b-4d39-86d8-07e9e1e506d3" #10: prepare-client output: nm-libreswan-helper[284946,284975]: environment: NOTIFY_SOCKET=/run/systemd/notify
Jan 26 03:24:50 wsfd-netdev34-vm-7.ntdv.lab.eng.bos.redhat.com NetworkManager[18644]: [1706257490.8669] dispatcher: (6841) (hosta_nic) dispatching action 'vpn-up'
Jan 26 03:24:50 wsfd-netdev34-vm-7.ntdv.lab.eng.bos.redhat.com pluto[284486]: "016d97f3-c14b-4d39-86d8-07e9e1e506d3" #10: prepare-client output: nm-libreswan-helper[284946,284975]: environment: SHLVL=1
Jan 26 03:24:50 wsfd-netdev34-vm-7.ntdv.lab.eng.bos.redhat.com pluto[284486]: "016d97f3-c14b-4d39-86d8-07e9e1e506d3" #10: prepare-client output: nm-libreswan-helper[284946,284975]: environment: JOURNAL_STREAM=8:1640131
Jan 26 03:24:50 wsfd-netdev34-vm-7.ntdv.lab.eng.bos.redhat.com pluto[284486]: "016d97f3-c14b-4d39-86d8-07e9e1e506d3" #10: prepare-client output: nm-libreswan-helper[284946,284975]: environment: PATH=/usr/local/sbin:/usr/local/bin:/usr/sbin:/usr/bin
Jan 26 03:24:50 wsfd-netdev34-vm-7.ntdv.lab.eng.bos.redhat.com pluto[284486]: "016d97f3-c14b-4d39-86d8-07e9e1e506d3" #10: prepare-client output: nm-libreswan-helper[284946,284975]: environment: _=/usr/libexec/nm-libreswan-service-helper
Jan 26 03:24:50 wsfd-netdev34-vm-7.ntdv.lab.eng.bos.redhat.com nm-dispatcher[284630]: req:17 'vpn-pre-up' [hosta_nic], "/usr/lib/NetworkManager/dispatcher.d/pre-up.d/90-nm-cloud-setup.sh": complete
Jan 26 03:24:50 wsfd-netdev34-vm-7.ntdv.lab.eng.bos.redhat.com nm-dispatcher[284630]: req:17 'vpn-pre-up' [hosta_nic]: completed (2 scripts)
Jan 26 03:24:50 wsfd-netdev34-vm-7.ntdv.lab.eng.bos.redhat.com nm-dispatcher[284630]: req:18 'vpn-up' [hosta_nic]: new request (7 scripts)
Jan 26 03:24:50 wsfd-netdev34-vm-7.ntdv.lab.eng.bos.redhat.com nm-dispatcher[284630]: req:18 'vpn-up' [hosta_nic]: environment: CONNECTION_DBUS_PATH=/org/freedesktop/NetworkManager/Settings/1879
Jan 26 03:24:50 wsfd-netdev34-vm-7.ntdv.lab.eng.bos.redhat.com nm-dispatcher[284630]: req:18 'vpn-up' [hosta_nic]: environment: CONNECTION_FILENAME=/etc/NetworkManager/system-connections/hosta_conn.nmconnection
Jan 26 03:24:50 wsfd-netdev34-vm-7.ntdv.lab.eng.bos.redhat.com nm-dispatcher[284630]: req:18 'vpn-up' [hosta_nic]: environment: CONNECTION_UUID=016d97f3-c14b-4d39-86d8-07e9e1e506d3
Jan 26 03:24:50 wsfd-netdev34-vm-7.ntdv.lab.eng.bos.redhat.com nm-dispatcher[284630]: req:18 'vpn-up' [hosta_nic]: environment: CONNECTION_ID=hosta_conn
Jan 26 03:24:50 wsfd-netdev34-vm-7.ntdv.lab.eng.bos.redhat.com nm-dispatcher[284630]: req:18 'vpn-up' [hosta_nic]: environment: DEVICE_IFACE=hosta_nic
Jan 26 03:24:50 wsfd-netdev34-vm-7.ntdv.lab.eng.bos.redhat.com nm-dispatcher[284630]: req:18 'vpn-up' [hosta_nic]: environment: DEVICE_IP_IFACE=hosta_nic
Jan 26 03:24:50 wsfd-netdev34-vm-7.ntdv.lab.eng.bos.redhat.com nm-dispatcher[284630]: req:18 'vpn-up' [hosta_nic]: environment: IP4_ADDRESS_0=192.0.2.251/24 192.0.2.152
Jan 26 03:24:50 wsfd-netdev34-vm-7.ntdv.lab.eng.bos.redhat.com nm-dispatcher[284630]: req:18 'vpn-up' [hosta_nic]: environment: IP4_ADDRESS_1=192.0.2.250/24 192.0.2.152
Jan 26 03:24:50 wsfd-netdev34-vm-7.ntdv.lab.eng.bos.redhat.com nm-dispatcher[284630]: req:18 'vpn-up' [hosta_nic]: environment: IP4_ADDRESS_2=192.0.2.249/24 192.0.2.152
Jan 26 03:24:50 wsfd-netdev34-vm-7.ntdv.lab.eng.bos.redhat.com nm-dispatcher[284630]: req:18 'vpn-up' [hosta_nic]: environment: IP4_ADDRESS_3=192.0.2.248/24 192.0.2.152
Jan 26 03:24:50 wsfd-netdev34-vm-7.ntdv.lab.eng.bos.redhat.com nm-dispatcher[284630]: req:18 'vpn-up' [hosta_nic]: environment: IP4_ADDRESS_4=192.0.2.247/24 192.0.2.152
Jan 26 03:24:50 wsfd-netdev34-vm-7.ntdv.lab.eng.bos.redhat.com nm-dispatcher[284630]: req:18 'vpn-up' [hosta_nic]: environment: IP4_ADDRESS_5=203.0.113.2/32 192.0.2.152
Jan 26 03:24:50 wsfd-netdev34-vm-7.ntdv.lab.eng.bos.redhat.com nm-dispatcher[284630]: req:18 'vpn-up' [hosta_nic]: environment: IP4_NUM_ADDRESSES=6
Jan 26 03:24:50 wsfd-netdev34-vm-7.ntdv.lab.eng.bos.redhat.com nm-dispatcher[284630]: req:18 'vpn-up' [hosta_nic]: environment: IP4_GATEWAY=192.0.2.152
Jan 26 03:24:50 wsfd-netdev34-vm-7.ntdv.lab.eng.bos.redhat.com nm-dispatcher[284630]: req:18 'vpn-up' [hosta_nic]: environment: IP4_ROUTE_0=0.0.0.0/1 192.0.2.152 50
Jan 26 03:24:50 wsfd-netdev34-vm-7.ntdv.lab.eng.bos.redhat.com nm-dispatcher[284630]: req:18 'vpn-up' [hosta_nic]: environment: IP4_ROUTE_1=128.0.0.0/1 192.0.2.152 50
Jan 26 03:24:50 wsfd-netdev34-vm-7.ntdv.lab.eng.bos.redhat.com nm-dispatcher[284630]: req:18 'vpn-up' [hosta_nic]: environment: IP4_ROUTE_2=192.0.2.0/24 0.0.0.0 101
Jan 26 03:24:50 wsfd-netdev34-vm-7.ntdv.lab.eng.bos.redhat.com nm-dispatcher[284630]: req:18 'vpn-up' [hosta_nic]: environment: IP4_ROUTE_3=192.0.2.0/24 0.0.0.0 101
Jan 26 03:24:50 wsfd-netdev34-vm-7.ntdv.lab.eng.bos.redhat.com nm-dispatcher[284630]: req:18 'vpn-up' [hosta_nic]: environment: IP4_ROUTE_4=192.0.2.0/24 0.0.0.0 101
Jan 26 03:24:50 wsfd-netdev34-vm-7.ntdv.lab.eng.bos.redhat.com nm-dispatcher[284630]: req:18 'vpn-up' [hosta_nic]: environment: IP4_ROUTE_5=192.0.2.0/24 0.0.0.0 101
Jan 26 03:24:50 wsfd-netdev34-vm-7.ntdv.lab.eng.bos.redhat.com nm-dispatcher[284630]: req:18 'vpn-up' [hosta_nic]: environment: IP4_ROUTE_6=192.0.2.0/24 0.0.0.0 101
Jan 26 03:24:50 wsfd-netdev34-vm-7.ntdv.lab.eng.bos.redhat.com nm-dispatcher[284630]: req:18 'vpn-up' [hosta_nic]: environment: IP4_NUM_ROUTES=7
Jan 26 03:24:50 wsfd-netdev34-vm-7.ntdv.lab.eng.bos.redhat.com nm-dispatcher[284630]: req:18 'vpn-up' [hosta_nic]: environment: IP6_ADDRESS_0=2001:db8:f::a/64 0.0.0.0
Jan 26 03:24:50 wsfd-netdev34-vm-7.ntdv.lab.eng.bos.redhat.com nm-dispatcher[284630]: req:18 'vpn-up' [hosta_nic]: environment: IP6_ADDRESS_1=2001:db8:e::a/64 0.0.0.0
Jan 26 03:24:50 wsfd-netdev34-vm-7.ntdv.lab.eng.bos.redhat.com nm-dispatcher[284630]: req:18 'vpn-up' [hosta_nic]: environment: IP6_ADDRESS_2=fe80::c033:6ff:fe24:7117/64 0.0.0.0
Jan 26 03:24:50 wsfd-netdev34-vm-7.ntdv.lab.eng.bos.redhat.com nm-dispatcher[284630]: req:18 'vpn-up' [hosta_nic]: environment: IP6_NUM_ADDRESSES=3
Jan 26 03:24:50 wsfd-netdev34-vm-7.ntdv.lab.eng.bos.redhat.com nm-dispatcher[284630]: req:18 'vpn-up' [hosta_nic]: environment: IP6_GATEWAY=0.0.0.0
Jan 26 03:24:50 wsfd-netdev34-vm-7.ntdv.lab.eng.bos.redhat.com nm-dispatcher[284630]: req:18 'vpn-up' [hosta_nic]: environment: IP6_ROUTE_0=::/128 2001:db8:f::b 1024
Jan 26 03:24:50 wsfd-netdev34-vm-7.ntdv.lab.eng.bos.redhat.com nm-dispatcher[284630]: req:18 'vpn-up' [hosta_nic]: environment: IP6_ROUTE_1=fe80::/64 :: 1024
Jan 26 03:24:50 wsfd-netdev34-vm-7.ntdv.lab.eng.bos.redhat.com nm-dispatcher[284630]: req:18 'vpn-up' [hosta_nic]: environment: IP6_ROUTE_2=2001:db8:f::/64 :: 101
Jan 26 03:24:50 wsfd-netdev34-vm-7.ntdv.lab.eng.bos.redhat.com nm-dispatcher[284630]: req:18 'vpn-up' [hosta_nic]: environment: IP6_ROUTE_3=2001:db8:e::/64 :: 101
Jan 26 03:24:50 wsfd-netdev34-vm-7.ntdv.lab.eng.bos.redhat.com nm-dispatcher[284630]: req:18 'vpn-up' [hosta_nic]: environment: IP6_NUM_ROUTES=4
Jan 26 03:24:50 wsfd-netdev34-vm-7.ntdv.lab.eng.bos.redhat.com nm-dispatcher[284630]: req:18 'vpn-up' [hosta_nic]: environment: PATH=/usr/local/sbin:/usr/local/bin:/usr/sbin:/usr/bin
Jan 26 03:24:50 wsfd-netdev34-vm-7.ntdv.lab.eng.bos.redhat.com nm-dispatcher[284630]: req:18 'vpn-up' [hosta_nic]: environment: NM_DISPATCHER_ACTION=vpn-up
Jan 26 03:24:50 wsfd-netdev34-vm-7.ntdv.lab.eng.bos.redhat.com nm-dispatcher[284630]: req:18 'vpn-up' [hosta_nic], "/usr/lib/NetworkManager/dispatcher.d/90-nm-cloud-setup.sh": run script (no-wait)
Jan 26 03:24:50 wsfd-netdev34-vm-7.ntdv.lab.eng.bos.redhat.com nm-dispatcher[284630]: req:18 'vpn-up' [hosta_nic]: start running ordered scripts...
Jan 26 03:24:50 wsfd-netdev34-vm-7.ntdv.lab.eng.bos.redhat.com nm-dispatcher[284630]: req:18 'vpn-up' [hosta_nic], "/usr/lib/NetworkManager/dispatcher.d/90-nm-cloud-setup.sh": complete
Jan 26 03:24:50 wsfd-netdev34-vm-7.ntdv.lab.eng.bos.redhat.com nm-dispatcher[284630]: req:18 'vpn-up' [hosta_nic], "/usr/lib/NetworkManager/dispatcher.d/04-iscsi": run script
Jan 26 03:24:50 wsfd-netdev34-vm-7.ntdv.lab.eng.bos.redhat.com pluto[284486]: "016d97f3-c14b-4d39-86d8-07e9e1e506d3" #10: route-client output: nm-libreswan-helper[284946,284983]: command line: /usr/libexec/nm-libreswan-service-helper 7 284946 org.freedesktop.NetworkManager.libreswan.Connection_1869
Jan 26 03:24:50 wsfd-netdev34-vm-7.ntdv.lab.eng.bos.redhat.com pluto[284486]: "016d97f3-c14b-4d39-86d8-07e9e1e506d3" #10: route-client output: nm-libreswan-helper[284946,284983]: environment: PLUTO_NM_CONFIGURED=1
Jan 26 03:24:50 wsfd-netdev34-vm-7.ntdv.lab.eng.bos.redhat.com pluto[284486]: "016d97f3-c14b-4d39-86d8-07e9e1e506d3" #10: route-client output: nm-libreswan-helper[284946,284983]: environment: PLUTO_MY_CLIENT_MASK=255.255.255.255
Jan 26 03:24:50 wsfd-netdev34-vm-7.ntdv.lab.eng.bos.redhat.com pluto[284486]: "016d97f3-c14b-4d39-86d8-07e9e1e506d3" #10: route-client output: nm-libreswan-helper[284946,284983]: environment: PLUTO_OUTBYTES=0
Jan 26 03:24:50 wsfd-netdev34-vm-7.ntdv.lab.eng.bos.redhat.com pluto[284486]: "016d97f3-c14b-4d39-86d8-07e9e1e506d3" #10: route-client output: nm-libreswan-helper[284946,284983]: environment: PLUTO_PEER_CLIENT=0.0.0.0/0
Jan 26 03:24:50 wsfd-netdev34-vm-7.ntdv.lab.eng.bos.redhat.com pluto[284486]: "016d97f3-c14b-4d39-86d8-07e9e1e506d3" #10: route-client output: nm-libreswan-helper[284946,284983]: environment: XAUTH_FAILED=0
Jan 26 03:24:50 wsfd-netdev34-vm-7.ntdv.lab.eng.bos.redhat.com pluto[284486]: "016d97f3-c14b-4d39-86d8-07e9e1e506d3" #10: route-client output: nm-libreswan-helper[284946,284983]: environment: PLUTO_CFG_SERVER=0
Jan 26 03:24:50 wsfd-netdev34-vm-7.ntdv.lab.eng.bos.redhat.com pluto[284486]: "016d97f3-c14b-4d39-86d8-07e9e1e506d3" #10: route-client output: nm-libreswan-helper[284946,284983]: environment: PLUTO_INTERFACE=hosta_nic
Jan 26 03:24:50 wsfd-netdev34-vm-7.ntdv.lab.eng.bos.redhat.com pluto[284486]: "016d97f3-c14b-4d39-86d8-07e9e1e506d3" #10: route-client output: nm-libreswan-helper[284946,284983]: environment: PLUTO_PEER_DOMAIN_INFO=
Jan 26 03:24:50 wsfd-netdev34-vm-7.ntdv.lab.eng.bos.redhat.com pluto[284486]: "016d97f3-c14b-4d39-86d8-07e9e1e506d3" #10: route-client output: nm-libreswan-helper[284946,284983]: environment: VTI_ROUTING=no
Jan 26 03:24:50 wsfd-netdev34-vm-7.ntdv.lab.eng.bos.redhat.com pluto[284486]: "016d97f3-c14b-4d39-86d8-07e9e1e506d3" #10: route-client output: nm-libreswan-helper[284946,284983]: environment: PLUTO_PEER_CA=
Jan 26 03:24:50 wsfd-netdev34-vm-7.ntdv.lab.eng.bos.redhat.com pluto[284486]: "016d97f3-c14b-4d39-86d8-07e9e1e506d3" #10: route-client output: nm-libreswan-helper[284946,284983]: environment: PLUTO_CONN_POLICY=IKEv2+RSASIG+ECDSA+RSASIG_v1_5+ENCRYPT+TUNNEL+PFS+UP+MODECFG_PULL+IKE_FRAG_ALLOW+ESN_NO+ESN_YES
Jan 26 03:24:50 wsfd-netdev34-vm-7.ntdv.lab.eng.bos.redhat.com pluto[284486]: "016d97f3-c14b-4d39-86d8-07e9e1e506d3" #10: route-client output: nm-libreswan-helper[284946,284983]: environment: PLUTO_CONNECTION=016d97f3-c14b-4d39-86d8-07e9e1e506d3
Jan 26 03:24:50 wsfd-netdev34-vm-7.ntdv.lab.eng.bos.redhat.com pluto[284486]: "016d97f3-c14b-4d39-86d8-07e9e1e506d3" #10: route-client output: nm-libreswan-helper[284946,284983]: environment: PLUTO_STACK=xfrm
Jan 26 03:24:50 wsfd-netdev34-vm-7.ntdv.lab.eng.bos.redhat.com pluto[284486]: "016d97f3-c14b-4d39-86d8-07e9e1e506d3" #10: route-client output: nm-libreswan-helper[284946,284983]: environment: PLUTO_MY_PROTOCOL=0
Jan 26 03:24:50 wsfd-netdev34-vm-7.ntdv.lab.eng.bos.redhat.com pluto[284486]: "016d97f3-c14b-4d39-86d8-07e9e1e506d3" #10: route-client output: nm-libreswan-helper[284946,284983]: environment: PLUTO_SA_REQID=16404
Jan 26 03:24:50 wsfd-netdev34-vm-7.ntdv.lab.eng.bos.redhat.com pluto[284486]: "016d97f3-c14b-4d39-86d8-07e9e1e506d3" #10: route-client output: nm-libreswan-helper[284946,284983]: environment: PLUTO_NEXT_HOP=192.0.2.152
Jan 26 03:24:50 wsfd-netdev34-vm-7.ntdv.lab.eng.bos.redhat.com pluto[284486]: "016d97f3-c14b-4d39-86d8-07e9e1e506d3" #10: route-client output: nm-libreswan-helper[284946,284983]: environment: PLUTO_PEER_ID=CN=hostb.example.org
Jan 26 03:24:50 wsfd-netdev34-vm-7.ntdv.lab.eng.bos.redhat.com pluto[284486]: "016d97f3-c14b-4d39-86d8-07e9e1e506d3" #10: route-client output: nm-libreswan-helper[284946,284983]: environment: PLUTO_CONN_ADDRFAMILY=ipv4
