Jan 26 03:24:48 wsfd-netdev34-vm-7.ntdv.lab.eng.bos.redhat.com NetworkManager[18644]: [1706257488.2380] policy: set-hostname: updating hostname (ip conf)
Jan 26 03:24:48 wsfd-netdev34-vm-7.ntdv.lab.eng.bos.redhat.com NetworkManager[18644]: [1706257488.2380] policy: get-hostname: "wsfd-netdev34-vm-7.ntdv.lab.eng.bos.redhat.com" (from dbus)
Jan 26 03:24:48 wsfd-netdev34-vm-7.ntdv.lab.eng.bos.redhat.com NetworkManager[18644]: [1706257488.2380] policy: get-hostname: "wsfd-netdev34-vm-7.ntdv.lab.eng.bos.redhat.com" (from dbus)
Jan 26 03:24:48 wsfd-netdev34-vm-7.ntdv.lab.eng.bos.redhat.com NetworkManager[18644]: [1706257488.2380] policy: set-hostname: hostname already set to 'wsfd-netdev34-vm-7.ntdv.lab.eng.bos.redhat.com' (from system configuration)
Jan 26 03:24:48 wsfd-netdev34-vm-7.ntdv.lab.eng.bos.redhat.com NetworkManager[18644]: [1706257488.2380] dns-mgr: (device_l3cd_changed): DNS configuration did not change
Jan 26 03:24:48 wsfd-netdev34-vm-7.ntdv.lab.eng.bos.redhat.com NetworkManager[18644]: [1706257488.2380] dns-mgr: (device_l3cd_changed): no DNS changes to commit (0)
Jan 26 03:24:48 wsfd-netdev34-vm-7.ntdv.lab.eng.bos.redhat.com NetworkManager[18644]: [1706257488.2380] l3cfg[000055940b446e10,ifindex=983]: IP configuration changed (merged=>[000055940b6fc7d0], commited=>[000055940b6fc7d0])
Jan 26 03:24:48 wsfd-netdev34-vm-7.ntdv.lab.eng.bos.redhat.com NetworkManager[18644]: [1706257488.2380] l3cfg[000055940b446e10,ifindex=983]: l3cd (000055940b6fc7d0, ifindex=983)
Jan 26 03:24:48 wsfd-netdev34-vm-7.ntdv.lab.eng.bos.redhat.com NetworkManager[18644]: [1706257488.2380] l3cfg[000055940b446e10,ifindex=983]: address4[0]: 192.0.2.251/24 brd* 192.0.2.255 lft forever pref forever lifetime 44106-0[4294967295,4294967295] dev 983 src user
Jan 26 03:24:48 wsfd-netdev34-vm-7.ntdv.lab.eng.bos.redhat.com NetworkManager[18644]: [1706257488.2380] l3cfg[000055940b446e10,ifindex=983]: address4[1]: 192.0.2.250/24 brd* 192.0.2.255 lft forever pref forever lifetime 44106-0[4294967295,4294967295] dev 983 src user
Jan 26 03:24:48 wsfd-netdev34-vm-7.ntdv.lab.eng.bos.redhat.com NetworkManager[18644]: [1706257488.2380] l3cfg[000055940b446e10,ifindex=983]: address4[2]: 192.0.2.249/24 brd* 192.0.2.255 lft forever pref forever lifetime 44106-0[4294967295,4294967295] dev 983 src user
Jan 26 03:24:48 wsfd-netdev34-vm-7.ntdv.lab.eng.bos.redhat.com NetworkManager[18644]: [1706257488.2381] l3cfg[000055940b446e10,ifindex=983]: address4[3]: 192.0.2.248/24 brd* 192.0.2.255 lft forever pref forever lifetime 44106-0[4294967295,4294967295] dev 983 src user
Jan 26 03:24:48 wsfd-netdev34-vm-7.ntdv.lab.eng.bos.redhat.com NetworkManager[18644]: [1706257488.2381] l3cfg[000055940b446e10,ifindex=983]: address4[4]: 192.0.2.247/24 brd* 192.0.2.255 lft forever pref forever lifetime 44106-0[4294967295,4294967295] dev 983 src user
Jan 26 03:24:48 wsfd-netdev34-vm-7.ntdv.lab.eng.bos.redhat.com NetworkManager[18644]: [1706257488.2381] l3cfg[000055940b446e10,ifindex=983]: address4[5]: 203.0.113.102/32 lft forever pref forever lifetime 44106-0[0,0] dev 983 src vpn
Jan 26 03:24:48 wsfd-netdev34-vm-7.ntdv.lab.eng.bos.redhat.com NetworkManager[18644]: [1706257488.2381] l3cfg[000055940b446e10,ifindex=983]: route4[0]: [DEFAULT] type unicast 0.0.0.0/0 via 192.0.2.152 dev 983 metric 0 mss 0 rt-src user
Jan 26 03:24:48 wsfd-netdev34-vm-7.ntdv.lab.eng.bos.redhat.com NetworkManager[18644]: [1706257488.2381] l3cfg[000055940b446e10,ifindex=983]: route4[1]: type unicast 0.0.0.0/1 via 192.0.2.153 dev 983 metric 50 mss 0 rt-src vpn pref-src 203.0.113.102
Jan 26 03:24:48 wsfd-netdev34-vm-7.ntdv.lab.eng.bos.redhat.com NetworkManager[18644]: [1706257488.2381] l3cfg[000055940b446e10,ifindex=983]: route4[2]: type unicast 128.0.0.0/1 via 192.0.2.153 dev 983 metric 50 mss 0 rt-src vpn pref-src 203.0.113.102
Jan 26 03:24:48 wsfd-netdev34-vm-7.ntdv.lab.eng.bos.redhat.com NetworkManager[18644]: [1706257488.2381] l3cfg[000055940b446e10,ifindex=983]: route4[3]: type unicast 0.0.0.0/0 via 192.0.2.153 dev 983 metric 50 mss 0 rt-src vpn
Jan 26 03:24:48 wsfd-netdev34-vm-7.ntdv.lab.eng.bos.redhat.com NetworkManager[18644]: [1706257488.2381] l3cfg[000055940b446e10,ifindex=983]: route4[4]: type unicast 192.0.2.0/24 dev 983 metric 101 mss 0 rt-src rt-kernel scope link pref-src 192.0.2.251
Jan 26 03:24:48 wsfd-netdev34-vm-7.ntdv.lab.eng.bos.redhat.com NetworkManager[18644]: [1706257488.2381] l3cfg[000055940b446e10,ifindex=983]: route4[5]: type unicast 192.0.2.0/24 dev 983 metric 101 mss 0 rt-src rt-kernel scope link pref-src 192.0.2.250
Jan 26 03:24:48 wsfd-netdev34-vm-7.ntdv.lab.eng.bos.redhat.com NetworkManager[18644]: [1706257488.2381] l3cfg[000055940b446e10,ifindex=983]: route4[6]: type unicast 192.0.2.0/24 dev 983 metric 101 mss 0 rt-src rt-kernel scope link pref-src 192.0.2.249
Jan 26 03:24:48 wsfd-netdev34-vm-7.ntdv.lab.eng.bos.redhat.com NetworkManager[18644]: [1706257488.2381] l3cfg[000055940b446e10,ifindex=983]: route4[7]: type unicast 192.0.2.0/24 dev 983 metric 101 mss 0 rt-src rt-kernel scope link pref-src 192.0.2.248
Jan 26 03:24:48 wsfd-netdev34-vm-7.ntdv.lab.eng.bos.redhat.com NetworkManager[18644]: [1706257488.2381] l3cfg[000055940b446e10,ifindex=983]: route4[8]: type unicast 192.0.2.0/24 dev 983 metric 101 mss 0 rt-src rt-kernel scope link pref-src 192.0.2.247
Jan 26 03:24:48 wsfd-netdev34-vm-7.ntdv.lab.eng.bos.redhat.com NetworkManager[18644]: [1706257488.2381] l3cfg[000055940b446e10,ifindex=983]: dns-priority4: 100
Jan 26 03:24:48 wsfd-netdev34-vm-7.ntdv.lab.eng.bos.redhat.com NetworkManager[18644]: [1706257488.2381] l3cfg[000055940b446e10,ifindex=983]: never-default: no
Jan 26 03:24:48 wsfd-netdev34-vm-7.ntdv.lab.eng.bos.redhat.com pluto[284486]: "66405378-7a08-4d67-a1cd-f217d7f1ea03" #6: prepare-client output: nm-libreswan-helper[284774,284802]: command line: /usr/libexec/nm-libreswan-service-helper 7 284774 org.freedesktop.NetworkManager.libreswan.Connection_1866
Jan 26 03:24:48 wsfd-netdev34-vm-7.ntdv.lab.eng.bos.redhat.com NetworkManager[18644]: [1706257488.2382] l3cfg[000055940b446e10,ifindex=983]: address6[0]: 2001:db8:f::a/64 lft forever pref forever lifetime 44106-0[4294967295,4294967295] dev 983 src user
Jan 26 03:24:48 wsfd-netdev34-vm-7.ntdv.lab.eng.bos.redhat.com pluto[284486]: "66405378-7a08-4d67-a1cd-f217d7f1ea03" #6: prepare-client output: nm-libreswan-helper[284774,284802]: environment: PLUTO_NM_CONFIGURED=1
Jan 26 03:24:48 wsfd-netdev34-vm-7.ntdv.lab.eng.bos.redhat.com NetworkManager[18644]: [1706257488.2382] l3cfg[000055940b446e10,ifindex=983]: address6[1]: 2001:db8:e::a/64 lft forever pref forever lifetime 44106-0[4294967295,4294967295] dev 983 src user
Jan 26 03:24:48 wsfd-netdev34-vm-7.ntdv.lab.eng.bos.redhat.com pluto[284486]: "66405378-7a08-4d67-a1cd-f217d7f1ea03" #6: prepare-client output: nm-libreswan-helper[284774,284802]: environment: PLUTO_MY_CLIENT_MASK=255.255.255.255
Jan 26 03:24:48 wsfd-netdev34-vm-7.ntdv.lab.eng.bos.redhat.com NetworkManager[18644]: [1706257488.2382] l3cfg[000055940b446e10,ifindex=983]: address6[2]: fe80::c033:6ff:fe24:7117/64 lft forever pref forever lifetime 44106-0[0,0] dev 983 src ipv6ll
Jan 26 03:24:48 wsfd-netdev34-vm-7.ntdv.lab.eng.bos.redhat.com pluto[284486]: "66405378-7a08-4d67-a1cd-f217d7f1ea03" #6: prepare-client output: nm-libreswan-helper[284774,284802]: environment: PLUTO_OUTBYTES=0
Jan 26 03:24:48 wsfd-netdev34-vm-7.ntdv.lab.eng.bos.redhat.com NetworkManager[18644]: [1706257488.2382] l3cfg[000055940b446e10,ifindex=983]: ip6-privacy: disabled
Jan 26 03:24:48 wsfd-netdev34-vm-7.ntdv.lab.eng.bos.redhat.com pluto[284486]: "66405378-7a08-4d67-a1cd-f217d7f1ea03" #6: prepare-client output: nm-libreswan-helper[284774,284802]: environment: PLUTO_PEER_CLIENT=0.0.0.0/0
Jan 26 03:24:48 wsfd-netdev34-vm-7.ntdv.lab.eng.bos.redhat.com NetworkManager[18644]: [1706257488.2382] l3cfg[000055940b446e10,ifindex=983]: route6[0]: type unicast ::/128 via 2001:db8:f::b dev 983 metric 1024 mss 0 rt-src user
Jan 26 03:24:48 wsfd-netdev34-vm-7.ntdv.lab.eng.bos.redhat.com pluto[284486]: "66405378-7a08-4d67-a1cd-f217d7f1ea03" #6: prepare-client output: nm-libreswan-helper[284774,284802]: environment: XAUTH_FAILED=0
Jan 26 03:24:48 wsfd-netdev34-vm-7.ntdv.lab.eng.bos.redhat.com NetworkManager[18644]: [1706257488.2382] l3cfg[000055940b446e10,ifindex=983]: route6[1]: type unicast fe80::/64 dev 983 metric 1024 mss 0 rt-src ipv6ll
Jan 26 03:24:48 wsfd-netdev34-vm-7.ntdv.lab.eng.bos.redhat.com pluto[284486]: "66405378-7a08-4d67-a1cd-f217d7f1ea03" #6: prepare-client output: nm-libreswan-helper[284774,284802]: environment: PLUTO_CFG_SERVER=0
Jan 26 03:24:48 wsfd-netdev34-vm-7.ntdv.lab.eng.bos.redhat.com NetworkManager[18644]: [1706257488.2382] l3cfg[000055940b446e10,ifindex=983]: route6[2]: type unicast 2001:db8:f::/64 dev 983 metric 101 mss 0 rt-src rt-kernel
Jan 26 03:24:48 wsfd-netdev34-vm-7.ntdv.lab.eng.bos.redhat.com pluto[284486]: "66405378-7a08-4d67-a1cd-f217d7f1ea03" #6: prepare-client output: nm-libreswan-helper[284774,284802]: environment: PLUTO_INTERFACE=hosta_nic
Jan 26 03:24:48 wsfd-netdev34-vm-7.ntdv.lab.eng.bos.redhat.com NetworkManager[18644]: [1706257488.2382] l3cfg[000055940b446e10,ifindex=983]: route6[3]: type unicast 2001:db8:e::/64 dev 983 metric 101 mss 0 rt-src rt-kernel
Jan 26 03:24:48 wsfd-netdev34-vm-7.ntdv.lab.eng.bos.redhat.com pluto[284486]: "66405378-7a08-4d67-a1cd-f217d7f1ea03" #6: prepare-client output: nm-libreswan-helper[284774,284802]: environment: PLUTO_PEER_DOMAIN_INFO=
Jan 26 03:24:48 wsfd-netdev34-vm-7.ntdv.lab.eng.bos.redhat.com NetworkManager[18644]: [1706257488.2382] l3cfg[000055940b446e10,ifindex=983]: dns-priority6: 100
Jan 26 03:24:48 wsfd-netdev34-vm-7.ntdv.lab.eng.bos.redhat.com pluto[284486]: "66405378-7a08-4d67-a1cd-f217d7f1ea03" #6: prepare-client output: nm-libreswan-helper[284774,284802]: environment: VTI_ROUTING=no
Jan 26 03:24:48 wsfd-netdev34-vm-7.ntdv.lab.eng.bos.redhat.com NetworkManager[18644]: [1706257488.2382] l3cfg[000055940b446e10,ifindex=983]: never-default: no
Jan 26 03:24:48 wsfd-netdev34-vm-7.ntdv.lab.eng.bos.redhat.com pluto[284486]: "66405378-7a08-4d67-a1cd-f217d7f1ea03" #6: prepare-client output: nm-libreswan-helper[284774,284802]: environment: PLUTO_PEER_CA=
Jan 26 03:24:48 wsfd-netdev34-vm-7.ntdv.lab.eng.bos.redhat.com NetworkManager[18644]: [1706257488.2382] l3cfg[000055940b446e10,ifindex=983]: mptcp-flags: disabled
Jan 26 03:24:48 wsfd-netdev34-vm-7.ntdv.lab.eng.bos.redhat.com pluto[284486]: "66405378-7a08-4d67-a1cd-f217d7f1ea03" #6: prepare-client output: nm-libreswan-helper[284774,284802]: environment: PLUTO_CONN_POLICY=IKEv2+PSK+ENCRYPT+TUNNEL+PFS+UP+MODECFG_PULL+IKE_FRAG_ALLOW+ESN_NO+ESN_YES
Jan 26 03:24:48 wsfd-netdev34-vm-7.ntdv.lab.eng.bos.redhat.com NetworkManager[18644]: [1706257488.2382] l3cfg[000055940b446e10,ifindex=983]: proxy-browser-only: no
Jan 26 03:24:48 wsfd-netdev34-vm-7.ntdv.lab.eng.bos.redhat.com pluto[284486]: "66405378-7a08-4d67-a1cd-f217d7f1ea03" #6: prepare-client output: nm-libreswan-helper[284774,284802]: environment: PLUTO_CONNECTION=66405378-7a08-4d67-a1cd-f217d7f1ea03
Jan 26 03:24:48 wsfd-netdev34-vm-7.ntdv.lab.eng.bos.redhat.com NetworkManager[18644]: [1706257488.2382] l3cfg[000055940b446e10,ifindex=983]: proxy-method: none
Jan 26 03:24:48 wsfd-netdev34-vm-7.ntdv.lab.eng.bos.redhat.com pluto[284486]: "66405378-7a08-4d67-a1cd-f217d7f1ea03" #6: prepare-client output: nm-libreswan-helper[284774,284802]: environment: PLUTO_STACK=xfrm
Jan 26 03:24:48 wsfd-netdev34-vm-7.ntdv.lab.eng.bos.redhat.com NetworkManager[18644]: [1706257488.2382] l3cfg[000055940b446e10,ifindex=983]: emit signal (pre-commit)
Jan 26 03:24:48 wsfd-netdev34-vm-7.ntdv.lab.eng.bos.redhat.com pluto[284486]: "66405378-7a08-4d67-a1cd-f217d7f1ea03" #6: prepare-client output: nm-libreswan-helper[284774,284802]: environment: PLUTO_MY_PROTOCOL=0
Jan 26 03:24:48 wsfd-netdev34-vm-7.ntdv.lab.eng.bos.redhat.com NetworkManager[18644]: [1706257488.2383] l3cfg[000055940b446e10,ifindex=983]: committing IPv4 configuration (update)
Jan 26 03:24:48 wsfd-netdev34-vm-7.ntdv.lab.eng.bos.redhat.com pluto[284486]: "66405378-7a08-4d67-a1cd-f217d7f1ea03" #6: prepare-client output: nm-libreswan-helper[284774,284802]: environment: PLUTO_SA_REQID=16396
Jan 26 03:24:48 wsfd-netdev34-vm-7.ntdv.lab.eng.bos.redhat.com NetworkManager[18644]: [1706257488.2383] l3cfg[000055940b446e10,ifindex=983]: obj-state: configure-first-time: [000055940b706d00, ip4-address, 203.0.113.102/32 lft forever pref forever lifetime 44106-0[0,0] dev 983 src vpn], nm-configured
Jan 26 03:24:48 wsfd-netdev34-vm-7.ntdv.lab.eng.bos.redhat.com pluto[284486]: "66405378-7a08-4d67-a1cd-f217d7f1ea03" #6: prepare-client output: nm-libreswan-helper[284774,284802]: environment: PLUTO_NEXT_HOP=192.0.2.153
Jan 26 03:24:48 wsfd-netdev34-vm-7.ntdv.lab.eng.bos.redhat.com NetworkManager[18644]: [1706257488.2383] l3cfg[000055940b446e10,ifindex=983]: obj-state: configure-first-time: [000055940b592940, ip4-route, type unicast 0.0.0.0/1 via 192.0.2.153 dev 983 metric 50 mss 0 rt-src vpn pref-src 203.0.113.102], nm-configured
Jan 26 03:24:48 wsfd-netdev34-vm-7.ntdv.lab.eng.bos.redhat.com pluto[284486]: "66405378-7a08-4d67-a1cd-f217d7f1ea03" #6: prepare-client output: nm-libreswan-helper[284774,284802]: environment: PLUTO_PEER_ID=@hostb-psk.example.org
Jan 26 03:24:48 wsfd-netdev34-vm-7.ntdv.lab.eng.bos.redhat.com NetworkManager[18644]: [1706257488.2383] l3cfg[000055940b446e10,ifindex=983]: obj-state: configure-first-time: [000055940b6b4140, ip4-route, type unicast 128.0.0.0/1 via 192.0.2.153 dev 983 metric 50 mss 0 rt-src vpn pref-src 203.0.113.102], nm-configured
Jan 26 03:24:48 wsfd-netdev34-vm-7.ntdv.lab.eng.bos.redhat.com pluto[284486]: "66405378-7a08-4d67-a1cd-f217d7f1ea03" #6: prepare-client output: nm-libreswan-helper[284774,284802]: environment: PLUTO_CONN_ADDRFAMILY=ipv4
Jan 26 03:24:48 wsfd-netdev34-vm-7.ntdv.lab.eng.bos.redhat.com NetworkManager[18644]: [1706257488.2383] l3cfg[000055940b446e10,ifindex=983]: obj-state: configure-first-time: [000055940b702600, ip4-route, type unicast 0.0.0.0/0 via 192.0.2.153 dev 983 metric 50 mss 0 rt-src vpn], nm-configured
Jan 26 03:24:48 wsfd-netdev34-vm-7.ntdv.lab.eng.bos.redhat.com pluto[284486]: "66405378-7a08-4d67-a1cd-f217d7f1ea03" #6: prepare-client output: nm-libreswan-helper[284774,284802]: environment: PLUTO_INBYTES=0
Jan 26 03:24:48 wsfd-netdev34-vm-7.ntdv.lab.eng.bos.redhat.com NetworkManager[18644]: [1706257488.2384] netns[000055940b33dc20]: ecmp-route: committing IPv4 ECMP routes
Jan 26 03:24:48 wsfd-netdev34-vm-7.ntdv.lab.eng.bos.redhat.com pluto[284486]: "66405378-7a08-4d67-a1cd-f217d7f1ea03" #6: prepare-client output: nm-libreswan-helper[284774,284802]: environment: PLUTO_ADDTIME=1706257488
Jan 26 03:24:48 wsfd-netdev34-vm-7.ntdv.lab.eng.bos.redhat.com NetworkManager[18644]: [1706257488.2384] platform-linux: delayed-action: schedule read-rtnl
Jan 26 03:24:48 wsfd-netdev34-vm-7.ntdv.lab.eng.bos.redhat.com pluto[284486]: "66405378-7a08-4d67-a1cd-f217d7f1ea03" #6: prepare-client output: nm-libreswan-helper[284774,284802]: environment: PLUTO_SA_TYPE=ESP
Jan 26 03:24:48 wsfd-netdev34-vm-7.ntdv.lab.eng.bos.redhat.com NetworkManager[18644]: [1706257488.2384] platform-linux: delayed-action: schedule read-genl
Jan 26 03:24:48 wsfd-netdev34-vm-7.ntdv.lab.eng.bos.redhat.com pluto[284486]: "66405378-7a08-4d67-a1cd-f217d7f1ea03" #6: prepare-client output: nm-libreswan-helper[284774,284802]: environment: PLUTO_MY_CLIENT=203.0.113.102/32
Jan 26 03:24:48 wsfd-netdev34-vm-7.ntdv.lab.eng.bos.redhat.com NetworkManager[18644]: [1706257488.2384] platform-linux: delayed-action: handle read-genl
Jan 26 03:24:48 wsfd-netdev34-vm-7.ntdv.lab.eng.bos.redhat.com pluto[284486]: "66405378-7a08-4d67-a1cd-f217d7f1ea03" #6: prepare-client output: nm-libreswan-helper[284774,284802]: environment: PLUTO_PEER_BANNER=
Jan 26 03:24:48 wsfd-netdev34-vm-7.ntdv.lab.eng.bos.redhat.com NetworkManager[18644]: [1706257488.2384] platform-linux: delayed-action: handle read-rtnl
Jan 26 03:24:48 wsfd-netdev34-vm-7.ntdv.lab.eng.bos.redhat.com pluto[284486]: "66405378-7a08-4d67-a1cd-f217d7f1ea03" #6: prepare-client output: nm-libreswan-helper[284774,284802]: environment: PLUTO_PEER_PROTOCOL=0
Jan 26 03:24:48 wsfd-netdev34-vm-7.ntdv.lab.eng.bos.redhat.com NetworkManager[18644]: [1706257488.2384] platform: (hosta_nic) address: skip updating IPv4 address: 192.0.2.251/24 brd* 192.0.2.255 lft forever pref forever lifetime 44106-0[4294967295,4294967295] dev 983 src user
Jan 26 03:24:48 wsfd-netdev34-vm-7.ntdv.lab.eng.bos.redhat.com pluto[284486]: "66405378-7a08-4d67-a1cd-f217d7f1ea03" #6: prepare-client output: nm-libreswan-helper[284774,284802]: environment: PLUTO_MOBIKE_EVENT=
Jan 26 03:24:48 wsfd-netdev34-vm-7.ntdv.lab.eng.bos.redhat.com NetworkManager[18644]: [1706257488.2384] platform: (hosta_nic) address: skip updating IPv4 address: 192.0.2.250/24 brd* 192.0.2.255 lft forever pref forever lifetime 44106-0[4294967295,4294967295] dev 983 src user
Jan 26 03:24:48 wsfd-netdev34-vm-7.ntdv.lab.eng.bos.redhat.com pluto[284486]: "66405378-7a08-4d67-a1cd-f217d7f1ea03" #6: prepare-client output: nm-libreswan-helper[284774,284802]: environment: PLUTO_MY_PORT=0
Jan 26 03:24:48 wsfd-netdev34-vm-7.ntdv.lab.eng.bos.redhat.com NetworkManager[18644]: [1706257488.2384] platform: (hosta_nic) address: skip updating IPv4 address: 192.0.2.249/24 brd* 192.0.2.255 lft forever pref forever lifetime 44106-0[4294967295,4294967295] dev 983 src user
Jan 26 03:24:48 wsfd-netdev34-vm-7.ntdv.lab.eng.bos.redhat.com pluto[284486]: "66405378-7a08-4d67-a1cd-f217d7f1ea03" #6: prepare-client output: nm-libreswan-helper[284774,284802]: environment: PLUTO_PEER_CLIENT_MASK=0.0.0.0
Jan 26 03:24:48 wsfd-netdev34-vm-7.ntdv.lab.eng.bos.redhat.com NetworkManager[18644]: [1706257488.2385] platform: (hosta_nic) address: skip updating IPv4 address: 192.0.2.248/24 brd* 192.0.2.255 lft forever pref forever lifetime 44106-0[4294967295,4294967295] dev 983 src user
Jan 26 03:24:48 wsfd-netdev34-vm-7.ntdv.lab.eng.bos.redhat.com pluto[284486]: "66405378-7a08-4d67-a1cd-f217d7f1ea03" #6: prepare-client output: nm-libreswan-helper[284774,284802]: environment: VTI_SHARED=no
Jan 26 03:24:48 wsfd-netdev34-vm-7.ntdv.lab.eng.bos.redhat.com NetworkManager[18644]: [1706257488.2385] platform: (hosta_nic) address: skip updating IPv4 address: 192.0.2.247/24 brd* 192.0.2.255 lft forever pref forever lifetime 44106-0[4294967295,4294967295] dev 983 src user
Jan 26 03:24:48 wsfd-netdev34-vm-7.ntdv.lab.eng.bos.redhat.com pluto[284486]: "66405378-7a08-4d67-a1cd-f217d7f1ea03" #6: prepare-client output: nm-libreswan-helper[284774,284802]: environment: PLUTO_ME=192.0.2.250
Jan 26 03:24:48 wsfd-netdev34-vm-7.ntdv.lab.eng.bos.redhat.com NetworkManager[18644]: [1706257488.2385] platform: (hosta_nic) address: adding or updating IPv4 address: 203.0.113.102/32 brd 0.0.0.0 lft forever pref forever lifetime 44106-0[4294967295,4294967295] dev 983 flags noprefixroute src unknown
Jan 26 03:24:48 wsfd-netdev34-vm-7.ntdv.lab.eng.bos.redhat.com pluto[284486]: "66405378-7a08-4d67-a1cd-f217d7f1ea03" #6: prepare-client output: nm-libreswan-helper[284774,284802]: environment: PLUTO_CONN_KIND=CK_PERMANENT
Jan 26 03:24:48 wsfd-netdev34-vm-7.ntdv.lab.eng.bos.redhat.com NetworkManager[18644]: [1706257488.2385] platform-linux: delayed-action: schedule wait-for-response-rtnl (seq 50223, timeout in 0.199997824, response-type 0)
Jan 26 03:24:48 wsfd-netdev34-vm-7.ntdv.lab.eng.bos.redhat.com pluto[284486]: "66405378-7a08-4d67-a1cd-f217d7f1ea03" #6: prepare-client output: nm-libreswan-helper[284774,284802]: environment: PLUTO_XFRMI_ROUTE=
Jan 26 03:24:48 wsfd-netdev34-vm-7.ntdv.lab.eng.bos.redhat.com NetworkManager[18644]: [1706257488.2386] platform-linux: delayed-action: handle wait-for-response-rtnl (any)
Jan 26 03:24:48 wsfd-netdev34-vm-7.ntdv.lab.eng.bos.redhat.com pluto[284486]: "66405378-7a08-4d67-a1cd-f217d7f1ea03" #6: prepare-client output: nm-libreswan-helper[284774,284802]: environment: PLUTO_MY_ID=@hosta-psk.example.org
Jan 26 03:24:48 wsfd-netdev34-vm-7.ntdv.lab.eng.bos.redhat.com NetworkManager[18644]: [1706257488.2386] platform-linux: rtnl: recvmsg: new message RTM_NEWADDR, flags 0, seq 50223
Jan 26 03:24:48 wsfd-netdev34-vm-7.ntdv.lab.eng.bos.redhat.com pluto[284486]: "66405378-7a08-4d67-a1cd-f217d7f1ea03" #6: prepare-client output: nm-libreswan-helper[284774,284802]: environment: PLUTO_PEER_CLIENT_NET=0.0.0.0
Jan 26 03:24:48 wsfd-netdev34-vm-7.ntdv.lab.eng.bos.redhat.com NetworkManager[18644]: [1706257488.2386] platform-linux: event-notification: RTM_NEWADDR, flags 0, seq 50223: 203.0.113.102/32 brd 0.0.0.0 lft forever pref forever lifetime 44106-0[4294967295,4294967295] dev 983 flags permanent,noprefixroute src kernel
Jan 26 03:24:48 wsfd-netdev34-vm-7.ntdv.lab.eng.bos.redhat.com pluto[284486]: "66405378-7a08-4d67-a1cd-f217d7f1ea03" #6: prepare-client output: nm-libreswan-helper[284774,284802]: environment: PLUTO_PEER_PORT=0
Jan 26 03:24:48 wsfd-netdev34-vm-7.ntdv.lab.eng.bos.redhat.com NetworkManager[18644]: [1706257488.2386] platform-linux: update-cache-ip4-address: ADD: [ip4-address,000055940b5d1a40,4,+alive,+visible; 203.0.113.102/32 brd 0.0.0.0 lft forever pref forever lifetime 44106-0[4294967295,4294967295] dev 983 flags permanent,noprefixroute src kernel]
Jan 26 03:24:48 wsfd-netdev34-vm-7.ntdv.lab.eng.bos.redhat.com pluto[284486]: "66405378-7a08-4d67-a1cd-f217d7f1ea03" #6: prepare-client output: nm-libreswan-helper[284774,284802]: environment: PLUTO_VIRT_INTERFACE=NULL
Jan 26 03:24:48 wsfd-netdev34-vm-7.ntdv.lab.eng.bos.redhat.com NetworkManager[18644]: [1706257488.2386] platform: (hosta_nic) emit signal ip4-address-changed added: 203.0.113.102/32 brd 0.0.0.0 lft forever pref forever lifetime 44106-0[4294967295,4294967295] dev 983 flags permanent,noprefixroute src kernel
Jan 26 03:24:48 wsfd-netdev34-vm-7.ntdv.lab.eng.bos.redhat.com pluto[284486]: "66405378-7a08-4d67-a1cd-f217d7f1ea03" #6: prepare-client output: nm-libreswan-helper[284774,284802]: environment: PLUTO_MY_SOURCEIP=203.0.113.102
Jan 26 03:24:48 wsfd-netdev34-vm-7.ntdv.lab.eng.bos.redhat.com NetworkManager[18644]: [1706257488.2386] platform: (hosta_nic) signal: address 4 added: 203.0.113.102/32 brd 0.0.0.0 lft forever pref forever lifetime 44106-0[4294967295,4294967295] dev 983 flags permanent,noprefixroute src kernel
Jan 26 03:24:48 wsfd-netdev34-vm-7.ntdv.lab.eng.bos.redhat.com pluto[284486]: "66405378-7a08-4d67-a1cd-f217d7f1ea03" #6: prepare-client output: nm-libreswan-helper[284774,284802]: environment: PLUTO_CFG_CLIENT=1
Jan 26 03:24:48 wsfd-netdev34-vm-7.ntdv.lab.eng.bos.redhat.com NetworkManager[18644]: [1706257488.2386] l3cfg[000055940b446e10,ifindex=983]: obj-state: appeared in platform: [000055940b706d00, ip4-address, 203.0.113.102/32 lft forever pref forever lifetime 44106-0[0,0] dev 983 src vpn], nm-configured, in-platform
Jan 26 03:24:48 wsfd-netdev34-vm-7.ntdv.lab.eng.bos.redhat.com pluto[284486]: "66405378-7a08-4d67-a1cd-f217d7f1ea03" #6: prepare-client output: nm-libreswan-helper[284774,284802]: environment: PLUTO_PEER=192.0.2.153
Jan 26 03:24:48 wsfd-netdev34-vm-7.ntdv.lab.eng.bos.redhat.com NetworkManager[18644]: [1706257488.2387] l3cfg[000055940b446e10,ifindex=983]: emit signal (platform-change, obj-type=ip4-address, change=added, obj=203.0.113.102/32 brd 0.0.0.0 lft forever pref forever lifetime 44106-0[4294967295,4294967295] dev 983 flags permanent,noprefixroute src kernel)
Jan 26 03:24:48 wsfd-netdev34-vm-7.ntdv.lab.eng.bos.redhat.com pluto[284486]: "66405378-7a08-4d67-a1cd-f217d7f1ea03" #6: prepare-client output: nm-libreswan-helper[284774,284802]: environment: SPI_IN=0xe65ccdd9
Jan 26 03:24:48 wsfd-netdev34-vm-7.ntdv.lab.eng.bos.redhat.com NetworkManager[18644]: [1706257488.2387] platform-linux: rtnl: recvmsg: new message RTM_NEWROUTE, flags excl,create, seq 0
Jan 26 03:24:48 wsfd-netdev34-vm-7.ntdv.lab.eng.bos.redhat.com pluto[284486]: "66405378-7a08-4d67-a1cd-f217d7f1ea03" #6: prepare-client output: nm-libreswan-helper[284774,284802]: environment: PLUTO_PEER_DNS_INFO=
Jan 26 03:24:48 wsfd-netdev34-vm-7.ntdv.lab.eng.bos.redhat.com NetworkManager[18644]: [1706257488.2387] platform-linux: event-notification: RTM_NEWROUTE, flags excl,create, seq 0: type local table 255 203.0.113.102/32 dev 983 metric 0 mss 0 rt-src rt-kernel scope host pref-src 203.0.113.102
Jan 26 03:24:48 wsfd-netdev34-vm-7.ntdv.lab.eng.bos.redhat.com pluto[284486]: "66405378-7a08-4d67-a1cd-f217d7f1ea03" #6: prepare-client output: nm-libreswan-helper[284774,284802]: environment: PLUTO_CONNECTION_TYPE=tunnel
Jan 26 03:24:48 wsfd-netdev34-vm-7.ntdv.lab.eng.bos.redhat.com NetworkManager[18644]: [1706257488.2387] platform-linux: update-cache-ip4-route: ADD: [ip4-route,00007fefb00a5d10,5,+alive,+visible; type local table 255 203.0.113.102/32 dev 983 metric 0 mss 0 rt-src rt-kernel scope host pref-src 203.0.113.102]
Jan 26 03:24:48 wsfd-netdev34-vm-7.ntdv.lab.eng.bos.redhat.com pluto[284486]: "66405378-7a08-4d67-a1cd-f217d7f1ea03" #6: prepare-client output: nm-libreswan-helper[284774,284802]: environment: PLUTO_MY_CLIENT_NET=203.0.113.102
Jan 26 03:24:48 wsfd-netdev34-vm-7.ntdv.lab.eng.bos.redhat.com NetworkManager[18644]: [1706257488.2387] platform: (hosta_nic) emit signal ip4-route-changed added: type local table 255 203.0.113.102/32 dev 983 metric 0 mss 0 rt-src rt-kernel scope host pref-src 203.0.113.102
Jan 26 03:24:48 wsfd-netdev34-vm-7.ntdv.lab.eng.bos.redhat.com pluto[284486]: "66405378-7a08-4d67-a1cd-f217d7f1ea03" #6: prepare-client output: nm-libreswan-helper[284774,284802]: environment: VTI_IFACE=
Jan 26 03:24:48 wsfd-netdev34-vm-7.ntdv.lab.eng.bos.redhat.com NetworkManager[18644]: [1706257488.2387] platform: (hosta_nic) signal: route 4 added: type local table 255 203.0.113.102/32 dev 983 metric 0 mss 0 rt-src rt-kernel scope host pref-src 203.0.113.102
Jan 26 03:24:48 wsfd-netdev34-vm-7.ntdv.lab.eng.bos.redhat.com pluto[284486]: "66405378-7a08-4d67-a1cd-f217d7f1ea03" #6: prepare-client output: nm-libreswan-helper[284774,284802]: environment: PLUTO_IS_PEER_CISCO=0
Jan 26 03:24:48 wsfd-netdev34-vm-7.ntdv.lab.eng.bos.redhat.com NetworkManager[18644]: [1706257488.2387] l3cfg[000055940b446e10,ifindex=983]: emit signal (platform-change, obj-type=ip4-route, change=added, obj=type local table 255 203.0.113.102/32 dev 983 metric 0 mss 0 rt-src rt-kernel scope host pref-src 203.0.113.102)
Jan 26 03:24:48 wsfd-netdev34-vm-7.ntdv.lab.eng.bos.redhat.com pluto[284486]: "66405378-7a08-4d67-a1cd-f217d7f1ea03" #6: prepare-client output: nm-libreswan-helper[284774,284802]: environment: SPI_OUT=0xa3bb189a
Jan 26 03:24:48 wsfd-netdev34-vm-7.ntdv.lab.eng.bos.redhat.com NetworkManager[18644]: [1706257488.2388] platform-linux: rtnl: recvmsg: new message NLMSG_ERROR, flags 0x0100, seq 50223
Jan 26 03:24:48 wsfd-netdev34-vm-7.ntdv.lab.eng.bos.redhat.com pluto[284486]: "66405378-7a08-4d67-a1cd-f217d7f1ea03" #6: prepare-client output: nm-libreswan-helper[284774,284802]: environment: PLUTO_VERB=prepare-client
Jan 26 03:24:48 wsfd-netdev34-vm-7.ntdv.lab.eng.bos.redhat.com NetworkManager[18644]: [1706257488.2388] platform-linux: delayed-action: complete wait-for-response-rtnl (seq 50223, timeout in 0.199747076, response-type 0, success)
Jan 26 03:24:48 wsfd-netdev34-vm-7.ntdv.lab.eng.bos.redhat.com NetworkManager[284774]: nm-libreswan[284774] Configuration from the helper received.
Jan 26 03:24:48 wsfd-netdev34-vm-7.ntdv.lab.eng.bos.redhat.com pluto[284486]: "66405378-7a08-4d67-a1cd-f217d7f1ea03" #6: prepare-client output: nm-libreswan-helper[284774,284802]: environment: WATCHDOG_USEC=200000000
Jan 26 03:24:48 wsfd-netdev34-vm-7.ntdv.lab.eng.bos.redhat.com NetworkManager[18644]: [1706257488.2388] platform-linux: do-add-ip4-address[983: 203.0.113.102/32]: success
Jan 26 03:24:48 wsfd-netdev34-vm-7.ntdv.lab.eng.bos.redhat.com pluto[284486]: "66405378-7a08-4d67-a1cd-f217d7f1ea03" #6: prepare-client output: nm-libreswan-helper[284774,284802]: environment: PWD=/run/pluto
Jan 26 03:24:48 wsfd-netdev34-vm-7.ntdv.lab.eng.bos.redhat.com NetworkManager[18644]: [1706257488.2388] platform: (hosta_nic) route: append IPv4 route: type unicast 0.0.0.0/1 via 192.0.2.153 dev 983 metric 50 mss 0 rt-src rt-static scope global pref-src 203.0.113.102
Jan 26 03:24:48 wsfd-netdev34-vm-7.ntdv.lab.eng.bos.redhat.com pluto[284486]: "66405378-7a08-4d67-a1cd-f217d7f1ea03" #6: prepare-client output: nm-libreswan-helper[284774,284802]: environment: SYSTEMD_EXEC_PID=284486
Jan 26 03:24:48 wsfd-netdev34-vm-7.ntdv.lab.eng.bos.redhat.com NetworkManager[18644]: [1706257488.2388] platform-linux: delayed-action: schedule wait-for-response-rtnl (seq 50224, timeout in 0.199998391, response-type 0)
Jan 26 03:24:48 wsfd-netdev34-vm-7.ntdv.lab.eng.bos.redhat.com pluto[284486]: "66405378-7a08-4d67-a1cd-f217d7f1ea03" #6: prepare-client output: nm-libreswan-helper[284774,284802]: environment: LANG=en_US.UTF-8
Jan 26 03:24:48 wsfd-netdev34-vm-7.ntdv.lab.eng.bos.redhat.com NetworkManager[18644]: [1706257488.2388] platform-linux: delayed-action: handle wait-for-response-rtnl (any)
Jan 26 03:24:48 wsfd-netdev34-vm-7.ntdv.lab.eng.bos.redhat.com pluto[284486]: "66405378-7a08-4d67-a1cd-f217d7f1ea03" #6: prepare-client output: nm-libreswan-helper[284774,284802]: environment: INVOCATION_ID=e5bea282ac1749009a73f6238708bb6a
Jan 26 03:24:48 wsfd-netdev34-vm-7.ntdv.lab.eng.bos.redhat.com NetworkManager[18644]: [1706257488.2389] platform-linux: rtnl: recvmsg: new message RTM_NEWROUTE, flags excl,create, seq 50224
Jan 26 03:24:48 wsfd-netdev34-vm-7.ntdv.lab.eng.bos.redhat.com pluto[284486]: "66405378-7a08-4d67-a1cd-f217d7f1ea03" #6: prepare-client output: nm-libreswan-helper[284774,284802]: environment: WATCHDOG_PID=284486
Jan 26 03:24:48 wsfd-netdev34-vm-7.ntdv.lab.eng.bos.redhat.com NetworkManager[18644]: [1706257488.2389] platform-linux: event-notification: RTM_NEWROUTE, flags excl,create, seq 50224: type unicast 0.0.0.0/1 via 192.0.2.153 dev 983 metric 50 mss 0 rt-src rt-static scope global pref-src 203.0.113.102
Jan 26 03:24:48 wsfd-netdev34-vm-7.ntdv.lab.eng.bos.redhat.com pluto[284486]: "66405378-7a08-4d67-a1cd-f217d7f1ea03" #6: prepare-client output: nm-libreswan-helper[284774,284802]: environment: NOTIFY_SOCKET=/run/systemd/notify
Jan 26 03:24:48 wsfd-netdev34-vm-7.ntdv.lab.eng.bos.redhat.com NetworkManager[18644]: [1706257488.2389] platform-linux: update-cache-ip4-route: ADD: [ip4-route,00007fefb00a32b0,5,+alive,+visible; type unicast 0.0.0.0/1 via 192.0.2.153 dev 983 metric 50 mss 0 rt-src rt-static scope global pref-src 203.0.113.102]
Jan 26 03:24:48 wsfd-netdev34-vm-7.ntdv.lab.eng.bos.redhat.com pluto[284486]: "66405378-7a08-4d67-a1cd-f217d7f1ea03" #6: prepare-client output: nm-libreswan-helper[284774,284802]: environment: SHLVL=1
Jan 26 03:24:48 wsfd-netdev34-vm-7.ntdv.lab.eng.bos.redhat.com NetworkManager[18644]: [1706257488.2389] platform: (hosta_nic) emit signal ip4-route-changed added: type unicast 0.0.0.0/1 via 192.0.2.153 dev 983 metric 50 mss 0 rt-src rt-static scope global pref-src 203.0.113.102
Jan 26 03:24:48 wsfd-netdev34-vm-7.ntdv.lab.eng.bos.redhat.com pluto[284486]: "66405378-7a08-4d67-a1cd-f217d7f1ea03" #6: prepare-client output: nm-libreswan-helper[284774,284802]: environment: JOURNAL_STREAM=8:1640131
Jan 26 03:24:48 wsfd-netdev34-vm-7.ntdv.lab.eng.bos.redhat.com NetworkManager[18644]: [1706257488.2389] platform: (hosta_nic) signal: route 4 added: type unicast 0.0.0.0/1 via 192.0.2.153 dev 983 metric 50 mss 0 rt-src rt-static scope global pref-src 203.0.113.102
Jan 26 03:24:48 wsfd-netdev34-vm-7.ntdv.lab.eng.bos.redhat.com pluto[284486]: "66405378-7a08-4d67-a1cd-f217d7f1ea03" #6: prepare-client output: nm-libreswan-helper[284774,284802]: environment: PATH=/usr/local/sbin:/usr/local/bin:/usr/sbin:/usr/bin
Jan 26 03:24:48 wsfd-netdev34-vm-7.ntdv.lab.eng.bos.redhat.com NetworkManager[18644]: [1706257488.2389] l3cfg[000055940b446e10,ifindex=983]: obj-state: appeared in platform: [000055940b592940, ip4-route, type unicast 0.0.0.0/1 via 192.0.2.153 dev 983 metric 50 mss 0 rt-src vpn pref-src 203.0.113.102], nm-configured, in-platform
Jan 26 03:24:48 wsfd-netdev34-vm-7.ntdv.lab.eng.bos.redhat.com pluto[284486]: "66405378-7a08-4d67-a1cd-f217d7f1ea03" #6: prepare-client output: nm-libreswan-helper[284774,284802]: environment: _=/usr/libexec/nm-libreswan-service-helper
Jan 26 03:24:48 wsfd-netdev34-vm-7.ntdv.lab.eng.bos.redhat.com NetworkManager[18644]: [1706257488.2389] l3cfg[000055940b446e10,ifindex=983]: emit signal (platform-change, obj-type=ip4-route, change=added, obj=type unicast 0.0.0.0/1 via 192.0.2.153 dev 983 metric 50 mss 0 rt-src rt-static scope global pref-src 203.0.113.102)
Jan 26 03:24:48 wsfd-netdev34-vm-7.ntdv.lab.eng.bos.redhat.com nm-dispatcher[284630]: req:9 'vpn-pre-up' [hosta_nic]: new request (2 scripts)
Jan 26 03:24:48 wsfd-netdev34-vm-7.ntdv.lab.eng.bos.redhat.com NetworkManager[18644]: [1706257488.2389] platform-linux: rtnl: recvmsg: new message NLMSG_ERROR, flags 0x0100, seq 50224
Jan 26 03:24:48 wsfd-netdev34-vm-7.ntdv.lab.eng.bos.redhat.com nm-dispatcher[284630]: req:9 'vpn-pre-up' [hosta_nic]: environment: CONNECTION_DBUS_PATH=/org/freedesktop/NetworkManager/Settings/1876
Jan 26 03:24:48 wsfd-netdev34-vm-7.ntdv.lab.eng.bos.redhat.com NetworkManager[18644]: [1706257488.2390] platform-linux: delayed-action: complete wait-for-response-rtnl (seq 50224, timeout in 0.199878452, response-type 0, success)
Jan 26 03:24:48 wsfd-netdev34-vm-7.ntdv.lab.eng.bos.redhat.com nm-dispatcher[284630]: req:9 'vpn-pre-up' [hosta_nic]: environment: CONNECTION_FILENAME=/etc/NetworkManager/system-connections/hosta_conn.nmconnection
Jan 26 03:24:48 wsfd-netdev34-vm-7.ntdv.lab.eng.bos.redhat.com NetworkManager[18644]: [1706257488.2390] platform-linux: do-add-ip4-route[type unicast 0.0.0.0/1 via 192.0.2.153 dev 983 metric 50 mss 0 rt-src rt-static scope global pref-src 203.0.113.102]: success
Jan 26 03:24:48 wsfd-netdev34-vm-7.ntdv.lab.eng.bos.redhat.com nm-dispatcher[284630]: req:9 'vpn-pre-up' [hosta_nic]: environment: CONNECTION_UUID=66405378-7a08-4d67-a1cd-f217d7f1ea03
Jan 26 03:24:48 wsfd-netdev34-vm-7.ntdv.lab.eng.bos.redhat.com NetworkManager[18644]: [1706257488.2390] platform: (hosta_nic) route: append IPv4 route: type unicast 128.0.0.0/1 via 192.0.2.153 dev 983 metric 50 mss 0 rt-src rt-static scope global pref-src 203.0.113.102
Jan 26 03:24:48 wsfd-netdev34-vm-7.ntdv.lab.eng.bos.redhat.com nm-dispatcher[284630]: req:9 'vpn-pre-up' [hosta_nic]: environment: CONNECTION_ID=hosta_conn
Jan 26 03:24:48 wsfd-netdev34-vm-7.ntdv.lab.eng.bos.redhat.com NetworkManager[18644]: [1706257488.2391] platform-linux: delayed-action: schedule wait-for-response-rtnl (seq 50225, timeout in 0.199998275, response-type 0)
Jan 26 03:24:48 wsfd-netdev34-vm-7.ntdv.lab.eng.bos.redhat.com nm-dispatcher[284630]: req:9 'vpn-pre-up' [hosta_nic]: environment: DEVICE_IFACE=hosta_nic
Jan 26 03:24:48 wsfd-netdev34-vm-7.ntdv.lab.eng.bos.redhat.com NetworkManager[18644]: [1706257488.2391] platform-linux: delayed-action: handle wait-for-response-rtnl (any)
Jan 26 03:24:48 wsfd-netdev34-vm-7.ntdv.lab.eng.bos.redhat.com nm-dispatcher[284630]: req:9 'vpn-pre-up' [hosta_nic]: environment: DEVICE_IP_IFACE=hosta_nic
Jan 26 03:24:48 wsfd-netdev34-vm-7.ntdv.lab.eng.bos.redhat.com NetworkManager[18644]: [1706257488.2391] platform-linux: rtnl: recvmsg: new message RTM_NEWROUTE, flags excl,create, seq 50225
Jan 26 03:24:48 wsfd-netdev34-vm-7.ntdv.lab.eng.bos.redhat.com nm-dispatcher[284630]: req:9 'vpn-pre-up' [hosta_nic]: environment: IP4_ADDRESS_0=192.0.2.251/24 192.0.2.152
Jan 26 03:24:48 wsfd-netdev34-vm-7.ntdv.lab.eng.bos.redhat.com NetworkManager[18644]: [1706257488.2391] platform-linux: event-notification: RTM_NEWROUTE, flags excl,create, seq 50225: type unicast 128.0.0.0/1 via 192.0.2.153 dev 983 metric 50 mss 0 rt-src rt-static scope global pref-src 203.0.113.102
Jan 26 03:24:48 wsfd-netdev34-vm-7.ntdv.lab.eng.bos.redhat.com nm-dispatcher[284630]: req:9 'vpn-pre-up' [hosta_nic]: environment: IP4_ADDRESS_1=192.0.2.250/24 192.0.2.152
Jan 26 03:24:48 wsfd-netdev34-vm-7.ntdv.lab.eng.bos.redhat.com NetworkManager[18644]: [1706257488.2391] platform-linux: update-cache-ip4-route: ADD: [ip4-route,00007fefb00a5190,5,+alive,+visible; type unicast 128.0.0.0/1 via 192.0.2.153 dev 983 metric 50 mss 0 rt-src rt-static scope global pref-src 203.0.113.102]
Jan 26 03:24:48 wsfd-netdev34-vm-7.ntdv.lab.eng.bos.redhat.com nm-dispatcher[284630]: req:9 'vpn-pre-up' [hosta_nic]: environment: IP4_ADDRESS_2=192.0.2.249/24 192.0.2.152
Jan 26 03:24:48 wsfd-netdev34-vm-7.ntdv.lab.eng.bos.redhat.com NetworkManager[18644]: [1706257488.2391] platform: (hosta_nic) emit signal ip4-route-changed added: type unicast 128.0.0.0/1 via 192.0.2.153 dev 983 metric 50 mss 0 rt-src rt-static scope global pref-src 203.0.113.102
Jan 26 03:24:48 wsfd-netdev34-vm-7.ntdv.lab.eng.bos.redhat.com nm-dispatcher[284630]: req:9 'vpn-pre-up' [hosta_nic]: environment: IP4_ADDRESS_3=192.0.2.248/24 192.0.2.152
Jan 26 03:24:48 wsfd-netdev34-vm-7.ntdv.lab.eng.bos.redhat.com NetworkManager[18644]: [1706257488.2391] platform: (hosta_nic) signal: route 4 added: type unicast 128.0.0.0/1 via 192.0.2.153 dev 983 metric 50 mss 0 rt-src rt-static scope global pref-src 203.0.113.102
Jan 26 03:24:48 wsfd-netdev34-vm-7.ntdv.lab.eng.bos.redhat.com nm-dispatcher[284630]: req:9 'vpn-pre-up' [hosta_nic]: environment: IP4_ADDRESS_4=192.0.2.247/24 192.0.2.152
Jan 26 03:24:48 wsfd-netdev34-vm-7.ntdv.lab.eng.bos.redhat.com NetworkManager[18644]: [1706257488.2391] l3cfg[000055940b446e10,ifindex=983]: obj-state: appeared in platform: [000055940b6b4140, ip4-route, type unicast 128.0.0.0/1 via 192.0.2.153 dev 983 metric 50 mss 0 rt-src vpn pref-src 203.0.113.102], nm-configured, in-platform
Jan 26 03:24:48 wsfd-netdev34-vm-7.ntdv.lab.eng.bos.redhat.com nm-dispatcher[284630]: req:9 'vpn-pre-up' [hosta_nic]: environment: IP4_ADDRESS_5=203.0.113.102/32 192.0.2.152
Jan 26 03:24:48 wsfd-netdev34-vm-7.ntdv.lab.eng.bos.redhat.com NetworkManager[18644]: [1706257488.2392] l3cfg[000055940b446e10,ifindex=983]: emit signal (platform-change, obj-type=ip4-route, change=added, obj=type unicast 128.0.0.0/1 via 192.0.2.153 dev 983 metric 50 mss 0 rt-src rt-static scope global pref-src 203.0.113.102)
Jan 26 03:24:48 wsfd-netdev34-vm-7.ntdv.lab.eng.bos.redhat.com nm-dispatcher[284630]: req:9 'vpn-pre-up' [hosta_nic]: environment: IP4_NUM_ADDRESSES=6
Jan 26 03:24:48 wsfd-netdev34-vm-7.ntdv.lab.eng.bos.redhat.com NetworkManager[18644]: [1706257488.2392] platform-linux: rtnl: recvmsg: new message NLMSG_ERROR, flags 0x0100, seq 50225
Jan 26 03:24:48 wsfd-netdev34-vm-7.ntdv.lab.eng.bos.redhat.com nm-dispatcher[284630]: req:9 'vpn-pre-up' [hosta_nic]: environment: IP4_GATEWAY=192.0.2.152
Jan 26 03:24:48 wsfd-netdev34-vm-7.ntdv.lab.eng.bos.redhat.com NetworkManager[18644]: [1706257488.2392] platform-linux: delayed-action: complete wait-for-response-rtnl (seq 50225, timeout in 0.199871589, response-type 0, success)
Jan 26 03:24:48 wsfd-netdev34-vm-7.ntdv.lab.eng.bos.redhat.com nm-dispatcher[284630]: req:9 'vpn-pre-up' [hosta_nic]: environment: IP4_ROUTE_0=0.0.0.0/1 192.0.2.153 50
Jan 26 03:24:48 wsfd-netdev34-vm-7.ntdv.lab.eng.bos.redhat.com NetworkManager[18644]: [1706257488.2392] platform-linux: do-add-ip4-route[type unicast 128.0.0.0/1 via 192.0.2.153 dev 983 metric 50 mss 0 rt-src rt-static scope global pref-src 203.0.113.102]: success
Jan 26 03:24:48 wsfd-netdev34-vm-7.ntdv.lab.eng.bos.redhat.com nm-dispatcher[284630]: req:9 'vpn-pre-up' [hosta_nic]: environment: IP4_ROUTE_1=128.0.0.0/1 192.0.2.153 50
Jan 26 03:24:48 wsfd-netdev34-vm-7.ntdv.lab.eng.bos.redhat.com NetworkManager[18644]: [1706257488.2392] platform: (hosta_nic) route: append IPv4 route: type unicast 0.0.0.0/0 via 192.0.2.153 dev 983 metric 50 mss 0 rt-src rt-static scope global
Jan 26 03:24:48 wsfd-netdev34-vm-7.ntdv.lab.eng.bos.redhat.com nm-dispatcher[284630]: req:9 'vpn-pre-up' [hosta_nic]: environment: IP4_ROUTE_2=192.0.2.0/24 0.0.0.0 101
Jan 26 03:24:48 wsfd-netdev34-vm-7.ntdv.lab.eng.bos.redhat.com NetworkManager[18644]: [1706257488.2392] platform-linux: delayed-action: schedule wait-for-response-rtnl (seq 50226, timeout in 0.199998653, response-type 0)
Jan 26 03:24:48 wsfd-netdev34-vm-7.ntdv.lab.eng.bos.redhat.com nm-dispatcher[284630]: req:9 'vpn-pre-up' [hosta_nic]: environment: IP4_ROUTE_3=192.0.2.0/24 0.0.0.0 101
Jan 26 03:24:48 wsfd-netdev34-vm-7.ntdv.lab.eng.bos.redhat.com NetworkManager[18644]: [1706257488.2392] platform-linux: delayed-action: handle wait-for-response-rtnl (any)
Jan 26 03:24:48 wsfd-netdev34-vm-7.ntdv.lab.eng.bos.redhat.com nm-dispatcher[284630]: req:9 'vpn-pre-up' [hosta_nic]: environment: IP4_ROUTE_4=192.0.2.0/24 0.0.0.0 101
Jan 26 03:24:48 wsfd-netdev34-vm-7.ntdv.lab.eng.bos.redhat.com NetworkManager[18644]: [1706257488.2392] platform-linux: rtnl: recvmsg: new message RTM_NEWROUTE, flags excl,create, seq 50226
Jan 26 03:24:48 wsfd-netdev34-vm-7.ntdv.lab.eng.bos.redhat.com nm-dispatcher[284630]: req:9 'vpn-pre-up' [hosta_nic]: environment: IP4_ROUTE_5=192.0.2.0/24 0.0.0.0 101
Jan 26 03:24:48 wsfd-netdev34-vm-7.ntdv.lab.eng.bos.redhat.com NetworkManager[18644]: [1706257488.2393] platform-linux: event-notification: RTM_NEWROUTE, flags excl,create, seq 50226: type unicast 0.0.0.0/0 via 192.0.2.153 dev 983 metric 50 mss 0 rt-src rt-static scope global
Jan 26 03:24:48 wsfd-netdev34-vm-7.ntdv.lab.eng.bos.redhat.com nm-dispatcher[284630]: req:9 'vpn-pre-up' [hosta_nic]: environment: IP4_ROUTE_6=192.0.2.0/24 0.0.0.0 101
Jan 26 03:24:48 wsfd-netdev34-vm-7.ntdv.lab.eng.bos.redhat.com NetworkManager[18644]: [1706257488.2393] platform-linux: update-cache-ip4-route: ADD: [ip4-route,00007fefb00a56a0,6,+alive,+visible; type unicast 0.0.0.0/0 via 192.0.2.153 dev 983 metric 50 mss 0 rt-src rt-static scope global]
Jan 26 03:24:48 wsfd-netdev34-vm-7.ntdv.lab.eng.bos.redhat.com nm-dispatcher[284630]: req:9 'vpn-pre-up' [hosta_nic]: environment: IP4_NUM_ROUTES=7
Jan 26 03:24:48 wsfd-netdev34-vm-7.ntdv.lab.eng.bos.redhat.com NetworkManager[18644]: [1706257488.2393] platform: (hosta_nic) emit signal ip4-route-changed added: type unicast 0.0.0.0/0 via 192.0.2.153 dev 983 metric 50 mss 0 rt-src rt-static scope global
Jan 26 03:24:48 wsfd-netdev34-vm-7.ntdv.lab.eng.bos.redhat.com nm-dispatcher[284630]: req:9 'vpn-pre-up' [hosta_nic]: environment: IP6_ADDRESS_0=2001:db8:f::a/64 0.0.0.0
Jan 26 03:24:48 wsfd-netdev34-vm-7.ntdv.lab.eng.bos.redhat.com NetworkManager[18644]: [1706257488.2393] platform: (hosta_nic) signal: route 4 added: type unicast 0.0.0.0/0 via 192.0.2.153 dev 983 metric 50 mss 0 rt-src rt-static scope global
Jan 26 03:24:48 wsfd-netdev34-vm-7.ntdv.lab.eng.bos.redhat.com nm-dispatcher[284630]: req:9 'vpn-pre-up' [hosta_nic]: environment: IP6_ADDRESS_1=2001:db8:e::a/64 0.0.0.0
Jan 26 03:24:48 wsfd-netdev34-vm-7.ntdv.lab.eng.bos.redhat.com NetworkManager[18644]: [1706257488.2394] l3cfg[000055940b446e10,ifindex=983]: obj-state: appeared in platform: [000055940b702600, ip4-route, type unicast 0.0.0.0/0 via 192.0.2.153 dev 983 metric 50 mss 0 rt-src vpn], nm-configured, in-platform
Jan 26 03:24:48 wsfd-netdev34-vm-7.ntdv.lab.eng.bos.redhat.com nm-dispatcher[284630]: req:9 'vpn-pre-up' [hosta_nic]: environment: IP6_ADDRESS_2=fe80::c033:6ff:fe24:7117/64 0.0.0.0
Jan 26 03:24:48 wsfd-netdev34-vm-7.ntdv.lab.eng.bos.redhat.com NetworkManager[18644]: [1706257488.2394] l3cfg[000055940b446e10,ifindex=983]: emit signal (platform-change, obj-type=ip4-route, change=added, obj=type unicast 0.0.0.0/0 via 192.0.2.153 dev 983 metric 50 mss 0 rt-src rt-static scope global)
Jan 26 03:24:48 wsfd-netdev34-vm-7.ntdv.lab.eng.bos.redhat.com nm-dispatcher[284630]: req:9 'vpn-pre-up' [hosta_nic]: environment: IP6_NUM_ADDRESSES=3
Jan 26 03:24:48 wsfd-netdev34-vm-7.ntdv.lab.eng.bos.redhat.com NetworkManager[18644]: [1706257488.2394] platform-linux: rtnl: recvmsg: new message NLMSG_ERROR, flags 0x0100, seq 50226
Jan 26 03:24:48 wsfd-netdev34-vm-7.ntdv.lab.eng.bos.redhat.com nm-dispatcher[284630]: req:9 'vpn-pre-up' [hosta_nic]: environment: IP6_GATEWAY=0.0.0.0
Jan 26 03:24:48 wsfd-netdev34-vm-7.ntdv.lab.eng.bos.redhat.com NetworkManager[18644]: [1706257488.2394] platform-linux: delayed-action: complete wait-for-response-rtnl (seq 50226, timeout in 0.199830498, response-type 0, success)
Jan 26 03:24:48 wsfd-netdev34-vm-7.ntdv.lab.eng.bos.redhat.com nm-dispatcher[284630]: req:9 'vpn-pre-up' [hosta_nic]: environment: IP6_ROUTE_0=::/128 2001:db8:f::b 1024
Jan 26 03:24:48 wsfd-netdev34-vm-7.ntdv.lab.eng.bos.redhat.com NetworkManager[18644]: [1706257488.2394] platform-linux: do-add-ip4-route[type unicast 0.0.0.0/0 via 192.0.2.153 dev 983 metric 50 mss 0 rt-src rt-static scope global]: success
Jan 26 03:24:48 wsfd-netdev34-vm-7.ntdv.lab.eng.bos.redhat.com nm-dispatcher[284630]: req:9 'vpn-pre-up' [hosta_nic]: environment: IP6_ROUTE_1=fe80::/64 :: 1024
Jan 26 03:24:48 wsfd-netdev34-vm-7.ntdv.lab.eng.bos.redhat.com NetworkManager[18644]: [1706257488.2394] l3cfg[000055940b446e10,ifindex=983]: committing IPv6 configuration (update)
Jan 26 03:24:48 wsfd-netdev34-vm-7.ntdv.lab.eng.bos.redhat.com nm-dispatcher[284630]: req:9 'vpn-pre-up' [hosta_nic]: environment: IP6_ROUTE_2=2001:db8:f::/64 :: 101
Jan 26 03:24:48 wsfd-netdev34-vm-7.ntdv.lab.eng.bos.redhat.com NetworkManager[18644]: [1706257488.2395] platform-linux: delayed-action: schedule read-rtnl
Jan 26 03:24:48 wsfd-netdev34-vm-7.ntdv.lab.eng.bos.redhat.com nm-dispatcher[284630]: req:9 'vpn-pre-up' [hosta_nic]: environment: IP6_ROUTE_3=2001:db8:e::/64 :: 101
Jan 26 03:24:48 wsfd-netdev34-vm-7.ntdv.lab.eng.bos.redhat.com NetworkManager[18644]: [1706257488.2395] platform-linux: delayed-action: schedule read-genl
Jan 26 03:24:48 wsfd-netdev34-vm-7.ntdv.lab.eng.bos.redhat.com nm-dispatcher[284630]: req:9 'vpn-pre-up' [hosta_nic]: environment: IP6_NUM_ROUTES=4
Jan 26 03:24:48 wsfd-netdev34-vm-7.ntdv.lab.eng.bos.redhat.com NetworkManager[18644]: [1706257488.2395] platform-linux: delayed-action: handle read-genl
Jan 26 03:24:48 wsfd-netdev34-vm-7.ntdv.lab.eng.bos.redhat.com nm-dispatcher[284630]: req:9 'vpn-pre-up' [hosta_nic]: environment: PATH=/usr/local/sbin:/usr/local/bin:/usr/sbin:/usr/bin
Jan 26 03:24:48 wsfd-netdev34-vm-7.ntdv.lab.eng.bos.redhat.com NetworkManager[18644]: [1706257488.2395] platform-linux: delayed-action: handle read-rtnl
Jan 26 03:24:48 wsfd-netdev34-vm-7.ntdv.lab.eng.bos.redhat.com nm-dispatcher[284630]: req:9 'vpn-pre-up' [hosta_nic]: environment: NM_DISPATCHER_ACTION=vpn-pre-up
Jan 26 03:24:48 wsfd-netdev34-vm-7.ntdv.lab.eng.bos.redhat.com NetworkManager[18644]: [1706257488.2395] platform: (hosta_nic) address: skip updating IPv6 address: fe80::c033:6ff:fe24:7117/64 lft forever pref forever lifetime 44106-0[0,0] dev 983 src ipv6ll
Jan 26 03:24:48 wsfd-netdev34-vm-7.ntdv.lab.eng.bos.redhat.com nm-dispatcher[284630]: req:9 'vpn-pre-up' [hosta_nic], "/usr/lib/NetworkManager/dispatcher.d/pre-up.d/10-ifcfg-rh-routes.sh": run script (no-wait)
Jan 26 03:24:48 wsfd-netdev34-vm-7.ntdv.lab.eng.bos.redhat.com NetworkManager[18644]: [1706257488.2395] platform: (hosta_nic) address: skip updating IPv6 address: 2001:db8:e::a/64 lft forever pref forever lifetime 44106-0[4294967295,4294967295] dev 983 src user
Jan 26 03:24:48 wsfd-netdev34-vm-7.ntdv.lab.eng.bos.redhat.com nm-dispatcher[284630]: req:9 'vpn-pre-up' [hosta_nic]: start running ordered scripts...
Jan 26 03:24:48 wsfd-netdev34-vm-7.ntdv.lab.eng.bos.redhat.com NetworkManager[18644]: [1706257488.2395] platform: (hosta_nic) address: skip updating IPv6 address: 2001:db8:f::a/64 lft forever pref forever lifetime 44106-0[4294967295,4294967295] dev 983 src user
Jan 26 03:24:48 wsfd-netdev34-vm-7.ntdv.lab.eng.bos.redhat.com nm-dispatcher[284630]: req:9 'vpn-pre-up' [hosta_nic], "/usr/lib/NetworkManager/dispatcher.d/pre-up.d/10-ifcfg-rh-routes.sh": complete
Jan 26 03:24:48 wsfd-netdev34-vm-7.ntdv.lab.eng.bos.redhat.com NetworkManager[18644]: [1706257488.2395] l3cfg[000055940b446e10,ifindex=983]: acd[203.0.113.102, defending]: set state to defending
Jan 26 03:24:48 wsfd-netdev34-vm-7.ntdv.lab.eng.bos.redhat.com nm-dispatcher[284630]: req:9 'vpn-pre-up' [hosta_nic], "/usr/lib/NetworkManager/dispatcher.d/pre-up.d/90-nm-cloud-setup.sh": run script
Jan 26 03:24:48 wsfd-netdev34-vm-7.ntdv.lab.eng.bos.redhat.com NetworkManager[18644]: [1706257488.2396] l3cfg[000055940b446e10,ifindex=983]: acd[203.0.113.102, defending]: start announcing (defend=once) (probe created)
Jan 26 03:24:48 wsfd-netdev34-vm-7.ntdv.lab.eng.bos.redhat.com nm-dispatcher[284630]: req:9 'vpn-pre-up' [hosta_nic], "/usr/lib/NetworkManager/dispatcher.d/pre-up.d/90-nm-cloud-setup.sh": complete
Jan 26 03:24:48 wsfd-netdev34-vm-7.ntdv.lab.eng.bos.redhat.com NetworkManager[18644]: [1706257488.2396] l3cfg[000055940b446e10,ifindex=983]: emit signal (acd-event, addr=203.0.113.102, state=defending)
Jan 26 03:24:48 wsfd-netdev34-vm-7.ntdv.lab.eng.bos.redhat.com nm-dispatcher[284630]: req:9 'vpn-pre-up' [hosta_nic]: completed (2 scripts)
Jan 26 03:24:48 wsfd-netdev34-vm-7.ntdv.lab.eng.bos.redhat.com NetworkManager[18644]: [1706257488.2396] l3cfg[000055940b446e10,ifindex=983]: emit signal (post-commit)
Jan 26 03:24:48 wsfd-netdev34-vm-7.ntdv.lab.eng.bos.redhat.com NetworkManager[18644]: [1706257488.2396] vpn[0x55940b5226c0,66405378-7a08-4d67-a1cd-f217d7f1ea03,"hosta_conn",dev:983]: set state: pre-up (was ip-config-get)
Jan 26 03:24:48 wsfd-netdev34-vm-7.ntdv.lab.eng.bos.redhat.com NetworkManager[18644]: [1706257488.2396] dispatcher: (6832) (hosta_nic) dispatching action 'vpn-pre-up' (with callback)
Jan 26 03:24:48 wsfd-netdev34-vm-7.ntdv.lab.eng.bos.redhat.com NetworkManager[18644]: [1706257488.2400] l3cfg[000055940b446e10,ifindex=983]: emit signal (platform-change-on-idle, obj-type-flags=0x16)
Jan 26 03:24:48 wsfd-netdev34-vm-7.ntdv.lab.eng.bos.redhat.com nm-dispatcher[284630]: req:10 'vpn-up' [hosta_nic]: new request (7 scripts)
Jan 26 03:24:48 wsfd-netdev34-vm-7.ntdv.lab.eng.bos.redhat.com NetworkManager[18644]: [1706257488.2400] policy: set-hostname: updating hostname (address changed)
